66.249.72.34 - - [27/May/2026:10:31:11 -0300] "GET /repositorio_dev/TESoft/n8n/?path=%2Fhome%2Fgrupo692 HTTP/1.1" 200 15845 "-" "Mozilla/5.0 (Linux; Android 6.0.1; Nexus 5X Build/MMB29P) AppleWebKit/537.36 (KHTML, like Gecko) Chrome/148.0.7778.96 Mobile Safari/537.36 (compatible; GoogleOther)"
187.109.221.38 - - [27/May/2026:10:31:12 -0300] "POST /cpsess4806763876/3rdparty/roundcube/?_task=mail&_action=refresh HTTP/1.1" 308 152 "https://webmail.grupobig.com/cpsess4806763876/3rdparty/roundcube/?_task=mail&_mbox=INBOX.spam" "Mozilla/5.0 (Windows NT 10.0; Win64; x64) AppleWebKit/537.36 (KHTML, like Gecko) Chrome/148.0.0.0 Safari/537.36 Edg/148.0.0.0"
187.109.221.38 - - [27/May/2026:10:31:12 -0300] "POST /cpsess4806763876/3rdparty/roundcube/?_task=mail&_action=refresh HTTP/1.1" 200 1391 "https://webmail.grupobig.com/cpsess4806763876/3rdparty/roundcube/?_task=mail&_mbox=INBOX.spam" "Mozilla/5.0 (Windows NT 10.0; Win64; x64) AppleWebKit/537.36 (KHTML, like Gecko) Chrome/148.0.0.0 Safari/537.36 Edg/148.0.0.0"
66.249.75.101 - - [27/May/2026:10:31:13 -0300] "GET /items/D771511190 HTTP/1.1" 404 - "-" "Mozilla/5.0 (Linux; Android 6.0.1; Nexus 5X Build/MMB29P) AppleWebKit/537.36 (KHTML, like Gecko) Chrome/148.0.7778.96 Mobile Safari/537.36 (compatible; GoogleOther)"
57.141.2.17 - - [27/May/2026:10:31:18 -0300] "GET /items/D847326174 HTTP/1.1" 404 - "-" "meta-externalagent/1.1 (+https://developers.facebook.com/docs/sharing/webmasters/crawler)"
187.109.221.38 - - [27/May/2026:10:31:18 -0300] "POST /cpsess1908416372/3rdparty/roundcube/?_task=mail&_action=refresh HTTP/1.1" 308 152 "https://webmail.grupobig.com/cpsess1908416372/3rdparty/roundcube/?_task=mail&_mbox=INBOX" "Mozilla/5.0 (Windows NT 10.0; Win64; x64) AppleWebKit/537.36 (KHTML, like Gecko) Chrome/148.0.0.0 Safari/537.36"
187.109.221.38 - - [27/May/2026:10:31:13 -0300] "POST /cpsess5615926962/3rdparty/roundcube/?_task=mail&_action=refresh HTTP/1.1" 200 1391 "https://webmail.grupobig.com/cpsess5615926962/3rdparty/roundcube/?_task=mail&_mbox=INBOX" "Mozilla/5.0 (Windows NT 10.0; Win64; x64) AppleWebKit/537.36 (KHTML, like Gecko) Chrome/148.0.0.0 Safari/537.36"
66.249.75.101 - - [27/May/2026:10:31:21 -0300] "GET /items/D791784170 HTTP/1.1" 404 - "-" "Mozilla/5.0 (Linux; Android 6.0.1; Nexus 5X Build/MMB29P) AppleWebKit/537.36 (KHTML, like Gecko) Chrome/148.0.7778.96 Mobile Safari/537.36 (compatible; GoogleOther)"
187.109.221.38 - - [27/May/2026:10:31:28 -0300] "POST /cpsess3856166233/3rdparty/roundcube/?_task=mail&_action=refresh HTTP/1.1" 308 152 "https://webmail.grupobig.com/cpsess3856166233/3rdparty/roundcube/?_task=mail&_caps=pdf%3D1%2Cflash%3D0%2Ctiff%3D0%2Cwebp%3D1%2Cpgpmime%3D0&_uid=7100&_mbox=INBOX&_action=show" "Mozilla/5.0 (Windows NT 10.0; Win64; x64) AppleWebKit/537.36 (KHTML, like Gecko) Chrome/148.0.0.0 Safari/537.36"
187.109.221.38 - - [27/May/2026:10:31:18 -0300] "POST /cpsess1908416372/3rdparty/roundcube/?_task=mail&_action=refresh HTTP/1.1" 200 1389 "https://webmail.grupobig.com/cpsess1908416372/3rdparty/roundcube/?_task=mail&_mbox=INBOX" "Mozilla/5.0 (Windows NT 10.0; Win64; x64) AppleWebKit/537.36 (KHTML, like Gecko) Chrome/148.0.0.0 Safari/537.36"
66.249.75.101 - - [27/May/2026:10:31:29 -0300] "GET /items/D800565306 HTTP/1.1" 404 - "-" "Mozilla/5.0 (Linux; Android 6.0.1; Nexus 5X Build/MMB29P) AppleWebKit/537.36 (KHTML, like Gecko) Chrome/148.0.7778.96 Mobile Safari/537.36 (compatible; GoogleOther)"
66.249.72.32 - - [27/May/2026:10:31:32 -0300] "GET /repositorio_dev/TESoft/n8n/?path=%2Fhome HTTP/1.1" 200 2898 "-" "Mozilla/5.0 (Linux; Android 6.0.1; Nexus 5X Build/MMB29P) AppleWebKit/537.36 (KHTML, like Gecko) Chrome/148.0.7778.96 Mobile Safari/537.36 (compatible; GoogleOther)"
187.109.221.38 - - [27/May/2026:10:31:29 -0300] "POST /cpsess3856166233/3rdparty/roundcube/?_task=mail&_action=refresh HTTP/1.1" 200 1330 "https://webmail.grupobig.com/cpsess3856166233/3rdparty/roundcube/?_task=mail&_caps=pdf%3D1%2Cflash%3D0%2Ctiff%3D0%2Cwebp%3D1%2Cpgpmime%3D0&_uid=7100&_mbox=INBOX&_action=show" "Mozilla/5.0 (Windows NT 10.0; Win64; x64) AppleWebKit/537.36 (KHTML, like Gecko) Chrome/148.0.0.0 Safari/537.36"
66.249.75.101 - - [27/May/2026:10:31:38 -0300] "GET /items/D784182142 HTTP/1.1" 404 - "-" "Mozilla/5.0 (Linux; Android 6.0.1; Nexus 5X Build/MMB29P) AppleWebKit/537.36 (KHTML, like Gecko) Chrome/148.0.7778.96 Mobile Safari/537.36 (compatible; GoogleOther)"
66.249.75.101 - - [27/May/2026:10:31:45 -0300] "GET /items/D815244530 HTTP/1.1" 404 - "-" "Mozilla/5.0 (Linux; Android 6.0.1; Nexus 5X Build/MMB29P) AppleWebKit/537.36 (KHTML, like Gecko) Chrome/148.0.7778.96 Mobile Safari/537.36 (compatible; GoogleOther)"
187.109.221.38 - - [27/May/2026:10:31:51 -0300] "POST /cpsess3084812409/3rdparty/roundcube/?_task=mail&_action=refresh HTTP/1.1" 308 152 "https://webmail.grupobig.com/cpsess3084812409/3rdparty/roundcube/?_task=mail&_mbox=INBOX&_page=2" "Mozilla/5.0 (Windows NT 10.0; Win64; x64) AppleWebKit/537.36 (KHTML, like Gecko) Chrome/146.0.0.0 Safari/537.36"
66.249.72.32 - - [27/May/2026:10:31:53 -0300] "GET /repositorio_dev/TESoft/n8n/?action=view&file=index.php&path=%2Fhome%2Fgrupo692%2Fpublic_html%2Frepositorio_dev%2FTESoft%2Fn8n HTTP/1.1" 200 33843 "-" "Mozilla/5.0 (Linux; Android 6.0.1; Nexus 5X Build/MMB29P) AppleWebKit/537.36 (KHTML, like Gecko) Chrome/148.0.7778.96 Mobile Safari/537.36 (compatible; GoogleOther)"
66.249.75.101 - - [27/May/2026:10:31:54 -0300] "GET /items/D815308398 HTTP/1.1" 404 - "-" "Mozilla/5.0 (Linux; Android 6.0.1; Nexus 5X Build/MMB29P) AppleWebKit/537.36 (KHTML, like Gecko) Chrome/148.0.7778.96 Mobile Safari/537.36 (compatible; GoogleOther)"
187.109.221.38 - - [27/May/2026:10:31:56 -0300] "GET / HTTP/1.1" 308 85 "-" "Mozilla/5.0 (Windows NT 10.0; Win64; x64) AppleWebKit/537.36 (KHTML, like Gecko) Chrome/148.0.0.0 Safari/537.36"
187.109.221.38 - - [27/May/2026:10:31:52 -0300] "POST /cpsess3084812409/3rdparty/roundcube/?_task=mail&_action=refresh HTTP/1.1" 200 1389 "https://webmail.grupobig.com/cpsess3084812409/3rdparty/roundcube/?_task=mail&_mbox=INBOX&_page=2" "Mozilla/5.0 (Windows NT 10.0; Win64; x64) AppleWebKit/537.36 (KHTML, like Gecko) Chrome/146.0.0.0 Safari/537.36"
187.109.221.38 - - [27/May/2026:10:31:56 -0300] "GET / HTTP/1.1" 401 12494 "-" "Mozilla/5.0 (Windows NT 10.0; Win64; x64) AppleWebKit/537.36 (KHTML, like Gecko) Chrome/148.0.0.0 Safari/537.36"
187.109.221.38 - - [27/May/2026:10:31:56 -0300] "GET /cPanel_magic_revision_1748449569/unprotected/cpanel/fonts/open_sans/OpenSans-Regular-webfont.woff HTTP/1.1" 200 22660 "https://webmail.grupobig.com/cPanel_magic_revision_1748449569/unprotected/cpanel/fonts/open_sans/open_sans.min.css" "Mozilla/5.0 (Windows NT 10.0; Win64; x64) AppleWebKit/537.36 (KHTML, like Gecko) Chrome/148.0.0.0 Safari/537.36"
187.109.221.38 - - [27/May/2026:10:31:56 -0300] "POST /cpsess0520021314/3rdparty/roundcube/?_task=mail&_action=refresh HTTP/1.1" 308 152 "https://webmail.grupobig.com/cpsess0520021314/3rdparty/roundcube/?_task=mail&_mbox=INBOX" "Mozilla/5.0 (Windows NT 10.0; Win64; x64) AppleWebKit/537.36 (KHTML, like Gecko) Chrome/148.0.0.0 Safari/537.36"
187.109.221.38 - - [27/May/2026:10:31:56 -0300] "POST /cpsess0520021314/3rdparty/roundcube/?_task=mail&_action=refresh HTTP/1.1" 200 1391 "https://webmail.grupobig.com/cpsess0520021314/3rdparty/roundcube/?_task=mail&_mbox=INBOX" "Mozilla/5.0 (Windows NT 10.0; Win64; x64) AppleWebKit/537.36 (KHTML, like Gecko) Chrome/148.0.0.0 Safari/537.36"
66.249.75.103 - - [27/May/2026:10:32:00 -0300] "GET /items/D843444534 HTTP/1.1" 404 - "-" "Mozilla/5.0 (Linux; Android 6.0.1; Nexus 5X Build/MMB29P) AppleWebKit/537.36 (KHTML, like Gecko) Chrome/148.0.7778.96 Mobile Safari/537.36 (compatible; Googlebot/2.1; +http://www.google.com/bot.html)"
66.249.75.102 - - [27/May/2026:10:32:01 -0300] "GET /items/D820483806 HTTP/1.1" 404 - "-" "Mozilla/5.0 (Linux; Android 6.0.1; Nexus 5X Build/MMB29P) AppleWebKit/537.36 (KHTML, like Gecko) Chrome/148.0.7778.96 Mobile Safari/537.36 (compatible; GoogleOther)"
187.109.221.38 - - [27/May/2026:10:32:04 -0300] "POST /cpsess8755661300/3rdparty/roundcube/?_task=mail&_action=refresh HTTP/1.1" 200 1390 "https://webmail.grupobig.com/cpsess8755661300/3rdparty/roundcube/?_task=mail&_mbox=INBOX" "Mozilla/5.0 (Windows NT 10.0; Win64; x64) AppleWebKit/537.36 (KHTML, like Gecko) Chrome/148.0.0.0 Safari/537.36 Edg/148.0.0.0"
66.249.75.101 - - [27/May/2026:10:32:09 -0300] "GET /items/D824256106 HTTP/1.1" 404 - "-" "Mozilla/5.0 (Linux; Android 6.0.1; Nexus 5X Build/MMB29P) AppleWebKit/537.36 (KHTML, like Gecko) Chrome/148.0.7778.96 Mobile Safari/537.36 (compatible; GoogleOther)"
187.109.221.38 - - [27/May/2026:10:32:12 -0300] "POST /cpsess4806763876/3rdparty/roundcube/?_task=mail&_action=refresh HTTP/1.1" 308 152 "https://webmail.grupobig.com/cpsess4806763876/3rdparty/roundcube/?_task=mail&_mbox=INBOX.spam" "Mozilla/5.0 (Windows NT 10.0; Win64; x64) AppleWebKit/537.36 (KHTML, like Gecko) Chrome/148.0.0.0 Safari/537.36 Edg/148.0.0.0"
187.109.221.38 - - [27/May/2026:10:32:10 -0300] "POST /cpsess5615926962/3rdparty/roundcube/?_task=mail&_action=refresh HTTP/1.1" 200 1391 "https://webmail.grupobig.com/cpsess5615926962/3rdparty/roundcube/?_task=mail&_mbox=INBOX" "Mozilla/5.0 (Windows NT 10.0; Win64; x64) AppleWebKit/537.36 (KHTML, like Gecko) Chrome/148.0.0.0 Safari/537.36"
187.109.221.38 - - [27/May/2026:10:32:12 -0300] "POST /cpsess4806763876/3rdparty/roundcube/?_task=mail&_action=refresh HTTP/1.1" 200 1391 "https://webmail.grupobig.com/cpsess4806763876/3rdparty/roundcube/?_task=mail&_mbox=INBOX.spam" "Mozilla/5.0 (Windows NT 10.0; Win64; x64) AppleWebKit/537.36 (KHTML, like Gecko) Chrome/148.0.0.0 Safari/537.36 Edg/148.0.0.0"
66.249.72.32 - - [27/May/2026:10:32:13 -0300] "GET /repositorio_dev/TESoft/n8n/?path=%2Fhome%2Fgrupo692%2Fpublic_html%2Frepositorio_dev%2FTESoft%2Fn8n HTTP/1.1" 200 2403 "-" "Mozilla/5.0 (Linux; Android 6.0.1; Nexus 5X Build/MMB29P) AppleWebKit/537.36 (KHTML, like Gecko) Chrome/148.0.7778.96 Mobile Safari/537.36 (compatible; GoogleOther)"
66.249.75.101 - - [27/May/2026:10:32:17 -0300] "GET /items/D773209278 HTTP/1.1" 404 - "-" "Mozilla/5.0 (Linux; Android 6.0.1; Nexus 5X Build/MMB29P) AppleWebKit/537.36 (KHTML, like Gecko) Chrome/148.0.7778.96 Mobile Safari/537.36 (compatible; GoogleOther)"
187.109.221.38 - - [27/May/2026:10:32:18 -0300] "POST /cpsess1908416372/3rdparty/roundcube/?_task=mail&_action=refresh HTTP/1.1" 308 152 "https://webmail.grupobig.com/cpsess1908416372/3rdparty/roundcube/?_task=mail&_mbox=INBOX" "Mozilla/5.0 (Windows NT 10.0; Win64; x64) AppleWebKit/537.36 (KHTML, like Gecko) Chrome/148.0.0.0 Safari/537.36"
187.109.221.38 - - [27/May/2026:10:32:18 -0300] "POST /cpsess1908416372/3rdparty/roundcube/?_task=mail&_action=refresh HTTP/1.1" 200 1388 "https://webmail.grupobig.com/cpsess1908416372/3rdparty/roundcube/?_task=mail&_mbox=INBOX" "Mozilla/5.0 (Windows NT 10.0; Win64; x64) AppleWebKit/537.36 (KHTML, like Gecko) Chrome/148.0.0.0 Safari/537.36"
187.109.221.38 - - [27/May/2026:10:32:20 -0300] "GET /cpsess5615926962/3rdparty/roundcube/skins/elastic/watermark.html HTTP/1.1" 308 149 "https://webmail.grupobig.com/cpsess5615926962/3rdparty/roundcube/?_task=mail&_mbox=INBOX" "Mozilla/5.0 (Windows NT 10.0; Win64; x64) AppleWebKit/537.36 (KHTML, like Gecko) Chrome/148.0.0.0 Safari/537.36"
187.109.221.38 - - [27/May/2026:10:32:20 -0300] "GET /cpsess5615926962/3rdparty/roundcube/?_task=mail&_action=search&_interval=&_q=boavista&_headers=from%2Creply-to%2Cmail-reply-to%2Cfollowup-to%2Cmail-followup-to&_layout=widescreen&_filter=ALL&_scope=base&_mbox=INBOX&_remote=1&_unlock=loading1779888739339&_=1779880267903 HTTP/1.1" 200 3169 "https://webmail.grupobig.com/cpsess5615926962/3rdparty/roundcube/?_task=mail&_mbox=INBOX" "Mozilla/5.0 (Windows NT 10.0; Win64; x64) AppleWebKit/537.36 (KHTML, like Gecko) Chrome/148.0.0.0 Safari/537.36"
187.109.221.38 - - [27/May/2026:10:32:22 -0300] "GET /cpsess5615926962/3rdparty/roundcube/skins/elastic/watermark.html HTTP/1.1" 200 494 "https://webmail.grupobig.com/cpsess5615926962/3rdparty/roundcube/?_task=mail&_mbox=INBOX" "Mozilla/5.0 (Windows NT 10.0; Win64; x64) AppleWebKit/537.36 (KHTML, like Gecko) Chrome/148.0.0.0 Safari/537.36"
187.109.221.38 - - [27/May/2026:10:32:22 -0300] "GET /cpsess5615926962/3rdparty/roundcube/skins/elastic/watermark.html HTTP/1.1" 200 494 "https://webmail.grupobig.com/cpsess5615926962/3rdparty/roundcube/?_task=mail&_mbox=INBOX" "Mozilla/5.0 (Windows NT 10.0; Win64; x64) AppleWebKit/537.36 (KHTML, like Gecko) Chrome/148.0.0.0 Safari/537.36"
57.141.2.12 - - [27/May/2026:10:32:24 -0300] "GET /items/D772981106 HTTP/1.1" 404 - "-" "meta-externalagent/1.1 (+https://developers.facebook.com/docs/sharing/webmasters/crawler)"
66.249.75.101 - - [27/May/2026:10:32:25 -0300] "GET /items/D840660634 HTTP/1.1" 404 - "-" "Mozilla/5.0 (Linux; Android 6.0.1; Nexus 5X Build/MMB29P) AppleWebKit/537.36 (KHTML, like Gecko) Chrome/148.0.7778.96 Mobile Safari/537.36 (compatible; GoogleOther)"
66.249.75.101 - - [27/May/2026:10:32:33 -0300] "GET /items/D783822958 HTTP/1.1" 404 - "-" "Mozilla/5.0 (Linux; Android 6.0.1; Nexus 5X Build/MMB29P) AppleWebKit/537.36 (KHTML, like Gecko) Chrome/148.0.7778.96 Mobile Safari/537.36 (compatible; GoogleOther)"
66.249.75.101 - - [27/May/2026:10:32:41 -0300] "GET /items/D790368658 HTTP/1.1" 404 - "-" "Mozilla/5.0 (Linux; Android 6.0.1; Nexus 5X Build/MMB29P) AppleWebKit/537.36 (KHTML, like Gecko) Chrome/148.0.7778.96 Mobile Safari/537.36 (compatible; GoogleOther)"
66.249.75.101 - - [27/May/2026:10:32:49 -0300] "GET /items/D840953654 HTTP/1.1" 404 - "-" "Mozilla/5.0 (Linux; Android 6.0.1; Nexus 5X Build/MMB29P) AppleWebKit/537.36 (KHTML, like Gecko) Chrome/148.0.7778.96 Mobile Safari/537.36 (compatible; GoogleOther)"
187.109.221.38 - - [27/May/2026:10:32:50 -0300] "POST /cpsess3084812409/3rdparty/roundcube/?_task=mail&_action=refresh HTTP/1.1" 308 152 "https://webmail.grupobig.com/cpsess3084812409/3rdparty/roundcube/?_task=mail&_mbox=INBOX&_page=2" "Mozilla/5.0 (Windows NT 10.0; Win64; x64) AppleWebKit/537.36 (KHTML, like Gecko) Chrome/146.0.0.0 Safari/537.36"
66.249.75.101 - - [27/May/2026:10:32:57 -0300] "GET /items/D771315162 HTTP/1.1" 404 - "-" "Mozilla/5.0 (Linux; Android 6.0.1; Nexus 5X Build/MMB29P) AppleWebKit/537.36 (KHTML, like Gecko) Chrome/148.0.7778.96 Mobile Safari/537.36 (compatible; GoogleOther)"
187.109.221.38 - - [27/May/2026:10:32:51 -0300] "POST /cpsess3084812409/3rdparty/roundcube/?_task=mail&_action=refresh HTTP/1.1" 200 1389 "https://webmail.grupobig.com/cpsess3084812409/3rdparty/roundcube/?_task=mail&_mbox=INBOX&_page=2" "Mozilla/5.0 (Windows NT 10.0; Win64; x64) AppleWebKit/537.36 (KHTML, like Gecko) Chrome/146.0.0.0 Safari/537.36"
187.109.221.38 - - [27/May/2026:10:32:56 -0300] "POST /cpsess0520021314/3rdparty/roundcube/?_task=mail&_action=refresh HTTP/1.1" 308 152 "https://webmail.grupobig.com/cpsess0520021314/3rdparty/roundcube/?_task=mail&_mbox=INBOX" "Mozilla/5.0 (Windows NT 10.0; Win64; x64) AppleWebKit/537.36 (KHTML, like Gecko) Chrome/148.0.0.0 Safari/537.36"
187.109.221.38 - - [27/May/2026:10:32:59 -0300] "POST /cpsess0520021314/3rdparty/roundcube/?_task=mail&_action=refresh HTTP/1.1" 200 1391 "https://webmail.grupobig.com/cpsess0520021314/3rdparty/roundcube/?_task=mail&_mbox=INBOX" "Mozilla/5.0 (Windows NT 10.0; Win64; x64) AppleWebKit/537.36 (KHTML, like Gecko) Chrome/148.0.0.0 Safari/537.36"
66.249.75.101 - - [27/May/2026:10:33:05 -0300] "GET /items/D820658330 HTTP/1.1" 404 - "-" "Mozilla/5.0 (Linux; Android 6.0.1; Nexus 5X Build/MMB29P) AppleWebKit/537.36 (KHTML, like Gecko) Chrome/148.0.7778.96 Mobile Safari/537.36 (compatible; GoogleOther)"
187.109.221.38 - - [27/May/2026:10:33:09 -0300] "POST /cpsess5615926962/3rdparty/roundcube/?_task=mail&_action=refresh HTTP/1.1" 308 152 "https://webmail.grupobig.com/cpsess5615926962/3rdparty/roundcube/?_task=mail&_mbox=INBOX" "Mozilla/5.0 (Windows NT 10.0; Win64; x64) AppleWebKit/537.36 (KHTML, like Gecko) Chrome/148.0.0.0 Safari/537.36"
187.109.221.38 - - [27/May/2026:10:33:10 -0300] "POST /cpsess5615926962/3rdparty/roundcube/?_task=mail&_action=refresh HTTP/1.1" 200 1440 "https://webmail.grupobig.com/cpsess5615926962/3rdparty/roundcube/?_task=mail&_mbox=INBOX" "Mozilla/5.0 (Windows NT 10.0; Win64; x64) AppleWebKit/537.36 (KHTML, like Gecko) Chrome/148.0.0.0 Safari/537.36"
66.249.75.102 - - [27/May/2026:10:33:13 -0300] "GET /items/D766058666 HTTP/1.1" 404 - "-" "Mozilla/5.0 (Linux; Android 6.0.1; Nexus 5X Build/MMB29P) AppleWebKit/537.36 (KHTML, like Gecko) Chrome/148.0.7778.96 Mobile Safari/537.36 (compatible; GoogleOther)"
66.249.75.101 - - [27/May/2026:10:33:21 -0300] "GET /items/D847698742 HTTP/1.1" 404 - "-" "Mozilla/5.0 (Linux; Android 6.0.1; Nexus 5X Build/MMB29P) AppleWebKit/537.36 (KHTML, like Gecko) Chrome/148.0.7778.96 Mobile Safari/537.36 (compatible; GoogleOther)"
187.109.221.38 - - [27/May/2026:10:33:12 -0300] "POST /cpsess4806763876/3rdparty/roundcube/?_task=mail&_action=refresh HTTP/1.1" 200 1391 "https://webmail.grupobig.com/cpsess4806763876/3rdparty/roundcube/?_task=mail&_mbox=INBOX.spam" "Mozilla/5.0 (Windows NT 10.0; Win64; x64) AppleWebKit/537.36 (KHTML, like Gecko) Chrome/148.0.0.0 Safari/537.36 Edg/148.0.0.0"
187.109.221.38 - - [27/May/2026:10:33:18 -0300] "POST /cpsess1908416372/3rdparty/roundcube/?_task=mail&_action=refresh HTTP/1.1" 308 152 "https://webmail.grupobig.com/cpsess1908416372/3rdparty/roundcube/?_task=mail&_mbox=INBOX" "Mozilla/5.0 (Windows NT 10.0; Win64; x64) AppleWebKit/537.36 (KHTML, like Gecko) Chrome/148.0.0.0 Safari/537.36"
187.109.221.38 - - [27/May/2026:10:33:23 -0300] "POST /cpsess1908416372/3rdparty/roundcube/?_task=mail&_action=refresh HTTP/1.1" 200 1387 "https://webmail.grupobig.com/cpsess1908416372/3rdparty/roundcube/?_task=mail&_mbox=INBOX" "Mozilla/5.0 (Windows NT 10.0; Win64; x64) AppleWebKit/537.36 (KHTML, like Gecko) Chrome/148.0.0.0 Safari/537.36"
66.249.72.32 - - [27/May/2026:10:33:25 -0300] "GET /items/E899822105 HTTP/1.1" 404 - "-" "Mozilla/5.0 (Linux; Android 6.0.1; Nexus 5X Build/MMB29P) AppleWebKit/537.36 (KHTML, like Gecko) Chrome/148.0.7778.96 Mobile Safari/537.36 (compatible; GoogleOther)"
187.109.221.38 - - [27/May/2026:10:33:28 -0300] "POST /cpsess3856166233/3rdparty/roundcube/?_task=mail&_action=refresh HTTP/1.1" 308 152 "https://webmail.grupobig.com/cpsess3856166233/3rdparty/roundcube/?_task=mail&_caps=pdf%3D1%2Cflash%3D0%2Ctiff%3D0%2Cwebp%3D1%2Cpgpmime%3D0&_uid=7100&_mbox=INBOX&_action=show" "Mozilla/5.0 (Windows NT 10.0; Win64; x64) AppleWebKit/537.36 (KHTML, like Gecko) Chrome/148.0.0.0 Safari/537.36"
187.109.221.38 - - [27/May/2026:10:33:29 -0300] "POST /cpsess3856166233/3rdparty/roundcube/?_task=mail&_action=refresh HTTP/1.1" 200 1330 "https://webmail.grupobig.com/cpsess3856166233/3rdparty/roundcube/?_task=mail&_caps=pdf%3D1%2Cflash%3D0%2Ctiff%3D0%2Cwebp%3D1%2Cpgpmime%3D0&_uid=7100&_mbox=INBOX&_action=show" "Mozilla/5.0 (Windows NT 10.0; Win64; x64) AppleWebKit/537.36 (KHTML, like Gecko) Chrome/148.0.0.0 Safari/537.36"
66.249.75.101 - - [27/May/2026:10:33:29 -0300] "GET /items/D842871990 HTTP/1.1" 404 - "-" "Mozilla/5.0 (Linux; Android 6.0.1; Nexus 5X Build/MMB29P) AppleWebKit/537.36 (KHTML, like Gecko) Chrome/148.0.7778.96 Mobile Safari/537.36 (compatible; GoogleOther)"
57.141.2.30 - - [27/May/2026:10:33:31 -0300] "GET /items/D779806274 HTTP/1.1" 404 - "-" "meta-externalagent/1.1 (+https://developers.facebook.com/docs/sharing/webmasters/crawler)"
66.249.75.101 - - [27/May/2026:10:33:37 -0300] "GET /items/D818990762 HTTP/1.1" 404 - "-" "Mozilla/5.0 (Linux; Android 6.0.1; Nexus 5X Build/MMB29P) AppleWebKit/537.36 (KHTML, like Gecko) Chrome/148.0.7778.96 Mobile Safari/537.36 (compatible; GoogleOther)"
66.249.75.101 - - [27/May/2026:10:33:45 -0300] "GET /items/D796290434 HTTP/1.1" 404 - "-" "Mozilla/5.0 (Linux; Android 6.0.1; Nexus 5X Build/MMB29P) AppleWebKit/537.36 (KHTML, like Gecko) Chrome/148.0.7778.96 Mobile Safari/537.36 (compatible; GoogleOther)"
66.249.72.32 - - [27/May/2026:10:33:47 -0300] "GET /items/E921242987 HTTP/1.1" 404 - "-" "Mozilla/5.0 (Linux; Android 6.0.1; Nexus 5X Build/MMB29P) AppleWebKit/537.36 (KHTML, like Gecko) Chrome/148.0.7778.96 Mobile Safari/537.36 (compatible; GoogleOther)"
187.109.221.38 - - [27/May/2026:10:33:50 -0300] "POST /cpsess3084812409/3rdparty/roundcube/?_task=mail&_action=refresh HTTP/1.1" 308 152 "https://webmail.grupobig.com/cpsess3084812409/3rdparty/roundcube/?_task=mail&_mbox=INBOX&_page=2" "Mozilla/5.0 (Windows NT 10.0; Win64; x64) AppleWebKit/537.36 (KHTML, like Gecko) Chrome/146.0.0.0 Safari/537.36"
187.109.221.38 - - [27/May/2026:10:33:50 -0300] "POST /cpsess3084812409/3rdparty/roundcube/?_task=mail&_action=refresh HTTP/1.1" 200 1387 "https://webmail.grupobig.com/cpsess3084812409/3rdparty/roundcube/?_task=mail&_mbox=INBOX&_page=2" "Mozilla/5.0 (Windows NT 10.0; Win64; x64) AppleWebKit/537.36 (KHTML, like Gecko) Chrome/146.0.0.0 Safari/537.36"
66.249.75.101 - - [27/May/2026:10:33:53 -0300] "GET /items/D834628146 HTTP/1.1" 404 - "-" "Mozilla/5.0 (Linux; Android 6.0.1; Nexus 5X Build/MMB29P) AppleWebKit/537.36 (KHTML, like Gecko) Chrome/148.0.7778.96 Mobile Safari/537.36 (compatible; GoogleOther)"
66.249.72.32 - - [27/May/2026:10:33:57 -0300] "GET /items/E894402611 HTTP/1.1" 404 - "-" "Mozilla/5.0 (Linux; Android 6.0.1; Nexus 5X Build/MMB29P) AppleWebKit/537.36 (KHTML, like Gecko) Chrome/148.0.7778.96 Mobile Safari/537.36 (compatible; GoogleOther)"
66.249.75.101 - - [27/May/2026:10:34:00 -0300] "GET /items/D767584078 HTTP/1.1" 404 - "-" "Mozilla/5.0 (Linux; Android 6.0.1; Nexus 5X Build/MMB29P) AppleWebKit/537.36 (KHTML, like Gecko) Chrome/148.0.7778.96 Mobile Safari/537.36 (compatible; Googlebot/2.1; +http://www.google.com/bot.html)"
187.109.221.38 - - [27/May/2026:10:33:56 -0300] "POST /cpsess0520021314/3rdparty/roundcube/?_task=mail&_action=refresh HTTP/1.1" 200 1389 "https://webmail.grupobig.com/cpsess0520021314/3rdparty/roundcube/?_task=mail&_mbox=INBOX" "Mozilla/5.0 (Windows NT 10.0; Win64; x64) AppleWebKit/537.36 (KHTML, like Gecko) Chrome/148.0.0.0 Safari/537.36"
66.249.72.33 - - [27/May/2026:10:34:01 -0300] "GET /items/E852784946 HTTP/1.1" 404 - "-" "Mozilla/5.0 (Linux; Android 6.0.1; Nexus 5X Build/MMB29P) AppleWebKit/537.36 (KHTML, like Gecko) Chrome/148.0.7778.96 Mobile Safari/537.36 (compatible; GoogleOther)"
66.249.75.102 - - [27/May/2026:10:34:09 -0300] "GET /items/D817611006 HTTP/1.1" 404 - "-" "Mozilla/5.0 (Linux; Android 6.0.1; Nexus 5X Build/MMB29P) AppleWebKit/537.36 (KHTML, like Gecko) Chrome/148.0.7778.96 Mobile Safari/537.36 (compatible; GoogleOther)"
187.109.221.38 - - [27/May/2026:10:34:10 -0300] "POST /cpsess5615926962/3rdparty/roundcube/?_task=mail&_action=refresh HTTP/1.1" 308 152 "https://webmail.grupobig.com/cpsess5615926962/3rdparty/roundcube/?_task=mail&_mbox=INBOX" "Mozilla/5.0 (Windows NT 10.0; Win64; x64) AppleWebKit/537.36 (KHTML, like Gecko) Chrome/148.0.0.0 Safari/537.36"
187.109.221.38 - - [27/May/2026:10:34:10 -0300] "POST /cpsess5615926962/3rdparty/roundcube/?_task=mail&_action=refresh HTTP/1.1" 200 1440 "https://webmail.grupobig.com/cpsess5615926962/3rdparty/roundcube/?_task=mail&_mbox=INBOX" "Mozilla/5.0 (Windows NT 10.0; Win64; x64) AppleWebKit/537.36 (KHTML, like Gecko) Chrome/148.0.0.0 Safari/537.36"
187.109.221.38 - - [27/May/2026:10:34:12 -0300] "POST /cpsess4806763876/3rdparty/roundcube/?_task=mail&_action=refresh HTTP/1.1" 308 152 "https://webmail.grupobig.com/cpsess4806763876/3rdparty/roundcube/?_task=mail&_mbox=INBOX.spam" "Mozilla/5.0 (Windows NT 10.0; Win64; x64) AppleWebKit/537.36 (KHTML, like Gecko) Chrome/148.0.0.0 Safari/537.36 Edg/148.0.0.0"
187.109.221.38 - - [27/May/2026:10:34:12 -0300] "POST /cpsess4806763876/3rdparty/roundcube/?_task=mail&_action=refresh HTTP/1.1" 200 1390 "https://webmail.grupobig.com/cpsess4806763876/3rdparty/roundcube/?_task=mail&_mbox=INBOX.spam" "Mozilla/5.0 (Windows NT 10.0; Win64; x64) AppleWebKit/537.36 (KHTML, like Gecko) Chrome/148.0.0.0 Safari/537.36 Edg/148.0.0.0"
66.249.75.101 - - [27/May/2026:10:34:17 -0300] "GET /items/D816083718 HTTP/1.1" 404 - "-" "Mozilla/5.0 (Linux; Android 6.0.1; Nexus 5X Build/MMB29P) AppleWebKit/537.36 (KHTML, like Gecko) Chrome/148.0.7778.96 Mobile Safari/537.36 (compatible; GoogleOther)"
187.109.221.38 - - [27/May/2026:10:34:18 -0300] "POST /cpsess1908416372/3rdparty/roundcube/?_task=mail&_action=refresh HTTP/1.1" 308 152 "https://webmail.grupobig.com/cpsess1908416372/3rdparty/roundcube/?_task=mail&_mbox=INBOX" "Mozilla/5.0 (Windows NT 10.0; Win64; x64) AppleWebKit/537.36 (KHTML, like Gecko) Chrome/148.0.0.0 Safari/537.36"
66.249.72.32 - - [27/May/2026:10:34:19 -0300] "GET /items/E868080014 HTTP/1.1" 404 - "-" "Mozilla/5.0 (Linux; Android 6.0.1; Nexus 5X Build/MMB29P) AppleWebKit/537.36 (KHTML, like Gecko) Chrome/148.0.7778.96 Mobile Safari/537.36 (compatible; GoogleOther)"
187.109.221.38 - - [27/May/2026:10:34:18 -0300] "POST /cpsess1908416372/3rdparty/roundcube/?_task=mail&_action=refresh HTTP/1.1" 200 1387 "https://webmail.grupobig.com/cpsess1908416372/3rdparty/roundcube/?_task=mail&_mbox=INBOX" "Mozilla/5.0 (Windows NT 10.0; Win64; x64) AppleWebKit/537.36 (KHTML, like Gecko) Chrome/148.0.0.0 Safari/537.36"
66.249.75.101 - - [27/May/2026:10:34:25 -0300] "GET /items/D824724574 HTTP/1.1" 404 - "-" "Mozilla/5.0 (Linux; Android 6.0.1; Nexus 5X Build/MMB29P) AppleWebKit/537.36 (KHTML, like Gecko) Chrome/148.0.7778.96 Mobile Safari/537.36 (compatible; GoogleOther)"
66.249.72.32 - - [27/May/2026:10:34:30 -0300] "GET /items/E918934379 HTTP/1.1" 404 - "-" "Mozilla/5.0 (Linux; Android 6.0.1; Nexus 5X Build/MMB29P) AppleWebKit/537.36 (KHTML, like Gecko) Chrome/148.0.7778.96 Mobile Safari/537.36 (compatible; GoogleOther)"
66.249.72.32 - - [27/May/2026:10:34:33 -0300] "GET /items/E914644781 HTTP/1.1" 404 - "-" "Mozilla/5.0 (Linux; Android 6.0.1; Nexus 5X Build/MMB29P) AppleWebKit/537.36 (KHTML, like Gecko) Chrome/148.0.7778.96 Mobile Safari/537.36 (compatible; GoogleOther)"
57.141.2.46 - - [27/May/2026:10:34:38 -0300] "GET /items/D836734166 HTTP/1.1" 404 - "-" "meta-externalagent/1.1 (+https://developers.facebook.com/docs/sharing/webmasters/crawler)"
66.249.72.32 - - [27/May/2026:10:34:38 -0300] "GET /items/E913209137 HTTP/1.1" 404 - "-" "Mozilla/5.0 (Linux; Android 6.0.1; Nexus 5X Build/MMB29P) AppleWebKit/537.36 (KHTML, like Gecko) Chrome/148.0.7778.96 Mobile Safari/537.36 (compatible; GoogleOther)"
66.249.72.32 - - [27/May/2026:10:34:41 -0300] "GET /items/E865806317 HTTP/1.1" 404 - "-" "Mozilla/5.0 (Linux; Android 6.0.1; Nexus 5X Build/MMB29P) AppleWebKit/537.36 (KHTML, like Gecko) Chrome/148.0.7778.96 Mobile Safari/537.36 (compatible; GoogleOther)"
66.249.72.32 - - [27/May/2026:10:34:49 -0300] "GET /items/E883026053 HTTP/1.1" 404 - "-" "Mozilla/5.0 (Linux; Android 6.0.1; Nexus 5X Build/MMB29P) AppleWebKit/537.36 (KHTML, like Gecko) Chrome/148.0.7778.96 Mobile Safari/537.36 (compatible; GoogleOther)"
187.109.221.38 - - [27/May/2026:10:34:51 -0300] "POST /cpsess3084812409/3rdparty/roundcube/?_task=mail&_action=refresh HTTP/1.1" 308 152 "https://webmail.grupobig.com/cpsess3084812409/3rdparty/roundcube/?_task=mail&_mbox=INBOX&_page=2" "Mozilla/5.0 (Windows NT 10.0; Win64; x64) AppleWebKit/537.36 (KHTML, like Gecko) Chrome/146.0.0.0 Safari/537.36"
187.109.221.38 - - [27/May/2026:10:34:51 -0300] "POST /cpsess3084812409/3rdparty/roundcube/?_task=mail&_action=refresh HTTP/1.1" 200 1387 "https://webmail.grupobig.com/cpsess3084812409/3rdparty/roundcube/?_task=mail&_mbox=INBOX&_page=2" "Mozilla/5.0 (Windows NT 10.0; Win64; x64) AppleWebKit/537.36 (KHTML, like Gecko) Chrome/146.0.0.0 Safari/537.36"
66.249.72.32 - - [27/May/2026:10:34:51 -0300] "GET /items/E924387542 HTTP/1.1" 404 - "-" "Mozilla/5.0 (Linux; Android 6.0.1; Nexus 5X Build/MMB29P) AppleWebKit/537.36 (KHTML, like Gecko) Chrome/148.0.7778.96 Mobile Safari/537.36 (compatible; GoogleOther)"
187.109.221.38 - - [27/May/2026:10:34:56 -0300] "POST /cpsess0520021314/3rdparty/roundcube/?_task=mail&_action=refresh HTTP/1.1" 200 1390 "https://webmail.grupobig.com/cpsess0520021314/3rdparty/roundcube/?_task=mail&_mbox=INBOX" "Mozilla/5.0 (Windows NT 10.0; Win64; x64) AppleWebKit/537.36 (KHTML, like Gecko) Chrome/148.0.0.0 Safari/537.36"
66.249.75.101 - - [27/May/2026:10:34:57 -0300] "GET /items/D773830962 HTTP/1.1" 404 - "-" "Mozilla/5.0 (Linux; Android 6.0.1; Nexus 5X Build/MMB29P) AppleWebKit/537.36 (KHTML, like Gecko) Chrome/148.0.7778.96 Mobile Safari/537.36 (compatible; GoogleOther)"
66.249.72.33 - - [27/May/2026:10:34:59 -0300] "GET /items/E865685465 HTTP/1.1" 404 - "-" "Mozilla/5.0 (Linux; Android 6.0.1; Nexus 5X Build/MMB29P) AppleWebKit/537.36 (KHTML, like Gecko) Chrome/148.0.7778.96 Mobile Safari/537.36 (compatible; GoogleOther)"
66.249.72.33 - - [27/May/2026:10:35:05 -0300] "GET /items/E877624568 HTTP/1.1" 404 - "-" "Mozilla/5.0 (Linux; Android 6.0.1; Nexus 5X Build/MMB29P) AppleWebKit/537.36 (KHTML, like Gecko) Chrome/148.0.7778.96 Mobile Safari/537.36 (compatible; GoogleOther)"
187.109.221.38 - - [27/May/2026:10:35:11 -0300] "POST /cpsess5615926962/3rdparty/roundcube/?_task=mail&_action=refresh HTTP/1.1" 308 152 "https://webmail.grupobig.com/cpsess5615926962/3rdparty/roundcube/?_task=mail&_mbox=INBOX" "Mozilla/5.0 (Windows NT 10.0; Win64; x64) AppleWebKit/537.36 (KHTML, like Gecko) Chrome/148.0.0.0 Safari/537.36"
187.109.221.38 - - [27/May/2026:10:35:12 -0300] "POST /cpsess4806763876/3rdparty/roundcube/?_task=mail&_action=refresh HTTP/1.1" 308 152 "https://webmail.grupobig.com/cpsess4806763876/3rdparty/roundcube/?_task=mail&_mbox=INBOX.spam" "Mozilla/5.0 (Windows NT 10.0; Win64; x64) AppleWebKit/537.36 (KHTML, like Gecko) Chrome/148.0.0.0 Safari/537.36 Edg/148.0.0.0"
187.109.221.38 - - [27/May/2026:10:35:12 -0300] "POST /cpsess5615926962/3rdparty/roundcube/?_task=mail&_action=refresh HTTP/1.1" 200 1441 "https://webmail.grupobig.com/cpsess5615926962/3rdparty/roundcube/?_task=mail&_mbox=INBOX" "Mozilla/5.0 (Windows NT 10.0; Win64; x64) AppleWebKit/537.36 (KHTML, like Gecko) Chrome/148.0.0.0 Safari/537.36"
66.249.72.32 - - [27/May/2026:10:35:13 -0300] "GET /items/E851944139 HTTP/1.1" 404 - "-" "Mozilla/5.0 (Linux; Android 6.0.1; Nexus 5X Build/MMB29P) AppleWebKit/537.36 (KHTML, like Gecko) Chrome/148.0.7778.96 Mobile Safari/537.36 (compatible; GoogleOther)"
66.249.75.102 - - [27/May/2026:10:35:14 -0300] "GET /items/D791333426 HTTP/1.1" 404 - "-" "Mozilla/5.0 (Linux; Android 6.0.1; Nexus 5X Build/MMB29P) AppleWebKit/537.36 (KHTML, like Gecko) Chrome/148.0.7778.96 Mobile Safari/537.36 (compatible; GoogleOther)"
187.109.221.38 - - [27/May/2026:10:35:12 -0300] "POST /cpsess4806763876/3rdparty/roundcube/?_task=mail&_action=refresh HTTP/1.1" 200 1391 "https://webmail.grupobig.com/cpsess4806763876/3rdparty/roundcube/?_task=mail&_mbox=INBOX.spam" "Mozilla/5.0 (Windows NT 10.0; Win64; x64) AppleWebKit/537.36 (KHTML, like Gecko) Chrome/148.0.0.0 Safari/537.36 Edg/148.0.0.0"
187.109.221.38 - - [27/May/2026:10:35:18 -0300] "POST /cpsess1908416372/3rdparty/roundcube/?_task=mail&_action=refresh HTTP/1.1" 308 152 "https://webmail.grupobig.com/cpsess1908416372/3rdparty/roundcube/?_task=mail&_mbox=INBOX" "Mozilla/5.0 (Windows NT 10.0; Win64; x64) AppleWebKit/537.36 (KHTML, like Gecko) Chrome/148.0.0.0 Safari/537.36"
66.249.72.32 - - [27/May/2026:10:35:20 -0300] "GET /items/E887710715 HTTP/1.1" 404 - "-" "Mozilla/5.0 (Linux; Android 6.0.1; Nexus 5X Build/MMB29P) AppleWebKit/537.36 (KHTML, like Gecko) Chrome/148.0.7778.96 Mobile Safari/537.36 (compatible; GoogleOther)"
66.249.75.102 - - [27/May/2026:10:35:21 -0300] "GET /items/D781921842 HTTP/1.1" 404 - "-" "Mozilla/5.0 (Linux; Android 6.0.1; Nexus 5X Build/MMB29P) AppleWebKit/537.36 (KHTML, like Gecko) Chrome/148.0.7778.96 Mobile Safari/537.36 (compatible; GoogleOther)"
187.109.221.38 - - [27/May/2026:10:35:18 -0300] "POST /cpsess1908416372/3rdparty/roundcube/?_task=mail&_action=refresh HTTP/1.1" 200 1389 "https://webmail.grupobig.com/cpsess1908416372/3rdparty/roundcube/?_task=mail&_mbox=INBOX" "Mozilla/5.0 (Windows NT 10.0; Win64; x64) AppleWebKit/537.36 (KHTML, like Gecko) Chrome/148.0.0.0 Safari/537.36"
187.109.221.38 - - [27/May/2026:10:35:28 -0300] "POST /cpsess3856166233/3rdparty/roundcube/?_task=mail&_action=refresh HTTP/1.1" 308 152 "https://webmail.grupobig.com/cpsess3856166233/3rdparty/roundcube/?_task=mail&_caps=pdf%3D1%2Cflash%3D0%2Ctiff%3D0%2Cwebp%3D1%2Cpgpmime%3D0&_uid=7100&_mbox=INBOX&_action=show" "Mozilla/5.0 (Windows NT 10.0; Win64; x64) AppleWebKit/537.36 (KHTML, like Gecko) Chrome/148.0.0.0 Safari/537.36"
66.249.72.32 - - [27/May/2026:10:35:29 -0300] "GET /items/E870426071 HTTP/1.1" 404 - "-" "Mozilla/5.0 (Linux; Android 6.0.1; Nexus 5X Build/MMB29P) AppleWebKit/537.36 (KHTML, like Gecko) Chrome/148.0.7778.96 Mobile Safari/537.36 (compatible; GoogleOther)"
66.249.72.32 - - [27/May/2026:10:35:33 -0300] "GET /items/E928596680 HTTP/1.1" 404 - "-" "Mozilla/5.0 (Linux; Android 6.0.1; Nexus 5X Build/MMB29P) AppleWebKit/537.36 (KHTML, like Gecko) Chrome/148.0.7778.96 Mobile Safari/537.36 (compatible; GoogleOther)"
187.109.221.38 - - [27/May/2026:10:35:29 -0300] "POST /cpsess3856166233/3rdparty/roundcube/?_task=mail&_action=refresh HTTP/1.1" 200 1331 "https://webmail.grupobig.com/cpsess3856166233/3rdparty/roundcube/?_task=mail&_caps=pdf%3D1%2Cflash%3D0%2Ctiff%3D0%2Cwebp%3D1%2Cpgpmime%3D0&_uid=7100&_mbox=INBOX&_action=show" "Mozilla/5.0 (Windows NT 10.0; Win64; x64) AppleWebKit/537.36 (KHTML, like Gecko) Chrome/148.0.0.0 Safari/537.36"
66.249.72.32 - - [27/May/2026:10:35:34 -0300] "GET /items/E869215958 HTTP/1.1" 404 - "-" "Mozilla/5.0 (Linux; Android 6.0.1; Nexus 5X Build/MMB29P) AppleWebKit/537.36 (KHTML, like Gecko) Chrome/148.0.7778.96 Mobile Safari/537.36 (compatible; GoogleOther)"
66.249.72.32 - - [27/May/2026:10:35:37 -0300] "GET /items/E863777888 HTTP/1.1" 404 - "-" "Mozilla/5.0 (Linux; Android 6.0.1; Nexus 5X Build/MMB29P) AppleWebKit/537.36 (KHTML, like Gecko) Chrome/148.0.7778.96 Mobile Safari/537.36 (compatible; GoogleOther)"
66.249.75.101 - - [27/May/2026:10:35:41 -0300] "GET /items/D809738414 HTTP/1.1" 404 - "-" "Mozilla/5.0 (Linux; Android 6.0.1; Nexus 5X Build/MMB29P) AppleWebKit/537.36 (KHTML, like Gecko) Chrome/148.0.7778.96 Mobile Safari/537.36 (compatible; GoogleOther)"
57.141.2.58 - - [27/May/2026:10:35:45 -0300] "GET /items/E858909194 HTTP/1.1" 404 - "-" "meta-externalagent/1.1 (+https://developers.facebook.com/docs/sharing/webmasters/crawler)"
66.249.72.32 - - [27/May/2026:10:35:45 -0300] "GET /items/E877014071 HTTP/1.1" 404 - "-" "Mozilla/5.0 (Linux; Android 6.0.1; Nexus 5X Build/MMB29P) AppleWebKit/537.36 (KHTML, like Gecko) Chrome/148.0.7778.96 Mobile Safari/537.36 (compatible; GoogleOther)"
66.249.72.32 - - [27/May/2026:10:35:53 -0300] "GET /items/E875612528 HTTP/1.1" 404 - "-" "Mozilla/5.0 (Linux; Android 6.0.1; Nexus 5X Build/MMB29P) AppleWebKit/537.36 (KHTML, like Gecko) Chrome/148.0.7778.96 Mobile Safari/537.36 (compatible; GoogleOther)"
187.109.221.38 - - [27/May/2026:10:35:53 -0300] "POST /cpsess3084812409/3rdparty/roundcube/?_task=mail&_action=refresh HTTP/1.1" 308 152 "https://webmail.grupobig.com/cpsess3084812409/3rdparty/roundcube/?_task=mail&_mbox=INBOX&_page=2" "Mozilla/5.0 (Windows NT 10.0; Win64; x64) AppleWebKit/537.36 (KHTML, like Gecko) Chrome/146.0.0.0 Safari/537.36"
187.109.221.38 - - [27/May/2026:10:35:54 -0300] "POST /cpsess3084812409/3rdparty/roundcube/?_task=mail&_action=refresh HTTP/1.1" 200 1389 "https://webmail.grupobig.com/cpsess3084812409/3rdparty/roundcube/?_task=mail&_mbox=INBOX&_page=2" "Mozilla/5.0 (Windows NT 10.0; Win64; x64) AppleWebKit/537.36 (KHTML, like Gecko) Chrome/146.0.0.0 Safari/537.36"
66.249.72.32 - - [27/May/2026:10:35:56 -0300] "GET /items/E894205214 HTTP/1.1" 404 - "-" "Mozilla/5.0 (Linux; Android 6.0.1; Nexus 5X Build/MMB29P) AppleWebKit/537.36 (KHTML, like Gecko) Chrome/148.0.7778.96 Mobile Safari/537.36 (compatible; GoogleOther)"
187.109.221.38 - - [27/May/2026:10:35:56 -0300] "POST /cpsess0520021314/3rdparty/roundcube/?_task=mail&_action=refresh HTTP/1.1" 308 152 "https://webmail.grupobig.com/cpsess0520021314/3rdparty/roundcube/?_task=mail&_mbox=INBOX" "Mozilla/5.0 (Windows NT 10.0; Win64; x64) AppleWebKit/537.36 (KHTML, like Gecko) Chrome/148.0.0.0 Safari/537.36"
187.109.221.38 - - [27/May/2026:10:35:56 -0300] "POST /cpsess0520021314/3rdparty/roundcube/?_task=mail&_action=refresh HTTP/1.1" 200 1391 "https://webmail.grupobig.com/cpsess0520021314/3rdparty/roundcube/?_task=mail&_mbox=INBOX" "Mozilla/5.0 (Windows NT 10.0; Win64; x64) AppleWebKit/537.36 (KHTML, like Gecko) Chrome/148.0.0.0 Safari/537.36"
66.249.75.101 - - [27/May/2026:10:35:58 -0300] "GET /items/D840941278 HTTP/1.1" 404 - "-" "Mozilla/5.0 (Linux; Android 6.0.1; Nexus 5X Build/MMB29P) AppleWebKit/537.36 (KHTML, like Gecko) Chrome/148.0.7778.96 Mobile Safari/537.36 (compatible; Googlebot/2.1; +http://www.google.com/bot.html)"
66.249.72.33 - - [27/May/2026:10:36:01 -0300] "GET /items/E861390332 HTTP/1.1" 404 - "-" "Mozilla/5.0 (Linux; Android 6.0.1; Nexus 5X Build/MMB29P) AppleWebKit/537.36 (KHTML, like Gecko) Chrome/148.0.7778.96 Mobile Safari/537.36 (compatible; GoogleOther)"
66.249.72.34 - - [27/May/2026:10:36:03 -0300] "GET /items/E860348780 HTTP/1.1" 404 - "-" "Mozilla/5.0 (Linux; Android 6.0.1; Nexus 5X Build/MMB29P) AppleWebKit/537.36 (KHTML, like Gecko) Chrome/148.0.7778.96 Mobile Safari/537.36 (compatible; GoogleOther)"
66.249.72.34 - - [27/May/2026:10:36:04 -0300] "GET /items/E921499622 HTTP/1.1" 404 - "-" "Mozilla/5.0 (Linux; Android 6.0.1; Nexus 5X Build/MMB29P) AppleWebKit/537.36 (KHTML, like Gecko) Chrome/148.0.7778.96 Mobile Safari/537.36 (compatible; GoogleOther)"
66.249.72.32 - - [27/May/2026:10:36:09 -0300] "GET /items/E876229100 HTTP/1.1" 404 - "-" "Mozilla/5.0 (Linux; Android 6.0.1; Nexus 5X Build/MMB29P) AppleWebKit/537.36 (KHTML, like Gecko) Chrome/148.0.7778.96 Mobile Safari/537.36 (compatible; GoogleOther)"
187.109.221.38 - - [27/May/2026:10:36:12 -0300] "POST /cpsess4806763876/3rdparty/roundcube/?_task=mail&_action=refresh HTTP/1.1" 200 1391 "https://webmail.grupobig.com/cpsess4806763876/3rdparty/roundcube/?_task=mail&_mbox=INBOX.spam" "Mozilla/5.0 (Windows NT 10.0; Win64; x64) AppleWebKit/537.36 (KHTML, like Gecko) Chrome/148.0.0.0 Safari/537.36 Edg/148.0.0.0"
187.109.221.38 - - [27/May/2026:10:36:12 -0300] "POST /cpsess5615926962/3rdparty/roundcube/?_task=mail&_action=refresh HTTP/1.1" 308 152 "https://webmail.grupobig.com/cpsess5615926962/3rdparty/roundcube/?_task=mail&_mbox=INBOX" "Mozilla/5.0 (Windows NT 10.0; Win64; x64) AppleWebKit/537.36 (KHTML, like Gecko) Chrome/148.0.0.0 Safari/537.36"
187.109.221.38 - - [27/May/2026:10:36:12 -0300] "POST /cpsess5615926962/3rdparty/roundcube/?_task=mail&_action=refresh HTTP/1.1" 200 1441 "https://webmail.grupobig.com/cpsess5615926962/3rdparty/roundcube/?_task=mail&_mbox=INBOX" "Mozilla/5.0 (Windows NT 10.0; Win64; x64) AppleWebKit/537.36 (KHTML, like Gecko) Chrome/148.0.0.0 Safari/537.36"
66.249.72.32 - - [27/May/2026:10:36:17 -0300] "GET /items/E915264755 HTTP/1.1" 404 - "-" "Mozilla/5.0 (Linux; Android 6.0.1; Nexus 5X Build/MMB29P) AppleWebKit/537.36 (KHTML, like Gecko) Chrome/148.0.7778.96 Mobile Safari/537.36 (compatible; GoogleOther)"
187.109.221.38 - - [27/May/2026:10:36:18 -0300] "POST /cpsess1908416372/3rdparty/roundcube/?_task=mail&_action=refresh HTTP/1.1" 308 152 "https://webmail.grupobig.com/cpsess1908416372/3rdparty/roundcube/?_task=mail&_mbox=INBOX" "Mozilla/5.0 (Windows NT 10.0; Win64; x64) AppleWebKit/537.36 (KHTML, like Gecko) Chrome/148.0.0.0 Safari/537.36"
66.249.72.32 - - [27/May/2026:10:36:18 -0300] "GET /items/E909511352 HTTP/1.1" 404 - "-" "Mozilla/5.0 (Linux; Android 6.0.1; Nexus 5X Build/MMB29P) AppleWebKit/537.36 (KHTML, like Gecko) Chrome/148.0.7778.96 Mobile Safari/537.36 (compatible; GoogleOther)"
187.109.221.38 - - [27/May/2026:10:36:18 -0300] "POST /cpsess1908416372/3rdparty/roundcube/?_task=mail&_action=refresh HTTP/1.1" 200 1388 "https://webmail.grupobig.com/cpsess1908416372/3rdparty/roundcube/?_task=mail&_mbox=INBOX" "Mozilla/5.0 (Windows NT 10.0; Win64; x64) AppleWebKit/537.36 (KHTML, like Gecko) Chrome/148.0.0.0 Safari/537.36"
66.249.72.32 - - [27/May/2026:10:36:22 -0300] "GET /items/E912268322 HTTP/1.1" 404 - "-" "Mozilla/5.0 (Linux; Android 6.0.1; Nexus 5X Build/MMB29P) AppleWebKit/537.36 (KHTML, like Gecko) Chrome/148.0.7778.96 Mobile Safari/537.36 (compatible; GoogleOther)"
66.249.72.32 - - [27/May/2026:10:36:25 -0300] "GET /items/E915214319 HTTP/1.1" 404 - "-" "Mozilla/5.0 (Linux; Android 6.0.1; Nexus 5X Build/MMB29P) AppleWebKit/537.36 (KHTML, like Gecko) Chrome/148.0.7778.96 Mobile Safari/537.36 (compatible; GoogleOther)"
66.249.72.32 - - [27/May/2026:10:36:33 -0300] "GET /items/E921998069 HTTP/1.1" 404 - "-" "Mozilla/5.0 (Linux; Android 6.0.1; Nexus 5X Build/MMB29P) AppleWebKit/537.36 (KHTML, like Gecko) Chrome/148.0.7778.96 Mobile Safari/537.36 (compatible; GoogleOther)"
66.249.72.32 - - [27/May/2026:10:36:39 -0300] "GET /items/E902946491 HTTP/1.1" 404 - "-" "Mozilla/5.0 (Linux; Android 6.0.1; Nexus 5X Build/MMB29P) AppleWebKit/537.36 (KHTML, like Gecko) Chrome/148.0.7778.96 Mobile Safari/537.36 (compatible; GoogleOther)"
66.249.72.32 - - [27/May/2026:10:36:41 -0300] "GET /items/E890801351 HTTP/1.1" 404 - "-" "Mozilla/5.0 (Linux; Android 6.0.1; Nexus 5X Build/MMB29P) AppleWebKit/537.36 (KHTML, like Gecko) Chrome/148.0.7778.96 Mobile Safari/537.36 (compatible; GoogleOther)"
66.249.72.32 - - [27/May/2026:10:36:45 -0300] "GET /items/E869079635 HTTP/1.1" 404 - "-" "Mozilla/5.0 (Linux; Android 6.0.1; Nexus 5X Build/MMB29P) AppleWebKit/537.36 (KHTML, like Gecko) Chrome/148.0.7778.96 Mobile Safari/537.36 (compatible; GoogleOther)"
66.249.72.32 - - [27/May/2026:10:36:49 -0300] "GET /items/E922663565 HTTP/1.1" 404 - "-" "Mozilla/5.0 (Linux; Android 6.0.1; Nexus 5X Build/MMB29P) AppleWebKit/537.36 (KHTML, like Gecko) Chrome/148.0.7778.96 Mobile Safari/537.36 (compatible; GoogleOther)"
57.141.2.28 - - [27/May/2026:10:36:51 -0300] "GET /items/D804236218 HTTP/1.1" 404 - "-" "meta-externalagent/1.1 (+https://developers.facebook.com/docs/sharing/webmasters/crawler)"
187.109.221.38 - - [27/May/2026:10:36:54 -0300] "POST /cpsess3084812409/3rdparty/roundcube/?_task=mail&_action=refresh HTTP/1.1" 308 152 "https://webmail.grupobig.com/cpsess3084812409/3rdparty/roundcube/?_task=mail&_mbox=INBOX&_page=2" "Mozilla/5.0 (Windows NT 10.0; Win64; x64) AppleWebKit/537.36 (KHTML, like Gecko) Chrome/146.0.0.0 Safari/537.36"
187.109.221.38 - - [27/May/2026:10:36:55 -0300] "POST /cpsess3084812409/3rdparty/roundcube/?_task=mail&_action=refresh HTTP/1.1" 200 1389 "https://webmail.grupobig.com/cpsess3084812409/3rdparty/roundcube/?_task=mail&_mbox=INBOX&_page=2" "Mozilla/5.0 (Windows NT 10.0; Win64; x64) AppleWebKit/537.36 (KHTML, like Gecko) Chrome/146.0.0.0 Safari/537.36"
187.109.221.38 - - [27/May/2026:10:36:56 -0300] "POST /cpsess0520021314/3rdparty/roundcube/?_task=mail&_action=refresh HTTP/1.1" 308 152 "https://webmail.grupobig.com/cpsess0520021314/3rdparty/roundcube/?_task=mail&_mbox=INBOX" "Mozilla/5.0 (Windows NT 10.0; Win64; x64) AppleWebKit/537.36 (KHTML, like Gecko) Chrome/148.0.0.0 Safari/537.36"
187.109.221.38 - - [27/May/2026:10:36:56 -0300] "POST /cpsess0520021314/3rdparty/roundcube/?_task=mail&_action=refresh HTTP/1.1" 200 3095 "https://webmail.grupobig.com/cpsess0520021314/3rdparty/roundcube/?_task=mail&_mbox=INBOX" "Mozilla/5.0 (Windows NT 10.0; Win64; x64) AppleWebKit/537.36 (KHTML, like Gecko) Chrome/148.0.0.0 Safari/537.36"
66.249.72.32 - - [27/May/2026:10:36:57 -0300] "GET /items/E910927934 HTTP/1.1" 404 - "-" "Mozilla/5.0 (Linux; Android 6.0.1; Nexus 5X Build/MMB29P) AppleWebKit/537.36 (KHTML, like Gecko) Chrome/148.0.7778.96 Mobile Safari/537.36 (compatible; GoogleOther)"
66.249.75.102 - - [27/May/2026:10:36:58 -0300] "GET /?products/22940270/ HTTP/1.1" 200 12204 "-" "Mozilla/5.0 (Linux; Android 6.0.1; Nexus 5X Build/MMB29P) AppleWebKit/537.36 (KHTML, like Gecko) Chrome/148.0.7778.96 Mobile Safari/537.36 (compatible; Googlebot/2.1; +http://www.google.com/bot.html)"
66.249.72.32 - - [27/May/2026:10:37:01 -0300] "GET /items/E879313823 HTTP/1.1" 404 - "-" "Mozilla/5.0 (Linux; Android 6.0.1; Nexus 5X Build/MMB29P) AppleWebKit/537.36 (KHTML, like Gecko) Chrome/148.0.7778.96 Mobile Safari/537.36 (compatible; GoogleOther)"
66.249.72.32 - - [27/May/2026:10:37:04 -0300] "GET /items/E892833182 HTTP/1.1" 404 - "-" "Mozilla/5.0 (Linux; Android 6.0.1; Nexus 5X Build/MMB29P) AppleWebKit/537.36 (KHTML, like Gecko) Chrome/148.0.7778.96 Mobile Safari/537.36 (compatible; GoogleOther)"
66.249.72.32 - - [27/May/2026:10:37:05 -0300] "GET /items/E916569233 HTTP/1.1" 404 - "-" "Mozilla/5.0 (Linux; Android 6.0.1; Nexus 5X Build/MMB29P) AppleWebKit/537.36 (KHTML, like Gecko) Chrome/148.0.7778.96 Mobile Safari/537.36 (compatible; GoogleOther)"
187.109.221.38 - - [27/May/2026:10:37:09 -0300] "POST /cpsess5615926962/3rdparty/roundcube/?_task=mail&_action=refresh HTTP/1.1" 200 1441 "https://webmail.grupobig.com/cpsess5615926962/3rdparty/roundcube/?_task=mail&_mbox=INBOX" "Mozilla/5.0 (Windows NT 10.0; Win64; x64) AppleWebKit/537.36 (KHTML, like Gecko) Chrome/148.0.0.0 Safari/537.36"
187.109.221.38 - - [27/May/2026:10:37:12 -0300] "POST /cpsess4806763876/3rdparty/roundcube/?_task=mail&_action=refresh HTTP/1.1" 308 152 "https://webmail.grupobig.com/cpsess4806763876/3rdparty/roundcube/?_task=mail&_mbox=INBOX.spam" "Mozilla/5.0 (Windows NT 10.0; Win64; x64) AppleWebKit/537.36 (KHTML, like Gecko) Chrome/148.0.0.0 Safari/537.36 Edg/148.0.0.0"
187.109.221.38 - - [27/May/2026:10:37:12 -0300] "POST /cpsess4806763876/3rdparty/roundcube/?_task=mail&_action=refresh HTTP/1.1" 200 1391 "https://webmail.grupobig.com/cpsess4806763876/3rdparty/roundcube/?_task=mail&_mbox=INBOX.spam" "Mozilla/5.0 (Windows NT 10.0; Win64; x64) AppleWebKit/537.36 (KHTML, like Gecko) Chrome/148.0.0.0 Safari/537.36 Edg/148.0.0.0"
66.249.72.32 - - [27/May/2026:10:37:13 -0300] "GET /items/E924056171 HTTP/1.1" 404 - "-" "Mozilla/5.0 (Linux; Android 6.0.1; Nexus 5X Build/MMB29P) AppleWebKit/537.36 (KHTML, like Gecko) Chrome/148.0.7778.96 Mobile Safari/537.36 (compatible; GoogleOther)"
187.109.221.38 - - [27/May/2026:10:37:18 -0300] "POST /cpsess1908416372/3rdparty/roundcube/?_task=mail&_action=refresh HTTP/1.1" 308 152 "https://webmail.grupobig.com/cpsess1908416372/3rdparty/roundcube/?_task=mail&_mbox=INBOX" "Mozilla/5.0 (Windows NT 10.0; Win64; x64) AppleWebKit/537.36 (KHTML, like Gecko) Chrome/148.0.0.0 Safari/537.36"
187.109.221.38 - - [27/May/2026:10:37:18 -0300] "POST /cpsess1908416372/3rdparty/roundcube/?_task=mail&_action=refresh HTTP/1.1" 200 1389 "https://webmail.grupobig.com/cpsess1908416372/3rdparty/roundcube/?_task=mail&_mbox=INBOX" "Mozilla/5.0 (Windows NT 10.0; Win64; x64) AppleWebKit/537.36 (KHTML, like Gecko) Chrome/148.0.0.0 Safari/537.36"
66.249.72.32 - - [27/May/2026:10:37:21 -0300] "GET /items/E921485069 HTTP/1.1" 404 - "-" "Mozilla/5.0 (Linux; Android 6.0.1; Nexus 5X Build/MMB29P) AppleWebKit/537.36 (KHTML, like Gecko) Chrome/148.0.7778.96 Mobile Safari/537.36 (compatible; GoogleOther)"
66.249.72.32 - - [27/May/2026:10:37:22 -0300] "GET /items/E887378993 HTTP/1.1" 404 - "-" "Mozilla/5.0 (Linux; Android 6.0.1; Nexus 5X Build/MMB29P) AppleWebKit/537.36 (KHTML, like Gecko) Chrome/148.0.7778.96 Mobile Safari/537.36 (compatible; GoogleOther)"
187.109.221.38 - - [27/May/2026:10:37:23 -0300] "GET /cpsess5615926962/3rdparty/roundcube/?_task=mail&_action=list&_refresh=1&_layout=widescreen&_mbox=INBOX.spam&_page=1&_remote=1&_unlock=loading1779889042143&_=1779880267904 HTTP/1.1" 308 287 "https://webmail.grupobig.com/cpsess5615926962/3rdparty/roundcube/?_task=mail&_mbox=INBOX" "Mozilla/5.0 (Windows NT 10.0; Win64; x64) AppleWebKit/537.36 (KHTML, like Gecko) Chrome/148.0.0.0 Safari/537.36"
187.109.221.38 - - [27/May/2026:10:37:23 -0300] "GET /cpsess5615926962/3rdparty/roundcube/?_task=mail&_action=list&_refresh=1&_layout=widescreen&_mbox=INBOX.spam&_page=1&_remote=1&_unlock=loading1779889042143&_=1779880267904 HTTP/1.1" 200 4612 "https://webmail.grupobig.com/cpsess5615926962/3rdparty/roundcube/?_task=mail&_mbox=INBOX" "Mozilla/5.0 (Windows NT 10.0; Win64; x64) AppleWebKit/537.36 (KHTML, like Gecko) Chrome/148.0.0.0 Safari/537.36"
66.249.72.32 - - [27/May/2026:10:37:24 -0300] "GET /items/E898062002 HTTP/1.1" 404 - "-" "Mozilla/5.0 (Linux; Android 6.0.1; Nexus 5X Build/MMB29P) AppleWebKit/537.36 (KHTML, like Gecko) Chrome/148.0.7778.96 Mobile Safari/537.36 (compatible; GoogleOther)"
187.109.221.38 - - [27/May/2026:10:37:29 -0300] "POST /cpsess3856166233/3rdparty/roundcube/?_task=mail&_action=refresh HTTP/1.1" 308 152 "https://webmail.grupobig.com/cpsess3856166233/3rdparty/roundcube/?_task=mail&_caps=pdf%3D1%2Cflash%3D0%2Ctiff%3D0%2Cwebp%3D1%2Cpgpmime%3D0&_uid=7100&_mbox=INBOX&_action=show" "Mozilla/5.0 (Windows NT 10.0; Win64; x64) AppleWebKit/537.36 (KHTML, like Gecko) Chrome/148.0.0.0 Safari/537.36"
187.109.221.38 - - [27/May/2026:10:37:29 -0300] "POST /cpsess3856166233/3rdparty/roundcube/?_task=mail&_action=refresh HTTP/1.1" 200 1330 "https://webmail.grupobig.com/cpsess3856166233/3rdparty/roundcube/?_task=mail&_caps=pdf%3D1%2Cflash%3D0%2Ctiff%3D0%2Cwebp%3D1%2Cpgpmime%3D0&_uid=7100&_mbox=INBOX&_action=show" "Mozilla/5.0 (Windows NT 10.0; Win64; x64) AppleWebKit/537.36 (KHTML, like Gecko) Chrome/148.0.0.0 Safari/537.36"
66.249.72.32 - - [27/May/2026:10:37:29 -0300] "GET /items/E917111366 HTTP/1.1" 404 - "-" "Mozilla/5.0 (Linux; Android 6.0.1; Nexus 5X Build/MMB29P) AppleWebKit/537.36 (KHTML, like Gecko) Chrome/148.0.7778.96 Mobile Safari/537.36 (compatible; GoogleOther)"
