187.109.221.38 - - [27/May/2026:11:04:38 -0300] "POST /cpsess1908416372/3rdparty/roundcube/?_task=mail&_action=refresh HTTP/1.1" 308 152 "https://webmail.grupobig.com/cpsess1908416372/3rdparty/roundcube/?_task=mail&_mbox=INBOX" "Mozilla/5.0 (Windows NT 10.0; Win64; x64) AppleWebKit/537.36 (KHTML, like Gecko) Chrome/148.0.0.0 Safari/537.36"
187.109.221.38 - - [27/May/2026:11:04:40 -0300] "POST /cpsess1908416372/3rdparty/roundcube/?_task=mail&_action=refresh HTTP/1.1" 308 152 "https://webmail.grupobig.com/cpsess1908416372/3rdparty/roundcube/?_task=mail&_mbox=INBOX" "Mozilla/5.0 (Windows NT 10.0; Win64; x64) AppleWebKit/537.36 (KHTML, like Gecko) Chrome/148.0.0.0 Safari/537.36"
187.109.221.38 - - [27/May/2026:11:04:20 -0300] "POST /cpsess3084812409/3rdparty/roundcube/?_task=mail&_action=refresh HTTP/1.1" 200 1389 "https://webmail.grupobig.com/cpsess3084812409/3rdparty/roundcube/?_task=mail&_mbox=INBOX&_page=2" "Mozilla/5.0 (Windows NT 10.0; Win64; x64) AppleWebKit/537.36 (KHTML, like Gecko) Chrome/146.0.0.0 Safari/537.36"
187.109.221.38 - - [27/May/2026:11:04:42 -0300] "POST /cpsess5615926962/3rdparty/roundcube/?_task=mail&_action=refresh HTTP/1.1" 308 152 "https://webmail.grupobig.com/cpsess5615926962/3rdparty/roundcube/?_task=mail&_caps=pdf%3D1%2Cflash%3D0%2Ctiff%3D0%2Cwebp%3D1%2Cpgpmime%3D0&_uid=1896&_mbox=INBOX.BOLETOS%20E%20COMUNICADOS%20FORNECEDORES&_action=show" "Mozilla/5.0 (Windows NT 10.0; Win64; x64) AppleWebKit/537.36 (KHTML, like Gecko) Chrome/148.0.0.0 Safari/537.36"
66.249.72.32 - - [27/May/2026:11:04:44 -0300] "GET /items/E892859993 HTTP/1.1" 404 - "-" "Mozilla/5.0 (Linux; Android 6.0.1; Nexus 5X Build/MMB29P) AppleWebKit/537.36 (KHTML, like Gecko) Chrome/148.0.7778.96 Mobile Safari/537.36 (compatible; GoogleOther)"
66.249.75.101 - - [27/May/2026:11:04:46 -0300] "GET /items/D821975114 HTTP/1.1" 404 - "-" "Mozilla/5.0 (Linux; Android 6.0.1; Nexus 5X Build/MMB29P) AppleWebKit/537.36 (KHTML, like Gecko) Chrome/148.0.7778.96 Mobile Safari/537.36 (compatible; GoogleOther)"
66.249.75.101 - - [27/May/2026:11:04:52 -0300] "GET /items/D799994498 HTTP/1.1" 404 - "-" "Mozilla/5.0 (Linux; Android 6.0.1; Nexus 5X Build/MMB29P) AppleWebKit/537.36 (KHTML, like Gecko) Chrome/148.0.7778.96 Mobile Safari/537.36 (compatible; Googlebot/2.1; +http://www.google.com/bot.html)"
187.109.221.38 - - [27/May/2026:11:04:38 -0300] "POST /cpsess1908416372/3rdparty/roundcube/?_task=mail&_action=refresh HTTP/1.1" 200 1388 "https://webmail.grupobig.com/cpsess1908416372/3rdparty/roundcube/?_task=mail&_mbox=INBOX" "Mozilla/5.0 (Windows NT 10.0; Win64; x64) AppleWebKit/537.36 (KHTML, like Gecko) Chrome/148.0.0.0 Safari/537.36"
66.249.75.101 - - [27/May/2026:11:04:57 -0300] "GET /items/D833001178 HTTP/1.1" 404 - "-" "Mozilla/5.0 (Linux; Android 6.0.1; Nexus 5X Build/MMB29P) AppleWebKit/537.36 (KHTML, like Gecko) Chrome/148.0.7778.96 Mobile Safari/537.36 (compatible; GoogleOther)"
66.249.72.32 - - [27/May/2026:11:05:00 -0300] "GET /items/E857088557 HTTP/1.1" 404 - "-" "Mozilla/5.0 (Linux; Android 6.0.1; Nexus 5X Build/MMB29P) AppleWebKit/537.36 (KHTML, like Gecko) Chrome/148.0.7778.96 Mobile Safari/537.36 (compatible; GoogleOther)"
66.249.75.103 - - [27/May/2026:11:05:08 -0300] "GET /items/D774890286 HTTP/1.1" 404 - "-" "Mozilla/5.0 (Linux; Android 6.0.1; Nexus 5X Build/MMB29P) AppleWebKit/537.36 (KHTML, like Gecko) Chrome/148.0.7778.96 Mobile Safari/537.36 (compatible; GoogleOther)"
66.249.72.33 - - [27/May/2026:11:05:09 -0300] "GET /items/E849250592 HTTP/1.1" 404 - "-" "Mozilla/5.0 (Linux; Android 6.0.1; Nexus 5X Build/MMB29P) AppleWebKit/537.36 (KHTML, like Gecko) Chrome/148.0.7778.96 Mobile Safari/537.36 (compatible; GoogleOther)"
66.249.72.32 - - [27/May/2026:11:05:18 -0300] "GET /items/E926108468 HTTP/1.1" 404 - "-" "Mozilla/5.0 (Linux; Android 6.0.1; Nexus 5X Build/MMB29P) AppleWebKit/537.36 (KHTML, like Gecko) Chrome/148.0.7778.96 Mobile Safari/537.36 (compatible; GoogleOther)"
187.109.221.38 - - [27/May/2026:11:05:28 -0300] "POST /cpsess3856166233/3rdparty/roundcube/?_task=mail&_action=refresh HTTP/1.1" 308 152 "https://webmail.grupobig.com/cpsess3856166233/3rdparty/roundcube/?_task=mail&_caps=pdf%3D1%2Cflash%3D0%2Ctiff%3D0%2Cwebp%3D1%2Cpgpmime%3D0&_uid=7100&_mbox=INBOX&_action=show" "Mozilla/5.0 (Windows NT 10.0; Win64; x64) AppleWebKit/537.36 (KHTML, like Gecko) Chrome/148.0.0.0 Safari/537.36"
187.109.221.38 - - [27/May/2026:11:04:40 -0300] "POST /cpsess1908416372/3rdparty/roundcube/?_task=mail&_action=refresh HTTP/1.1" 200 1389 "https://webmail.grupobig.com/cpsess1908416372/3rdparty/roundcube/?_task=mail&_mbox=INBOX" "Mozilla/5.0 (Windows NT 10.0; Win64; x64) AppleWebKit/537.36 (KHTML, like Gecko) Chrome/148.0.0.0 Safari/537.36"
187.109.221.38 - - [27/May/2026:11:04:56 -0300] "POST /cpsess0520021314/3rdparty/roundcube/?_task=mail&_action=refresh HTTP/1.1" 308 152 "https://webmail.grupobig.com/cpsess0520021314/3rdparty/roundcube/?_task=mail&_mbox=INBOX" "Mozilla/5.0 (Windows NT 10.0; Win64; x64) AppleWebKit/537.36 (KHTML, like Gecko) Chrome/148.0.0.0 Safari/537.36"
66.249.75.101 - - [27/May/2026:11:05:29 -0300] "GET /items/D771627614 HTTP/1.1" 404 - "-" "Mozilla/5.0 (Linux; Android 6.0.1; Nexus 5X Build/MMB29P) AppleWebKit/537.36 (KHTML, like Gecko) Chrome/148.0.7778.96 Mobile Safari/537.36 (compatible; GoogleOther)"
66.249.72.32 - - [27/May/2026:11:05:30 -0300] "GET /items/E891992753 HTTP/1.1" 404 - "-" "Mozilla/5.0 (Linux; Android 6.0.1; Nexus 5X Build/MMB29P) AppleWebKit/537.36 (KHTML, like Gecko) Chrome/148.0.7778.96 Mobile Safari/537.36 (compatible; GoogleOther)"
66.249.72.32 - - [27/May/2026:11:05:32 -0300] "GET /items/E852668495 HTTP/1.1" 404 - "-" "Mozilla/5.0 (Linux; Android 6.0.1; Nexus 5X Build/MMB29P) AppleWebKit/537.36 (KHTML, like Gecko) Chrome/148.0.7778.96 Mobile Safari/537.36 (compatible; GoogleOther)"
187.109.221.38 - - [27/May/2026:11:04:42 -0300] "POST /cpsess5615926962/3rdparty/roundcube/?_task=mail&_action=refresh HTTP/1.1" 200 1331 "https://webmail.grupobig.com/cpsess5615926962/3rdparty/roundcube/?_task=mail&_caps=pdf%3D1%2Cflash%3D0%2Ctiff%3D0%2Cwebp%3D1%2Cpgpmime%3D0&_uid=1896&_mbox=INBOX.BOLETOS%20E%20COMUNICADOS%20FORNECEDORES&_action=show" "Mozilla/5.0 (Windows NT 10.0; Win64; x64) AppleWebKit/537.36 (KHTML, like Gecko) Chrome/148.0.0.0 Safari/537.36"
187.109.221.38 - - [27/May/2026:11:05:20 -0300] "POST /cpsess3084812409/3rdparty/roundcube/?_task=mail&_action=refresh HTTP/1.1" 308 152 "https://webmail.grupobig.com/cpsess3084812409/3rdparty/roundcube/?_task=mail&_mbox=INBOX&_page=2" "Mozilla/5.0 (Windows NT 10.0; Win64; x64) AppleWebKit/537.36 (KHTML, like Gecko) Chrome/146.0.0.0 Safari/537.36"
187.109.221.38 - - [27/May/2026:11:05:29 -0300] "POST /cpsess3856166233/3rdparty/roundcube/?_task=mail&_action=refresh HTTP/1.1" 200 1330 "https://webmail.grupobig.com/cpsess3856166233/3rdparty/roundcube/?_task=mail&_caps=pdf%3D1%2Cflash%3D0%2Ctiff%3D0%2Cwebp%3D1%2Cpgpmime%3D0&_uid=7100&_mbox=INBOX&_action=show" "Mozilla/5.0 (Windows NT 10.0; Win64; x64) AppleWebKit/537.36 (KHTML, like Gecko) Chrome/148.0.0.0 Safari/537.36"
187.109.221.38 - - [27/May/2026:11:05:39 -0300] "POST /cpsess1908416372/3rdparty/roundcube/?_task=mail&_action=refresh HTTP/1.1" 308 152 "https://webmail.grupobig.com/cpsess1908416372/3rdparty/roundcube/?_task=mail&_mbox=INBOX" "Mozilla/5.0 (Windows NT 10.0; Win64; x64) AppleWebKit/537.36 (KHTML, like Gecko) Chrome/148.0.0.0 Safari/537.36"
66.249.75.101 - - [27/May/2026:11:05:40 -0300] "GET /items/D818138330 HTTP/1.1" 404 - "-" "Mozilla/5.0 (Linux; Android 6.0.1; Nexus 5X Build/MMB29P) AppleWebKit/537.36 (KHTML, like Gecko) Chrome/148.0.7778.96 Mobile Safari/537.36 (compatible; GoogleOther)"
187.109.221.38 - - [27/May/2026:11:05:29 -0300] "POST /cpsess0520021314/3rdparty/roundcube/?_task=mail&_action=refresh HTTP/1.1" 200 1391 "https://webmail.grupobig.com/cpsess0520021314/3rdparty/roundcube/?_task=mail&_mbox=INBOX" "Mozilla/5.0 (Windows NT 10.0; Win64; x64) AppleWebKit/537.36 (KHTML, like Gecko) Chrome/148.0.0.0 Safari/537.36"
187.109.221.38 - - [27/May/2026:11:05:36 -0300] "POST /cpsess3084812409/3rdparty/roundcube/?_task=mail&_action=refresh HTTP/1.1" 200 1387 "https://webmail.grupobig.com/cpsess3084812409/3rdparty/roundcube/?_task=mail&_mbox=INBOX&_page=2" "Mozilla/5.0 (Windows NT 10.0; Win64; x64) AppleWebKit/537.36 (KHTML, like Gecko) Chrome/146.0.0.0 Safari/537.36"
187.109.221.38 - - [27/May/2026:11:05:42 -0300] "POST /cpsess5615926962/3rdparty/roundcube/?_task=mail&_action=refresh HTTP/1.1" 308 152 "https://webmail.grupobig.com/cpsess5615926962/3rdparty/roundcube/?_task=mail&_caps=pdf%3D1%2Cflash%3D0%2Ctiff%3D0%2Cwebp%3D1%2Cpgpmime%3D0&_uid=1896&_mbox=INBOX.BOLETOS%20E%20COMUNICADOS%20FORNECEDORES&_action=show" "Mozilla/5.0 (Windows NT 10.0; Win64; x64) AppleWebKit/537.36 (KHTML, like Gecko) Chrome/148.0.0.0 Safari/537.36"
187.109.221.38 - - [27/May/2026:11:05:39 -0300] "POST /cpsess1908416372/3rdparty/roundcube/?_task=mail&_action=refresh HTTP/1.1" 200 1389 "https://webmail.grupobig.com/cpsess1908416372/3rdparty/roundcube/?_task=mail&_mbox=INBOX" "Mozilla/5.0 (Windows NT 10.0; Win64; x64) AppleWebKit/537.36 (KHTML, like Gecko) Chrome/148.0.0.0 Safari/537.36"
57.141.2.34 - - [27/May/2026:11:05:45 -0300] "GET /items/D792791190 HTTP/1.1" 404 - "-" "meta-externalagent/1.1 (+https://developers.facebook.com/docs/sharing/webmasters/crawler)"
187.109.221.38 - - [27/May/2026:11:05:43 -0300] "POST /cpsess5615926962/3rdparty/roundcube/?_task=mail&_action=refresh HTTP/1.1" 200 1333 "https://webmail.grupobig.com/cpsess5615926962/3rdparty/roundcube/?_task=mail&_caps=pdf%3D1%2Cflash%3D0%2Ctiff%3D0%2Cwebp%3D1%2Cpgpmime%3D0&_uid=1896&_mbox=INBOX.BOLETOS%20E%20COMUNICADOS%20FORNECEDORES&_action=show" "Mozilla/5.0 (Windows NT 10.0; Win64; x64) AppleWebKit/537.36 (KHTML, like Gecko) Chrome/148.0.0.0 Safari/537.36"
187.109.221.38 - - [27/May/2026:11:05:49 -0300] "GET /cpsess5615926962/3rdparty/roundcube/?_task=mail&_mbox=INBOX.BOLETOS%20E%20COMUNICADOS%20FORNECEDORES HTTP/1.1" 200 14643 "https://webmail.grupobig.com/cpsess2328398270/3rdparty/roundcube/index.php?_task=mail&_mbox=INBOX" "Mozilla/5.0 (Windows NT 10.0; Win64; x64) AppleWebKit/537.36 (KHTML, like Gecko) Chrome/148.0.0.0 Safari/537.36"
187.109.221.38 - - [27/May/2026:11:05:50 -0300] "GET /cpsess5615926962/3rdparty/roundcube/skins/elastic/watermark.html HTTP/1.1" 308 149 "https://webmail.grupobig.com/cpsess5615926962/3rdparty/roundcube/?_task=mail&_mbox=INBOX.BOLETOS%20E%20COMUNICADOS%20FORNECEDORES" "Mozilla/5.0 (Windows NT 10.0; Win64; x64) AppleWebKit/537.36 (KHTML, like Gecko) Chrome/148.0.0.0 Safari/537.36"
187.109.221.38 - - [27/May/2026:11:05:50 -0300] "GET /cpsess5615926962/3rdparty/roundcube/?_task=mail&_caps=pdf%3D1%2Cflash%3D0%2Ctiff%3D0%2Cwebp%3D1%2Cpgpmime%3D0&_uid=1895&_mbox=INBOX.BOLETOS%20E%20COMUNICADOS%20FORNECEDORES&_framed=1&_action=preview HTTP/1.1" 200 8773 "https://webmail.grupobig.com/cpsess5615926962/3rdparty/roundcube/?_task=mail&_mbox=INBOX.BOLETOS%20E%20COMUNICADOS%20FORNECEDORES" "Mozilla/5.0 (Windows NT 10.0; Win64; x64) AppleWebKit/537.36 (KHTML, like Gecko) Chrome/148.0.0.0 Safari/537.36"
187.109.221.38 - - [27/May/2026:11:05:50 -0300] "GET /cpsess5615926962/3rdparty/roundcube/skins/elastic/watermark.html HTTP/1.1" 308 149 "https://webmail.grupobig.com/cpsess5615926962/3rdparty/roundcube/?_task=mail&_mbox=INBOX.BOLETOS%20E%20COMUNICADOS%20FORNECEDORES" "Mozilla/5.0 (Windows NT 10.0; Win64; x64) AppleWebKit/537.36 (KHTML, like Gecko) Chrome/148.0.0.0 Safari/537.36"
187.109.221.38 - - [27/May/2026:11:05:50 -0300] "GET /cpsess5615926962/3rdparty/roundcube/?_task=mail&_action=getunread&_page=1&_remote=1&_unlock=0&_=1779890749032 HTTP/1.1" 308 214 "https://webmail.grupobig.com/cpsess5615926962/3rdparty/roundcube/?_task=mail&_mbox=INBOX.BOLETOS%20E%20COMUNICADOS%20FORNECEDORES" "Mozilla/5.0 (Windows NT 10.0; Win64; x64) AppleWebKit/537.36 (KHTML, like Gecko) Chrome/148.0.0.0 Safari/537.36"
66.249.75.101 - - [27/May/2026:11:05:50 -0300] "GET /items/D837086378 HTTP/1.1" 404 - "-" "Mozilla/5.0 (Linux; Android 6.0.1; Nexus 5X Build/MMB29P) AppleWebKit/537.36 (KHTML, like Gecko) Chrome/148.0.7778.96 Mobile Safari/537.36 (compatible; GoogleOther)"
187.109.221.38 - - [27/May/2026:11:05:50 -0300] "GET /cpsess5615926962/3rdparty/roundcube/?_task=mail&_action=list&_refresh=1&_layout=widescreen&_mbox=INBOX.BOLETOS%20E%20COMUNICADOS%20FORNECEDORES&_page=&_remote=1&_unlock=loading1779890749228&_=1779890749031 HTTP/1.1" 200 3582 "https://webmail.grupobig.com/cpsess5615926962/3rdparty/roundcube/?_task=mail&_mbox=INBOX.BOLETOS%20E%20COMUNICADOS%20FORNECEDORES" "Mozilla/5.0 (Windows NT 10.0; Win64; x64) AppleWebKit/537.36 (KHTML, like Gecko) Chrome/148.0.0.0 Safari/537.36"
187.109.221.38 - - [27/May/2026:11:05:50 -0300] "GET /cpsess5615926962/3rdparty/roundcube/skins/elastic/watermark.html HTTP/1.1" 200 494 "https://webmail.grupobig.com/cpsess5615926962/3rdparty/roundcube/?_task=mail&_mbox=INBOX.BOLETOS%20E%20COMUNICADOS%20FORNECEDORES" "Mozilla/5.0 (Windows NT 10.0; Win64; x64) AppleWebKit/537.36 (KHTML, like Gecko) Chrome/148.0.0.0 Safari/537.36"
187.109.221.38 - - [27/May/2026:11:05:51 -0300] "GET /cpsess5615926962/3rdparty/roundcube/skins/elastic/watermark.html HTTP/1.1" 200 494 "https://webmail.grupobig.com/cpsess5615926962/3rdparty/roundcube/?_task=mail&_mbox=INBOX.BOLETOS%20E%20COMUNICADOS%20FORNECEDORES" "Mozilla/5.0 (Windows NT 10.0; Win64; x64) AppleWebKit/537.36 (KHTML, like Gecko) Chrome/148.0.0.0 Safari/537.36"
187.109.221.38 - - [27/May/2026:11:05:50 -0300] "GET /cpsess5615926962/3rdparty/roundcube/?_task=mail&_action=getunread&_page=1&_remote=1&_unlock=0&_=1779890749032 HTTP/1.1" 200 1439 "https://webmail.grupobig.com/cpsess5615926962/3rdparty/roundcube/?_task=mail&_mbox=INBOX.BOLETOS%20E%20COMUNICADOS%20FORNECEDORES" "Mozilla/5.0 (Windows NT 10.0; Win64; x64) AppleWebKit/537.36 (KHTML, like Gecko) Chrome/148.0.0.0 Safari/537.36"
187.109.221.38 - - [27/May/2026:11:05:52 -0300] "POST /cpsess3084812409/3rdparty/roundcube/?_task=mail&_action=refresh HTTP/1.1" 308 152 "https://webmail.grupobig.com/cpsess3084812409/3rdparty/roundcube/?_task=mail&_mbox=INBOX&_page=2" "Mozilla/5.0 (Windows NT 10.0; Win64; x64) AppleWebKit/537.36 (KHTML, like Gecko) Chrome/146.0.0.0 Safari/537.36"
66.249.75.101 - - [27/May/2026:11:05:52 -0300] "GET /?zhHant/product/surugaya/67757777?campaign_uid=f64d716db5e979ed2f947dbaf4296895b951ae7f HTTP/1.1" 200 12204 "-" "Mozilla/5.0 (Linux; Android 6.0.1; Nexus 5X Build/MMB29P) AppleWebKit/537.36 (KHTML, like Gecko) Chrome/148.0.7778.96 Mobile Safari/537.36 (compatible; Googlebot/2.1; +http://www.google.com/bot.html)"
66.249.72.32 - - [27/May/2026:11:05:53 -0300] "GET /?products/11831103/ HTTP/1.1" 200 12204 "-" "Mozilla/5.0 (Linux; Android 6.0.1; Nexus 5X Build/MMB29P) AppleWebKit/537.36 (KHTML, like Gecko) Chrome/148.0.7778.96 Mobile Safari/537.36 (compatible; Googlebot/2.1; +http://www.google.com/bot.html)"
187.109.221.38 - - [27/May/2026:11:05:52 -0300] "POST /cpsess3084812409/3rdparty/roundcube/?_task=mail&_action=refresh HTTP/1.1" 200 1388 "https://webmail.grupobig.com/cpsess3084812409/3rdparty/roundcube/?_task=mail&_mbox=INBOX&_page=2" "Mozilla/5.0 (Windows NT 10.0; Win64; x64) AppleWebKit/537.36 (KHTML, like Gecko) Chrome/146.0.0.0 Safari/537.36"
66.249.72.32 - - [27/May/2026:11:05:56 -0300] "GET /items/E870703874 HTTP/1.1" 404 - "-" "Mozilla/5.0 (Linux; Android 6.0.1; Nexus 5X Build/MMB29P) AppleWebKit/537.36 (KHTML, like Gecko) Chrome/148.0.7778.96 Mobile Safari/537.36 (compatible; GoogleOther)"
187.109.221.38 - - [27/May/2026:11:05:56 -0300] "POST /cpsess0520021314/3rdparty/roundcube/?_task=mail&_action=refresh HTTP/1.1" 308 152 "https://webmail.grupobig.com/cpsess0520021314/3rdparty/roundcube/?_task=mail&_mbox=INBOX" "Mozilla/5.0 (Windows NT 10.0; Win64; x64) AppleWebKit/537.36 (KHTML, like Gecko) Chrome/148.0.0.0 Safari/537.36"
187.109.221.38 - - [27/May/2026:11:05:56 -0300] "POST /cpsess5615926962/3rdparty/roundcube/?_task=mail&_action=mark HTTP/1.1" 308 149 "https://webmail.grupobig.com/cpsess5615926962/3rdparty/roundcube/?_task=mail&_mbox=INBOX.BOLETOS%20E%20COMUNICADOS%20FORNECEDORES" "Mozilla/5.0 (Windows NT 10.0; Win64; x64) AppleWebKit/537.36 (KHTML, like Gecko) Chrome/148.0.0.0 Safari/537.36"
187.109.221.38 - - [27/May/2026:11:05:56 -0300] "POST /cpsess5615926962/3rdparty/roundcube/?_task=mail&_action=mark HTTP/1.1" 200 1386 "https://webmail.grupobig.com/cpsess5615926962/3rdparty/roundcube/?_task=mail&_mbox=INBOX.BOLETOS%20E%20COMUNICADOS%20FORNECEDORES" "Mozilla/5.0 (Windows NT 10.0; Win64; x64) AppleWebKit/537.36 (KHTML, like Gecko) Chrome/148.0.0.0 Safari/537.36"
187.109.221.38 - - [27/May/2026:11:05:56 -0300] "POST /cpsess0520021314/3rdparty/roundcube/?_task=mail&_action=refresh HTTP/1.1" 200 1391 "https://webmail.grupobig.com/cpsess0520021314/3rdparty/roundcube/?_task=mail&_mbox=INBOX" "Mozilla/5.0 (Windows NT 10.0; Win64; x64) AppleWebKit/537.36 (KHTML, like Gecko) Chrome/148.0.0.0 Safari/537.36"
66.249.72.33 - - [27/May/2026:11:06:00 -0300] "GET /items/E868034276 HTTP/1.1" 404 - "-" "Mozilla/5.0 (Linux; Android 6.0.1; Nexus 5X Build/MMB29P) AppleWebKit/537.36 (KHTML, like Gecko) Chrome/148.0.7778.96 Mobile Safari/537.36 (compatible; GoogleOther)"
66.249.75.103 - - [27/May/2026:11:06:01 -0300] "GET /items/D844862118 HTTP/1.1" 404 - "-" "Mozilla/5.0 (Linux; Android 6.0.1; Nexus 5X Build/MMB29P) AppleWebKit/537.36 (KHTML, like Gecko) Chrome/148.0.7778.96 Mobile Safari/537.36 (compatible; GoogleOther)"
187.109.221.38 - - [27/May/2026:11:06:02 -0300] "GET /cpsess5615926962/3rdparty/roundcube/?_task=mail&_caps=pdf%3D1%2Cflash%3D0%2Ctiff%3D0%2Cwebp%3D1%2Cpgpmime%3D0&_uid=1887&_mbox=INBOX.BOLETOS%20E%20COMUNICADOS%20FORNECEDORES&_framed=1&_action=preview HTTP/1.1" 200 8733 "https://webmail.grupobig.com/cpsess5615926962/3rdparty/roundcube/?_task=mail&_mbox=INBOX.BOLETOS%20E%20COMUNICADOS%20FORNECEDORES" "Mozilla/5.0 (Windows NT 10.0; Win64; x64) AppleWebKit/537.36 (KHTML, like Gecko) Chrome/148.0.0.0 Safari/537.36"
187.109.221.38 - - [27/May/2026:11:06:03 -0300] "GET /cpsess5615926962/3rdparty/roundcube/?_task=mail&_caps=pdf%3D1%2Cflash%3D0%2Ctiff%3D0%2Cwebp%3D1%2Cpgpmime%3D0&_uid=1887&_mbox=INBOX.BOLETOS%20E%20COMUNICADOS%20FORNECEDORES&_action=show HTTP/1.1" 308 286 "https://webmail.grupobig.com/cpsess5615926962/3rdparty/roundcube/?_task=mail&_mbox=INBOX.BOLETOS%20E%20COMUNICADOS%20FORNECEDORES" "Mozilla/5.0 (Windows NT 10.0; Win64; x64) AppleWebKit/537.36 (KHTML, like Gecko) Chrome/148.0.0.0 Safari/537.36"
187.109.221.38 - - [27/May/2026:11:06:03 -0300] "GET /cpsess5615926962/3rdparty/roundcube/?_task=addressbook&_action=photo&_email=faturamento%40boavistatecnologia.com.br&_error=1&_bgcolor=transparent HTTP/1.1" 204 - "https://webmail.grupobig.com/cpsess5615926962/3rdparty/roundcube/?_task=mail&_caps=pdf%3D1%2Cflash%3D0%2Ctiff%3D0%2Cwebp%3D1%2Cpgpmime%3D0&_uid=1887&_mbox=INBOX.BOLETOS%20E%20COMUNICADOS%20FORNECEDORES&_framed=1&_action=preview" "Mozilla/5.0 (Windows NT 10.0; Win64; x64) AppleWebKit/537.36 (KHTML, like Gecko) Chrome/148.0.0.0 Safari/537.36"
187.109.221.38 - - [27/May/2026:11:06:03 -0300] "GET /cpsess5615926962/3rdparty/roundcube/?_task=mail&_caps=pdf%3d1%2cflash%3d0%2ctiff%3d0%2cwebp%3d1%2cpgpmime%3d0&_uid=1887&_mbox=INBOX.BOLETOS%20E%20COMUNICADOS%20FORNECEDORES&_action=show HTTP/1.1" 200 11575 "https://webmail.grupobig.com/cpsess5615926962/3rdparty/roundcube/?_task=mail&_mbox=INBOX.BOLETOS%20E%20COMUNICADOS%20FORNECEDORES" "Mozilla/5.0 (Windows NT 10.0; Win64; x64) AppleWebKit/537.36 (KHTML, like Gecko) Chrome/148.0.0.0 Safari/537.36"
187.109.221.38 - - [27/May/2026:11:06:04 -0300] "GET /cpsess5615926962/3rdparty/roundcube/?_task=addressbook&_action=photo&_email=faturamento%40boavistatecnologia.com.br&_error=1&_bgcolor=transparent HTTP/1.1" 204 - "https://webmail.grupobig.com/cpsess5615926962/3rdparty/roundcube/?_task=mail&_caps=pdf%3d1%2cflash%3d0%2ctiff%3d0%2cwebp%3d1%2cpgpmime%3d0&_uid=1887&_mbox=INBOX.BOLETOS%20E%20COMUNICADOS%20FORNECEDORES&_action=show" "Mozilla/5.0 (Windows NT 10.0; Win64; x64) AppleWebKit/537.36 (KHTML, like Gecko) Chrome/148.0.0.0 Safari/537.36"
187.109.221.38 - - [27/May/2026:11:06:04 -0300] "GET /cpsess5615926962/3rdparty/roundcube/?_task=mail&_action=pagenav&_uid=1887&_mbox=INBOX.BOLETOS%20E%20COMUNICADOS%20FORNECEDORES&_remote=1&_unlock=loading1779890763152&_=1779890763086 HTTP/1.1" 200 1459 "https://webmail.grupobig.com/cpsess5615926962/3rdparty/roundcube/?_task=mail&_caps=pdf%3d1%2cflash%3d0%2ctiff%3d0%2cwebp%3d1%2cpgpmime%3d0&_uid=1887&_mbox=INBOX.BOLETOS%20E%20COMUNICADOS%20FORNECEDORES&_action=show" "Mozilla/5.0 (Windows NT 10.0; Win64; x64) AppleWebKit/537.36 (KHTML, like Gecko) Chrome/148.0.0.0 Safari/537.36"
187.109.221.38 - - [27/May/2026:11:06:08 -0300] "GET /cpsess5615926962/3rdparty/roundcube/?_task=mail&_frame=1&_mbox=INBOX.BOLETOS%20E%20COMUNICADOS%20FORNECEDORES&_uid=1887&_part=2&_action=get&_extwin=1 HTTP/1.1" 200 6312 "https://webmail.grupobig.com/cpsess5615926962/3rdparty/roundcube/?_task=mail&_caps=pdf%3d1%2cflash%3d0%2ctiff%3d0%2cwebp%3d1%2cpgpmime%3d0&_uid=1887&_mbox=INBOX.BOLETOS%20E%20COMUNICADOS%20FORNECEDORES&_action=show" "Mozilla/5.0 (Windows NT 10.0; Win64; x64) AppleWebKit/537.36 (KHTML, like Gecko) Chrome/148.0.0.0 Safari/537.36"
187.109.221.38 - - [27/May/2026:11:06:09 -0300] "GET /cpsess5615926962/3rdparty/roundcube/?_task=mail&_mbox=INBOX.BOLETOS+E+COMUNICADOS+FORNECEDORES&_uid=1887&_part=2&_action=get&_extwin=1&_preload=1&_framed=1 HTTP/1.1" 200 379 "https://webmail.grupobig.com/cpsess5615926962/3rdparty/roundcube/?_task=mail&_frame=1&_mbox=INBOX.BOLETOS%20E%20COMUNICADOS%20FORNECEDORES&_uid=1887&_part=2&_action=get&_extwin=1" "Mozilla/5.0 (Windows NT 10.0; Win64; x64) AppleWebKit/537.36 (KHTML, like Gecko) Chrome/148.0.0.0 Safari/537.36"
187.109.221.38 - - [27/May/2026:11:06:09 -0300] "GET /cpsess5615926962/3rdparty/roundcube/?_task=mail&_mbox=INBOX.BOLETOS+E+COMUNICADOS+FORNECEDORES&_uid=1887&_part=2&_action=get&_extwin=1&_framed=1&_mimewarning=1&_embed=1 HTTP/1.1" 200 31938 "https://webmail.grupobig.com/cpsess5615926962/3rdparty/roundcube/?_task=mail&_mbox=INBOX.BOLETOS+E+COMUNICADOS+FORNECEDORES&_uid=1887&_part=2&_action=get&_extwin=1&_preload=1&_framed=1" "Mozilla/5.0 (Windows NT 10.0; Win64; x64) AppleWebKit/537.36 (KHTML, like Gecko) Chrome/148.0.0.0 Safari/537.36"
66.249.72.33 - - [27/May/2026:11:06:12 -0300] "GET /items/E889491230 HTTP/1.1" 404 - "-" "Mozilla/5.0 (Linux; Android 6.0.1; Nexus 5X Build/MMB29P) AppleWebKit/537.36 (KHTML, like Gecko) Chrome/148.0.7778.96 Mobile Safari/537.36 (compatible; GoogleOther)"
187.109.221.38 - - [27/May/2026:11:06:18 -0300] "POST /cpsess1908416372/3rdparty/roundcube/?_task=mail&_action=refresh HTTP/1.1" 308 152 "https://webmail.grupobig.com/cpsess1908416372/3rdparty/roundcube/?_task=mail&_mbox=INBOX" "Mozilla/5.0 (Windows NT 10.0; Win64; x64) AppleWebKit/537.36 (KHTML, like Gecko) Chrome/148.0.0.0 Safari/537.36"
187.109.221.38 - - [27/May/2026:11:06:18 -0300] "POST /cpsess1908416372/3rdparty/roundcube/?_task=mail&_action=refresh HTTP/1.1" 200 1388 "https://webmail.grupobig.com/cpsess1908416372/3rdparty/roundcube/?_task=mail&_mbox=INBOX" "Mozilla/5.0 (Windows NT 10.0; Win64; x64) AppleWebKit/537.36 (KHTML, like Gecko) Chrome/148.0.0.0 Safari/537.36"
66.249.72.32 - - [27/May/2026:11:06:20 -0300] "GET /items/E862476326 HTTP/1.1" 404 - "-" "Mozilla/5.0 (Linux; Android 6.0.1; Nexus 5X Build/MMB29P) AppleWebKit/537.36 (KHTML, like Gecko) Chrome/148.0.7778.96 Mobile Safari/537.36 (compatible; GoogleOther)"
66.249.75.101 - - [27/May/2026:11:06:22 -0300] "GET /items/D817806642 HTTP/1.1" 404 - "-" "Mozilla/5.0 (Linux; Android 6.0.1; Nexus 5X Build/MMB29P) AppleWebKit/537.36 (KHTML, like Gecko) Chrome/148.0.7778.96 Mobile Safari/537.36 (compatible; GoogleOther)"
66.249.72.32 - - [27/May/2026:11:06:29 -0300] "GET /items/E865385252 HTTP/1.1" 404 - "-" "Mozilla/5.0 (Linux; Android 6.0.1; Nexus 5X Build/MMB29P) AppleWebKit/537.36 (KHTML, like Gecko) Chrome/148.0.7778.96 Mobile Safari/537.36 (compatible; GoogleOther)"
66.249.75.101 - - [27/May/2026:11:06:33 -0300] "GET /items/D811164090 HTTP/1.1" 404 - "-" "Mozilla/5.0 (Linux; Android 6.0.1; Nexus 5X Build/MMB29P) AppleWebKit/537.36 (KHTML, like Gecko) Chrome/148.0.7778.96 Mobile Safari/537.36 (compatible; GoogleOther)"
187.109.221.38 - - [27/May/2026:11:06:40 -0300] "POST /cpsess1908416372/3rdparty/roundcube/?_task=mail&_action=refresh HTTP/1.1" 308 152 "https://webmail.grupobig.com/cpsess1908416372/3rdparty/roundcube/?_task=mail&_mbox=INBOX" "Mozilla/5.0 (Windows NT 10.0; Win64; x64) AppleWebKit/537.36 (KHTML, like Gecko) Chrome/148.0.0.0 Safari/537.36"
187.109.221.38 - - [27/May/2026:11:06:40 -0300] "POST /cpsess1908416372/3rdparty/roundcube/?_task=mail&_action=refresh HTTP/1.1" 200 1388 "https://webmail.grupobig.com/cpsess1908416372/3rdparty/roundcube/?_task=mail&_mbox=INBOX" "Mozilla/5.0 (Windows NT 10.0; Win64; x64) AppleWebKit/537.36 (KHTML, like Gecko) Chrome/148.0.0.0 Safari/537.36"
66.249.72.32 - - [27/May/2026:11:06:43 -0300] "GET /items/E887440607 HTTP/1.1" 404 - "-" "Mozilla/5.0 (Linux; Android 6.0.1; Nexus 5X Build/MMB29P) AppleWebKit/537.36 (KHTML, like Gecko) Chrome/148.0.7778.96 Mobile Safari/537.36 (compatible; GoogleOther)"
66.249.75.101 - - [27/May/2026:11:06:45 -0300] "GET /items/D812799822 HTTP/1.1" 404 - "-" "Mozilla/5.0 (Linux; Android 6.0.1; Nexus 5X Build/MMB29P) AppleWebKit/537.36 (KHTML, like Gecko) Chrome/148.0.7778.96 Mobile Safari/537.36 (compatible; GoogleOther)"
187.109.221.38 - - [27/May/2026:11:06:50 -0300] "POST /cpsess3084812409/3rdparty/roundcube/?_task=mail&_action=refresh HTTP/1.1" 308 152 "https://webmail.grupobig.com/cpsess3084812409/3rdparty/roundcube/?_task=mail&_mbox=INBOX&_page=2" "Mozilla/5.0 (Windows NT 10.0; Win64; x64) AppleWebKit/537.36 (KHTML, like Gecko) Chrome/146.0.0.0 Safari/537.36"
57.141.2.50 - - [27/May/2026:11:06:51 -0300] "GET /items/D822359358 HTTP/1.1" 404 - "-" "meta-externalagent/1.1 (+https://developers.facebook.com/docs/sharing/webmasters/crawler)"
187.109.221.38 - - [27/May/2026:11:06:51 -0300] "POST /cpsess3084812409/3rdparty/roundcube/?_task=mail&_action=refresh HTTP/1.1" 200 1389 "https://webmail.grupobig.com/cpsess3084812409/3rdparty/roundcube/?_task=mail&_mbox=INBOX&_page=2" "Mozilla/5.0 (Windows NT 10.0; Win64; x64) AppleWebKit/537.36 (KHTML, like Gecko) Chrome/146.0.0.0 Safari/537.36"
66.249.72.32 - - [27/May/2026:11:06:53 -0300] "GET /products/29142747/ HTTP/1.1" 404 - "-" "Mozilla/5.0 (Linux; Android 6.0.1; Nexus 5X Build/MMB29P) AppleWebKit/537.36 (KHTML, like Gecko) Chrome/148.0.7778.96 Mobile Safari/537.36 (compatible; Googlebot/2.1; +http://www.google.com/bot.html)"
66.249.75.101 - - [27/May/2026:11:06:54 -0300] "GET /items/D835520618 HTTP/1.1" 404 - "-" "Mozilla/5.0 (Linux; Android 6.0.1; Nexus 5X Build/MMB29P) AppleWebKit/537.36 (KHTML, like Gecko) Chrome/148.0.7778.96 Mobile Safari/537.36 (compatible; GoogleOther)"
187.109.221.38 - - [27/May/2026:11:06:56 -0300] "POST /cpsess0520021314/3rdparty/roundcube/?_task=mail&_action=refresh HTTP/1.1" 308 152 "https://webmail.grupobig.com/cpsess0520021314/3rdparty/roundcube/?_task=mail&_mbox=INBOX" "Mozilla/5.0 (Windows NT 10.0; Win64; x64) AppleWebKit/537.36 (KHTML, like Gecko) Chrome/148.0.0.0 Safari/537.36"
187.109.221.38 - - [27/May/2026:11:06:56 -0300] "POST /cpsess0520021314/3rdparty/roundcube/?_task=mail&_action=refresh HTTP/1.1" 200 1391 "https://webmail.grupobig.com/cpsess0520021314/3rdparty/roundcube/?_task=mail&_mbox=INBOX" "Mozilla/5.0 (Windows NT 10.0; Win64; x64) AppleWebKit/537.36 (KHTML, like Gecko) Chrome/148.0.0.0 Safari/537.36"
66.249.72.34 - - [27/May/2026:11:06:59 -0300] "GET /items/E907961930 HTTP/1.1" 404 - "-" "Mozilla/5.0 (Linux; Android 6.0.1; Nexus 5X Build/MMB29P) AppleWebKit/537.36 (KHTML, like Gecko) Chrome/148.0.7778.96 Mobile Safari/537.36 (compatible; GoogleOther)"
187.109.221.38 - - [27/May/2026:11:07:04 -0300] "POST /cpsess5615926962/3rdparty/roundcube/?_task=mail&_action=refresh HTTP/1.1" 308 152 "https://webmail.grupobig.com/cpsess5615926962/3rdparty/roundcube/?_task=mail&_caps=pdf%3d1%2cflash%3d0%2ctiff%3d0%2cwebp%3d1%2cpgpmime%3d0&_uid=1887&_mbox=INBOX.BOLETOS%20E%20COMUNICADOS%20FORNECEDORES&_action=show" "Mozilla/5.0 (Windows NT 10.0; Win64; x64) AppleWebKit/537.36 (KHTML, like Gecko) Chrome/148.0.0.0 Safari/537.36"
187.109.221.38 - - [27/May/2026:11:07:05 -0300] "POST /cpsess5615926962/3rdparty/roundcube/?_task=mail&_action=refresh HTTP/1.1" 200 1333 "https://webmail.grupobig.com/cpsess5615926962/3rdparty/roundcube/?_task=mail&_caps=pdf%3d1%2cflash%3d0%2ctiff%3d0%2cwebp%3d1%2cpgpmime%3d0&_uid=1887&_mbox=INBOX.BOLETOS%20E%20COMUNICADOS%20FORNECEDORES&_action=show" "Mozilla/5.0 (Windows NT 10.0; Win64; x64) AppleWebKit/537.36 (KHTML, like Gecko) Chrome/148.0.0.0 Safari/537.36"
66.249.75.103 - - [27/May/2026:11:07:05 -0300] "GET /items/D817307962 HTTP/1.1" 404 - "-" "Mozilla/5.0 (Linux; Android 6.0.1; Nexus 5X Build/MMB29P) AppleWebKit/537.36 (KHTML, like Gecko) Chrome/148.0.7778.96 Mobile Safari/537.36 (compatible; GoogleOther)"
66.249.72.33 - - [27/May/2026:11:07:07 -0300] "GET /items/E917830646 HTTP/1.1" 404 - "-" "Mozilla/5.0 (Linux; Android 6.0.1; Nexus 5X Build/MMB29P) AppleWebKit/537.36 (KHTML, like Gecko) Chrome/148.0.7778.96 Mobile Safari/537.36 (compatible; GoogleOther)"
66.249.75.101 - - [27/May/2026:11:07:16 -0300] "GET /items/D771483022 HTTP/1.1" 404 - "-" "Mozilla/5.0 (Linux; Android 6.0.1; Nexus 5X Build/MMB29P) AppleWebKit/537.36 (KHTML, like Gecko) Chrome/148.0.7778.96 Mobile Safari/537.36 (compatible; GoogleOther)"
187.109.221.38 - - [27/May/2026:11:07:18 -0300] "POST /cpsess1908416372/3rdparty/roundcube/?_task=mail&_action=refresh HTTP/1.1" 308 152 "https://webmail.grupobig.com/cpsess1908416372/3rdparty/roundcube/?_task=mail&_mbox=INBOX" "Mozilla/5.0 (Windows NT 10.0; Win64; x64) AppleWebKit/537.36 (KHTML, like Gecko) Chrome/148.0.0.0 Safari/537.36"
187.109.221.38 - - [27/May/2026:11:07:18 -0300] "POST /cpsess1908416372/3rdparty/roundcube/?_task=mail&_action=refresh HTTP/1.1" 200 1389 "https://webmail.grupobig.com/cpsess1908416372/3rdparty/roundcube/?_task=mail&_mbox=INBOX" "Mozilla/5.0 (Windows NT 10.0; Win64; x64) AppleWebKit/537.36 (KHTML, like Gecko) Chrome/148.0.0.0 Safari/537.36"
66.249.75.101 - - [27/May/2026:11:07:27 -0300] "GET /items/D770584418 HTTP/1.1" 404 - "-" "Mozilla/5.0 (Linux; Android 6.0.1; Nexus 5X Build/MMB29P) AppleWebKit/537.36 (KHTML, like Gecko) Chrome/148.0.7778.96 Mobile Safari/537.36 (compatible; GoogleOther)"
187.109.221.38 - - [27/May/2026:11:07:28 -0300] "POST /cpsess3856166233/3rdparty/roundcube/?_task=mail&_action=refresh HTTP/1.1" 308 152 "https://webmail.grupobig.com/cpsess3856166233/3rdparty/roundcube/?_task=mail&_caps=pdf%3D1%2Cflash%3D0%2Ctiff%3D0%2Cwebp%3D1%2Cpgpmime%3D0&_uid=7100&_mbox=INBOX&_action=show" "Mozilla/5.0 (Windows NT 10.0; Win64; x64) AppleWebKit/537.36 (KHTML, like Gecko) Chrome/148.0.0.0 Safari/537.36"
187.109.221.38 - - [27/May/2026:11:07:29 -0300] "POST /cpsess3856166233/3rdparty/roundcube/?_task=mail&_action=refresh HTTP/1.1" 200 1330 "https://webmail.grupobig.com/cpsess3856166233/3rdparty/roundcube/?_task=mail&_caps=pdf%3D1%2Cflash%3D0%2Ctiff%3D0%2Cwebp%3D1%2Cpgpmime%3D0&_uid=7100&_mbox=INBOX&_action=show" "Mozilla/5.0 (Windows NT 10.0; Win64; x64) AppleWebKit/537.36 (KHTML, like Gecko) Chrome/148.0.0.0 Safari/537.36"
66.249.72.32 - - [27/May/2026:11:07:29 -0300] "GET /items/E886145309 HTTP/1.1" 404 - "-" "Mozilla/5.0 (Linux; Android 6.0.1; Nexus 5X Build/MMB29P) AppleWebKit/537.36 (KHTML, like Gecko) Chrome/148.0.7778.96 Mobile Safari/537.36 (compatible; GoogleOther)"
66.249.72.32 - - [27/May/2026:11:07:31 -0300] "GET /items/E906255503 HTTP/1.1" 404 - "-" "Mozilla/5.0 (Linux; Android 6.0.1; Nexus 5X Build/MMB29P) AppleWebKit/537.36 (KHTML, like Gecko) Chrome/148.0.7778.96 Mobile Safari/537.36 (compatible; GoogleOther)"
66.249.75.101 - - [27/May/2026:11:07:37 -0300] "GET /items/D830400454 HTTP/1.1" 404 - "-" "Mozilla/5.0 (Linux; Android 6.0.1; Nexus 5X Build/MMB29P) AppleWebKit/537.36 (KHTML, like Gecko) Chrome/148.0.7778.96 Mobile Safari/537.36 (compatible; GoogleOther)"
187.109.221.38 - - [27/May/2026:11:07:41 -0300] "POST /cpsess1908416372/3rdparty/roundcube/?_task=mail&_action=refresh HTTP/1.1" 308 152 "https://webmail.grupobig.com/cpsess1908416372/3rdparty/roundcube/?_task=mail&_mbox=INBOX" "Mozilla/5.0 (Windows NT 10.0; Win64; x64) AppleWebKit/537.36 (KHTML, like Gecko) Chrome/148.0.0.0 Safari/537.36"
187.109.221.38 - - [27/May/2026:11:07:41 -0300] "POST /cpsess1908416372/3rdparty/roundcube/?_task=mail&_action=refresh HTTP/1.1" 200 1389 "https://webmail.grupobig.com/cpsess1908416372/3rdparty/roundcube/?_task=mail&_mbox=INBOX" "Mozilla/5.0 (Windows NT 10.0; Win64; x64) AppleWebKit/537.36 (KHTML, like Gecko) Chrome/148.0.0.0 Safari/537.36"
66.249.72.32 - - [27/May/2026:11:07:48 -0300] "GET /items/E850773824 HTTP/1.1" 404 - "-" "Mozilla/5.0 (Linux; Android 6.0.1; Nexus 5X Build/MMB29P) AppleWebKit/537.36 (KHTML, like Gecko) Chrome/148.0.7778.96 Mobile Safari/537.36 (compatible; GoogleOther)"
187.109.221.38 - - [27/May/2026:11:07:50 -0300] "GET /cpsess5615926962/3rdparty/roundcube/?_task=mail&_mbox=INBOX.BOLETOS%20E%20COMUNICADOS%20FORNECEDORES HTTP/1.1" 200 14639 "https://webmail.grupobig.com/cpsess2328398270/3rdparty/roundcube/index.php?_task=mail&_mbox=INBOX" "Mozilla/5.0 (Windows NT 10.0; Win64; x64) AppleWebKit/537.36 (KHTML, like Gecko) Chrome/148.0.0.0 Safari/537.36"
187.109.221.38 - - [27/May/2026:11:07:51 -0300] "GET /cpsess5615926962/3rdparty/roundcube/?_task=mail&_caps=pdf%3D1%2Cflash%3D0%2Ctiff%3D0%2Cwebp%3D1%2Cpgpmime%3D0&_uid=1887&_mbox=INBOX.BOLETOS%20E%20COMUNICADOS%20FORNECEDORES&_framed=1&_action=preview HTTP/1.1" 200 8733 "https://webmail.grupobig.com/cpsess5615926962/3rdparty/roundcube/?_task=mail&_mbox=INBOX.BOLETOS%20E%20COMUNICADOS%20FORNECEDORES" "Mozilla/5.0 (Windows NT 10.0; Win64; x64) AppleWebKit/537.36 (KHTML, like Gecko) Chrome/148.0.0.0 Safari/537.36"
187.109.221.38 - - [27/May/2026:11:07:51 -0300] "GET /cpsess5615926962/3rdparty/roundcube/skins/elastic/watermark.html HTTP/1.1" 200 494 "https://webmail.grupobig.com/cpsess5615926962/3rdparty/roundcube/?_task=mail&_mbox=INBOX.BOLETOS%20E%20COMUNICADOS%20FORNECEDORES" "Mozilla/5.0 (Windows NT 10.0; Win64; x64) AppleWebKit/537.36 (KHTML, like Gecko) Chrome/148.0.0.0 Safari/537.36"
187.109.221.38 - - [27/May/2026:11:07:51 -0300] "GET /cpsess5615926962/3rdparty/roundcube/?_task=mail&_action=list&_refresh=1&_layout=widescreen&_mbox=INBOX.BOLETOS%20E%20COMUNICADOS%20FORNECEDORES&_page=&_remote=1&_unlock=loading1779890870288&_=1779890870046 HTTP/1.1" 200 3578 "https://webmail.grupobig.com/cpsess5615926962/3rdparty/roundcube/?_task=mail&_mbox=INBOX.BOLETOS%20E%20COMUNICADOS%20FORNECEDORES" "Mozilla/5.0 (Windows NT 10.0; Win64; x64) AppleWebKit/537.36 (KHTML, like Gecko) Chrome/148.0.0.0 Safari/537.36"
187.109.221.38 - - [27/May/2026:11:07:51 -0300] "GET /cpsess5615926962/3rdparty/roundcube/?_task=mail&_action=getunread&_page=1&_remote=1&_unlock=0&_=1779890870047 HTTP/1.1" 200 1439 "https://webmail.grupobig.com/cpsess5615926962/3rdparty/roundcube/?_task=mail&_mbox=INBOX.BOLETOS%20E%20COMUNICADOS%20FORNECEDORES" "Mozilla/5.0 (Windows NT 10.0; Win64; x64) AppleWebKit/537.36 (KHTML, like Gecko) Chrome/148.0.0.0 Safari/537.36"
66.249.72.32 - - [27/May/2026:11:07:55 -0300] "GET /items/E885188753 HTTP/1.1" 404 - "-" "Mozilla/5.0 (Linux; Android 6.0.1; Nexus 5X Build/MMB29P) AppleWebKit/537.36 (KHTML, like Gecko) Chrome/148.0.7778.96 Mobile Safari/537.36 (compatible; GoogleOther)"
187.109.221.38 - - [27/May/2026:11:07:56 -0300] "POST /cpsess0520021314/3rdparty/roundcube/?_task=mail&_action=refresh HTTP/1.1" 308 152 "https://webmail.grupobig.com/cpsess0520021314/3rdparty/roundcube/?_task=mail&_mbox=INBOX" "Mozilla/5.0 (Windows NT 10.0; Win64; x64) AppleWebKit/537.36 (KHTML, like Gecko) Chrome/148.0.0.0 Safari/537.36"
57.141.2.55 - - [27/May/2026:11:07:58 -0300] "GET /items/D780200850 HTTP/1.1" 404 - "-" "meta-externalagent/1.1 (+https://developers.facebook.com/docs/sharing/webmasters/crawler)"
187.109.221.38 - - [27/May/2026:11:07:56 -0300] "POST /cpsess0520021314/3rdparty/roundcube/?_task=mail&_action=refresh HTTP/1.1" 200 1391 "https://webmail.grupobig.com/cpsess0520021314/3rdparty/roundcube/?_task=mail&_mbox=INBOX" "Mozilla/5.0 (Windows NT 10.0; Win64; x64) AppleWebKit/537.36 (KHTML, like Gecko) Chrome/148.0.0.0 Safari/537.36"
66.249.75.101 - - [27/May/2026:11:07:59 -0300] "GET /items/D827406218 HTTP/1.1" 404 - "-" "Mozilla/5.0 (Linux; Android 6.0.1; Nexus 5X Build/MMB29P) AppleWebKit/537.36 (KHTML, like Gecko) Chrome/148.0.7778.96 Mobile Safari/537.36 (compatible; GoogleOther)"
187.109.221.38 - - [27/May/2026:11:07:59 -0300] "POST /cpsess5615926962/3rdparty/roundcube/?_task=mail&_action=mark HTTP/1.1" 200 1386 "https://webmail.grupobig.com/cpsess5615926962/3rdparty/roundcube/?_task=mail&_mbox=INBOX.BOLETOS%20E%20COMUNICADOS%20FORNECEDORES" "Mozilla/5.0 (Windows NT 10.0; Win64; x64) AppleWebKit/537.36 (KHTML, like Gecko) Chrome/148.0.0.0 Safari/537.36"
66.249.72.33 - - [27/May/2026:11:08:00 -0300] "GET /items/E916278767 HTTP/1.1" 404 - "-" "Mozilla/5.0 (Linux; Android 6.0.1; Nexus 5X Build/MMB29P) AppleWebKit/537.36 (KHTML, like Gecko) Chrome/148.0.7778.96 Mobile Safari/537.36 (compatible; GoogleOther)"
66.249.75.101 - - [27/May/2026:11:08:09 -0300] "GET /items/D842909874 HTTP/1.1" 404 - "-" "Mozilla/5.0 (Linux; Android 6.0.1; Nexus 5X Build/MMB29P) AppleWebKit/537.36 (KHTML, like Gecko) Chrome/148.0.7778.96 Mobile Safari/537.36 (compatible; GoogleOther)"
187.109.221.38 - - [27/May/2026:11:08:18 -0300] "POST /cpsess1908416372/3rdparty/roundcube/?_task=mail&_action=refresh HTTP/1.1" 308 152 "https://webmail.grupobig.com/cpsess1908416372/3rdparty/roundcube/?_task=mail&_mbox=INBOX" "Mozilla/5.0 (Windows NT 10.0; Win64; x64) AppleWebKit/537.36 (KHTML, like Gecko) Chrome/148.0.0.0 Safari/537.36"
66.249.72.32 - - [27/May/2026:11:08:19 -0300] "GET /items/E856241729 HTTP/1.1" 404 - "-" "Mozilla/5.0 (Linux; Android 6.0.1; Nexus 5X Build/MMB29P) AppleWebKit/537.36 (KHTML, like Gecko) Chrome/148.0.7778.96 Mobile Safari/537.36 (compatible; GoogleOther)"
66.249.75.101 - - [27/May/2026:11:08:20 -0300] "GET /items/D806244658 HTTP/1.1" 404 - "-" "Mozilla/5.0 (Linux; Android 6.0.1; Nexus 5X Build/MMB29P) AppleWebKit/537.36 (KHTML, like Gecko) Chrome/148.0.7778.96 Mobile Safari/537.36 (compatible; GoogleOther)"
187.109.221.38 - - [27/May/2026:11:08:18 -0300] "POST /cpsess1908416372/3rdparty/roundcube/?_task=mail&_action=refresh HTTP/1.1" 200 1388 "https://webmail.grupobig.com/cpsess1908416372/3rdparty/roundcube/?_task=mail&_mbox=INBOX" "Mozilla/5.0 (Windows NT 10.0; Win64; x64) AppleWebKit/537.36 (KHTML, like Gecko) Chrome/148.0.0.0 Safari/537.36"
187.109.221.38 - - [27/May/2026:11:08:28 -0300] "POST /cpsess3084812409/3rdparty/roundcube/?_task=mail&_action=refresh HTTP/1.1" 308 152 "https://webmail.grupobig.com/cpsess3084812409/3rdparty/roundcube/?_task=mail&_mbox=INBOX&_page=2" "Mozilla/5.0 (Windows NT 10.0; Win64; x64) AppleWebKit/537.36 (KHTML, like Gecko) Chrome/146.0.0.0 Safari/537.36"
66.249.72.32 - - [27/May/2026:11:08:29 -0300] "GET /items/E929525912 HTTP/1.1" 404 - "-" "Mozilla/5.0 (Linux; Android 6.0.1; Nexus 5X Build/MMB29P) AppleWebKit/537.36 (KHTML, like Gecko) Chrome/148.0.7778.96 Mobile Safari/537.36 (compatible; GoogleOther)"
66.249.75.101 - - [27/May/2026:11:08:31 -0300] "GET /items/D809320178 HTTP/1.1" 404 - "-" "Mozilla/5.0 (Linux; Android 6.0.1; Nexus 5X Build/MMB29P) AppleWebKit/537.36 (KHTML, like Gecko) Chrome/148.0.7778.96 Mobile Safari/537.36 (compatible; GoogleOther)"
66.249.75.101 - - [27/May/2026:11:08:41 -0300] "GET /items/D783741310 HTTP/1.1" 404 - "-" "Mozilla/5.0 (Linux; Android 6.0.1; Nexus 5X Build/MMB29P) AppleWebKit/537.36 (KHTML, like Gecko) Chrome/148.0.7778.96 Mobile Safari/537.36 (compatible; GoogleOther)"
66.249.72.32 - - [27/May/2026:11:08:43 -0300] "GET /items/E899544815 HTTP/1.1" 404 - "-" "Mozilla/5.0 (Linux; Android 6.0.1; Nexus 5X Build/MMB29P) AppleWebKit/537.36 (KHTML, like Gecko) Chrome/148.0.7778.96 Mobile Safari/537.36 (compatible; GoogleOther)"
187.109.221.38 - - [27/May/2026:11:08:29 -0300] "POST /cpsess3084812409/3rdparty/roundcube/?_task=mail&_action=refresh HTTP/1.1" 200 1389 "https://webmail.grupobig.com/cpsess3084812409/3rdparty/roundcube/?_task=mail&_mbox=INBOX&_page=2" "Mozilla/5.0 (Windows NT 10.0; Win64; x64) AppleWebKit/537.36 (KHTML, like Gecko) Chrome/146.0.0.0 Safari/537.36"
66.249.75.101 - - [27/May/2026:11:08:52 -0300] "GET /items/D767736930 HTTP/1.1" 404 - "-" "Mozilla/5.0 (Linux; Android 6.0.1; Nexus 5X Build/MMB29P) AppleWebKit/537.36 (KHTML, like Gecko) Chrome/148.0.7778.96 Mobile Safari/537.36 (compatible; GoogleOther)"
66.249.75.101 - - [27/May/2026:11:08:53 -0300] "GET /items/D774514050 HTTP/1.1" 404 - "-" "Mozilla/5.0 (Linux; Android 6.0.1; Nexus 5X Build/MMB29P) AppleWebKit/537.36 (KHTML, like Gecko) Chrome/148.0.7778.96 Mobile Safari/537.36 (compatible; Googlebot/2.1; +http://www.google.com/bot.html)"
66.249.72.32 - - [27/May/2026:11:08:59 -0300] "GET /items/E860830757 HTTP/1.1" 404 - "-" "Mozilla/5.0 (Linux; Android 6.0.1; Nexus 5X Build/MMB29P) AppleWebKit/537.36 (KHTML, like Gecko) Chrome/148.0.7778.96 Mobile Safari/537.36 (compatible; GoogleOther)"
66.249.75.101 - - [27/May/2026:11:09:03 -0300] "GET /items/D815933750 HTTP/1.1" 404 - "-" "Mozilla/5.0 (Linux; Android 6.0.1; Nexus 5X Build/MMB29P) AppleWebKit/537.36 (KHTML, like Gecko) Chrome/148.0.7778.96 Mobile Safari/537.36 (compatible; GoogleOther)"
57.141.2.60 - - [27/May/2026:11:09:05 -0300] "GET /items/D830956842 HTTP/1.1" 404 - "-" "meta-externalagent/1.1 (+https://developers.facebook.com/docs/sharing/webmasters/crawler)"
66.249.72.32 - - [27/May/2026:11:09:06 -0300] "GET /items/E917092736 HTTP/1.1" 404 - "-" "Mozilla/5.0 (Linux; Android 6.0.1; Nexus 5X Build/MMB29P) AppleWebKit/537.36 (KHTML, like Gecko) Chrome/148.0.7778.96 Mobile Safari/537.36 (compatible; GoogleOther)"
66.249.75.102 - - [27/May/2026:11:09:13 -0300] "GET /items/D781338714 HTTP/1.1" 404 - "-" "Mozilla/5.0 (Linux; Android 6.0.1; Nexus 5X Build/MMB29P) AppleWebKit/537.36 (KHTML, like Gecko) Chrome/148.0.7778.96 Mobile Safari/537.36 (compatible; GoogleOther)"
187.109.221.38 - - [27/May/2026:11:09:18 -0300] "GET /cpsess5615926962/3rdparty/roundcube/?_task=mail&_caps=pdf%3D1%2Cflash%3D0%2Ctiff%3D0%2Cwebp%3D1%2Cpgpmime%3D0&_uid=1883&_mbox=INBOX.BOLETOS%20E%20COMUNICADOS%20FORNECEDORES&_action=show HTTP/1.1" 308 286 "https://webmail.grupobig.com/cpsess5615926962/3rdparty/roundcube/?_task=mail&_mbox=INBOX.BOLETOS%20E%20COMUNICADOS%20FORNECEDORES" "Mozilla/5.0 (Windows NT 10.0; Win64; x64) AppleWebKit/537.36 (KHTML, like Gecko) Chrome/148.0.0.0 Safari/537.36"
187.109.221.38 - - [27/May/2026:11:08:42 -0300] "POST /cpsess1908416372/3rdparty/roundcube/?_task=mail&_action=refresh HTTP/1.1" 200 1389 "https://webmail.grupobig.com/cpsess1908416372/3rdparty/roundcube/?_task=mail&_mbox=INBOX" "Mozilla/5.0 (Windows NT 10.0; Win64; x64) AppleWebKit/537.36 (KHTML, like Gecko) Chrome/148.0.0.0 Safari/537.36"
187.109.221.38 - - [27/May/2026:11:08:51 -0300] "POST /cpsess5615926962/3rdparty/roundcube/?_task=mail&_action=refresh HTTP/1.1" 308 152 "https://webmail.grupobig.com/cpsess5615926962/3rdparty/roundcube/?_task=mail&_mbox=INBOX.BOLETOS%20E%20COMUNICADOS%20FORNECEDORES" "Mozilla/5.0 (Windows NT 10.0; Win64; x64) AppleWebKit/537.36 (KHTML, like Gecko) Chrome/148.0.0.0 Safari/537.36"
187.109.221.38 - - [27/May/2026:11:09:06 -0300] "GET /cpsess5615926962/3rdparty/roundcube/?_task=mail&_caps=pdf%3D1%2Cflash%3D0%2Ctiff%3D0%2Cwebp%3D1%2Cpgpmime%3D0&_uid=1883&_mbox=INBOX.BOLETOS%20E%20COMUNICADOS%20FORNECEDORES&_framed=1&_action=preview HTTP/1.1" 200 8625 "https://webmail.grupobig.com/cpsess5615926962/3rdparty/roundcube/?_task=mail&_mbox=INBOX.BOLETOS%20E%20COMUNICADOS%20FORNECEDORES" "Mozilla/5.0 (Windows NT 10.0; Win64; x64) AppleWebKit/537.36 (KHTML, like Gecko) Chrome/148.0.0.0 Safari/537.36"
187.109.221.38 - - [27/May/2026:11:09:18 -0300] "POST /cpsess1908416372/3rdparty/roundcube/?_task=mail&_action=refresh HTTP/1.1" 308 152 "https://webmail.grupobig.com/cpsess1908416372/3rdparty/roundcube/?_task=mail&_mbox=INBOX" "Mozilla/5.0 (Windows NT 10.0; Win64; x64) AppleWebKit/537.36 (KHTML, like Gecko) Chrome/148.0.0.0 Safari/537.36"
187.109.221.38 - - [27/May/2026:11:09:18 -0300] "GET /cpsess5615926962/3rdparty/roundcube/?_task=mail&_caps=pdf%3d1%2cflash%3d0%2ctiff%3d0%2cwebp%3d1%2cpgpmime%3d0&_uid=1883&_mbox=INBOX.BOLETOS%20E%20COMUNICADOS%20FORNECEDORES&_action=show HTTP/1.1" 200 11503 "https://webmail.grupobig.com/cpsess5615926962/3rdparty/roundcube/?_task=mail&_mbox=INBOX.BOLETOS%20E%20COMUNICADOS%20FORNECEDORES" "Mozilla/5.0 (Windows NT 10.0; Win64; x64) AppleWebKit/537.36 (KHTML, like Gecko) Chrome/148.0.0.0 Safari/537.36"
187.109.221.38 - - [27/May/2026:11:09:22 -0300] "GET /cpsess5615926962/3rdparty/roundcube/?_task=addressbook&_action=photo&_email=faturamento%40maisdados.com.br&_error=1&_bgcolor=transparent HTTP/1.1" 204 - "https://webmail.grupobig.com/cpsess5615926962/3rdparty/roundcube/?_task=mail&_caps=pdf%3d1%2cflash%3d0%2ctiff%3d0%2cwebp%3d1%2cpgpmime%3d0&_uid=1883&_mbox=INBOX.BOLETOS%20E%20COMUNICADOS%20FORNECEDORES&_action=show" "Mozilla/5.0 (Windows NT 10.0; Win64; x64) AppleWebKit/537.36 (KHTML, like Gecko) Chrome/148.0.0.0 Safari/537.36"
187.109.221.38 - - [27/May/2026:11:09:23 -0300] "GET /cpsess5615926962/3rdparty/roundcube/?_task=mail&_action=pagenav&_uid=1883&_mbox=INBOX.BOLETOS%20E%20COMUNICADOS%20FORNECEDORES&_remote=1&_unlock=loading1779890961663&_=1779890961598 HTTP/1.1" 200 1456 "https://webmail.grupobig.com/cpsess5615926962/3rdparty/roundcube/?_task=mail&_caps=pdf%3d1%2cflash%3d0%2ctiff%3d0%2cwebp%3d1%2cpgpmime%3d0&_uid=1883&_mbox=INBOX.BOLETOS%20E%20COMUNICADOS%20FORNECEDORES&_action=show" "Mozilla/5.0 (Windows NT 10.0; Win64; x64) AppleWebKit/537.36 (KHTML, like Gecko) Chrome/148.0.0.0 Safari/537.36"
66.249.75.101 - - [27/May/2026:11:09:24 -0300] "GET /items/D836572354 HTTP/1.1" 404 - "-" "Mozilla/5.0 (Linux; Android 6.0.1; Nexus 5X Build/MMB29P) AppleWebKit/537.36 (KHTML, like Gecko) Chrome/148.0.7778.96 Mobile Safari/537.36 (compatible; GoogleOther)"
187.109.221.38 - - [27/May/2026:11:09:25 -0300] "GET /cpsess5615926962/3rdparty/roundcube/?_task=mail&_frame=1&_mbox=INBOX.BOLETOS%20E%20COMUNICADOS%20FORNECEDORES&_uid=1883&_part=2&_action=get&_extwin=1 HTTP/1.1" 200 6316 "https://webmail.grupobig.com/cpsess5615926962/3rdparty/roundcube/?_task=mail&_caps=pdf%3d1%2cflash%3d0%2ctiff%3d0%2cwebp%3d1%2cpgpmime%3d0&_uid=1883&_mbox=INBOX.BOLETOS%20E%20COMUNICADOS%20FORNECEDORES&_action=show" "Mozilla/5.0 (Windows NT 10.0; Win64; x64) AppleWebKit/537.36 (KHTML, like Gecko) Chrome/148.0.0.0 Safari/537.36"
187.109.221.38 - - [27/May/2026:11:09:25 -0300] "GET /cpsess5615926962/3rdparty/roundcube/?_task=mail&_mbox=INBOX.BOLETOS+E+COMUNICADOS+FORNECEDORES&_uid=1883&_part=2&_action=get&_extwin=1&_preload=1&_framed=1 HTTP/1.1" 200 379 "https://webmail.grupobig.com/cpsess5615926962/3rdparty/roundcube/?_task=mail&_frame=1&_mbox=INBOX.BOLETOS%20E%20COMUNICADOS%20FORNECEDORES&_uid=1883&_part=2&_action=get&_extwin=1" "Mozilla/5.0 (Windows NT 10.0; Win64; x64) AppleWebKit/537.36 (KHTML, like Gecko) Chrome/148.0.0.0 Safari/537.36"
187.109.221.38 - - [27/May/2026:11:09:26 -0300] "GET /cpsess5615926962/3rdparty/roundcube/?_task=mail&_mbox=INBOX.BOLETOS+E+COMUNICADOS+FORNECEDORES&_uid=1883&_part=2&_action=get&_extwin=1&_framed=1&_mimewarning=1&_embed=1 HTTP/1.1" 200 23136 "https://webmail.grupobig.com/cpsess5615926962/3rdparty/roundcube/?_task=mail&_mbox=INBOX.BOLETOS+E+COMUNICADOS+FORNECEDORES&_uid=1883&_part=2&_action=get&_extwin=1&_preload=1&_framed=1" "Mozilla/5.0 (Windows NT 10.0; Win64; x64) AppleWebKit/537.36 (KHTML, like Gecko) Chrome/148.0.0.0 Safari/537.36"
187.109.221.38 - - [27/May/2026:11:09:28 -0300] "POST /cpsess3856166233/3rdparty/roundcube/?_task=mail&_action=refresh HTTP/1.1" 308 152 "https://webmail.grupobig.com/cpsess3856166233/3rdparty/roundcube/?_task=mail&_caps=pdf%3D1%2Cflash%3D0%2Ctiff%3D0%2Cwebp%3D1%2Cpgpmime%3D0&_uid=7100&_mbox=INBOX&_action=show" "Mozilla/5.0 (Windows NT 10.0; Win64; x64) AppleWebKit/537.36 (KHTML, like Gecko) Chrome/148.0.0.0 Safari/537.36"
187.109.221.38 - - [27/May/2026:11:08:56 -0300] "POST /cpsess0520021314/3rdparty/roundcube/?_task=mail&_action=refresh HTTP/1.1" 200 1391 "https://webmail.grupobig.com/cpsess0520021314/3rdparty/roundcube/?_task=mail&_mbox=INBOX" "Mozilla/5.0 (Windows NT 10.0; Win64; x64) AppleWebKit/537.36 (KHTML, like Gecko) Chrome/148.0.0.0 Safari/537.36"
187.109.221.38 - - [27/May/2026:11:09:19 -0300] "POST /cpsess5615926962/3rdparty/roundcube/?_task=mail&_action=refresh HTTP/1.1" 308 152 "https://webmail.grupobig.com/cpsess5615926962/3rdparty/roundcube/?_task=mail&_mbox=INBOX.BOLETOS%20E%20COMUNICADOS%20FORNECEDORES" "Mozilla/5.0 (Windows NT 10.0; Win64; x64) AppleWebKit/537.36 (KHTML, like Gecko) Chrome/148.0.0.0 Safari/537.36"
66.249.75.101 - - [27/May/2026:11:09:29 -0300] "GET /items/D765772254 HTTP/1.1" 404 - "-" "Mozilla/5.0 (Linux; Android 6.0.1; Nexus 5X Build/MMB29P) AppleWebKit/537.36 (KHTML, like Gecko) Chrome/148.0.7778.96 Mobile Safari/537.36 (compatible; GoogleOther)"
187.109.221.38 - - [27/May/2026:11:09:22 -0300] "GET /cpsess5615926962/3rdparty/roundcube/?_task=addressbook&_action=photo&_email=faturamento%40maisdados.com.br&_error=1&_bgcolor=transparent HTTP/1.1" 204 - "https://webmail.grupobig.com/cpsess5615926962/3rdparty/roundcube/?_task=mail&_caps=pdf%3D1%2Cflash%3D0%2Ctiff%3D0%2Cwebp%3D1%2Cpgpmime%3D0&_uid=1883&_mbox=INBOX.BOLETOS%20E%20COMUNICADOS%20FORNECEDORES&_framed=1&_action=preview" "Mozilla/5.0 (Windows NT 10.0; Win64; x64) AppleWebKit/537.36 (KHTML, like Gecko) Chrome/148.0.0.0 Safari/537.36"
