66.249.72.34 - - [27/May/2026:12:58:28 -0300] "GET /items/E906901748 HTTP/1.1" 404 - "-" "Mozilla/5.0 (Linux; Android 6.0.1; Nexus 5X Build/MMB29P) AppleWebKit/537.36 (KHTML, like Gecko) Chrome/148.0.7778.96 Mobile Safari/537.36 (compatible; GoogleOther)"
66.249.72.32 - - [27/May/2026:12:58:29 -0300] "GET /items/E866561831 HTTP/1.1" 404 - "-" "Mozilla/5.0 (Linux; Android 6.0.1; Nexus 5X Build/MMB29P) AppleWebKit/537.36 (KHTML, like Gecko) Chrome/148.0.7778.96 Mobile Safari/537.36 (compatible; GoogleOther)"
66.249.72.33 - - [27/May/2026:12:58:36 -0300] "GET /items/E905481359 HTTP/1.1" 404 - "-" "Mozilla/5.0 (Linux; Android 6.0.1; Nexus 5X Build/MMB29P) AppleWebKit/537.36 (KHTML, like Gecko) Chrome/148.0.7778.96 Mobile Safari/537.36 (compatible; GoogleOther)"
66.249.72.33 - - [27/May/2026:12:58:38 -0300] "GET /items/E868080959 HTTP/1.1" 404 - "-" "Mozilla/5.0 (Linux; Android 6.0.1; Nexus 5X Build/MMB29P) AppleWebKit/537.36 (KHTML, like Gecko) Chrome/148.0.7778.96 Mobile Safari/537.36 (compatible; GoogleOther)"
66.249.72.33 - - [27/May/2026:12:58:45 -0300] "GET /items/E853317440 HTTP/1.1" 404 - "-" "Mozilla/5.0 (Linux; Android 6.0.1; Nexus 5X Build/MMB29P) AppleWebKit/537.36 (KHTML, like Gecko) Chrome/148.0.7778.96 Mobile Safari/537.36 (compatible; GoogleOther)"
187.109.221.38 - - [27/May/2026:12:58:45 -0300] "POST /cpsess8755661300/3rdparty/roundcube/?_task=mail&_action=refresh HTTP/1.1" 308 152 "https://webmail.grupobig.com/cpsess8755661300/3rdparty/roundcube/?_task=mail&_mbox=INBOX" "Mozilla/5.0 (Windows NT 10.0; Win64; x64) AppleWebKit/537.36 (KHTML, like Gecko) Chrome/148.0.0.0 Safari/537.36 Edg/148.0.0.0"
187.109.221.38 - - [27/May/2026:12:58:46 -0300] "POST /cpsess8755661300/3rdparty/roundcube/?_task=mail&_action=refresh HTTP/1.1" 200 1390 "https://webmail.grupobig.com/cpsess8755661300/3rdparty/roundcube/?_task=mail&_mbox=INBOX" "Mozilla/5.0 (Windows NT 10.0; Win64; x64) AppleWebKit/537.36 (KHTML, like Gecko) Chrome/148.0.0.0 Safari/537.36 Edg/148.0.0.0"
187.109.221.38 - - [27/May/2026:12:58:48 -0300] "POST /cpsess0520021314/3rdparty/roundcube/?_task=mail&_action=refresh HTTP/1.1" 308 152 "https://webmail.grupobig.com/cpsess0520021314/3rdparty/roundcube/?_task=mail&_mbox=INBOX" "Mozilla/5.0 (Windows NT 10.0; Win64; x64) AppleWebKit/537.36 (KHTML, like Gecko) Chrome/148.0.0.0 Safari/537.36"
187.109.221.38 - - [27/May/2026:12:58:48 -0300] "POST /cpsess0520021314/3rdparty/roundcube/?_task=mail&_action=refresh HTTP/1.1" 200 1391 "https://webmail.grupobig.com/cpsess0520021314/3rdparty/roundcube/?_task=mail&_mbox=INBOX" "Mozilla/5.0 (Windows NT 10.0; Win64; x64) AppleWebKit/537.36 (KHTML, like Gecko) Chrome/148.0.0.0 Safari/537.36"
66.249.72.32 - - [27/May/2026:12:58:51 -0300] "GET /items/E885760532 HTTP/1.1" 404 - "-" "Mozilla/5.0 (Linux; Android 6.0.1; Nexus 5X Build/MMB29P) AppleWebKit/537.36 (KHTML, like Gecko) Chrome/148.0.7778.96 Mobile Safari/537.36 (compatible; GoogleOther)"
66.249.72.32 - - [27/May/2026:12:58:53 -0300] "GET /items/E925578809 HTTP/1.1" 404 - "-" "Mozilla/5.0 (Linux; Android 6.0.1; Nexus 5X Build/MMB29P) AppleWebKit/537.36 (KHTML, like Gecko) Chrome/148.0.7778.96 Mobile Safari/537.36 (compatible; GoogleOther)"
66.249.72.34 - - [27/May/2026:12:58:54 -0300] "GET /items/E850271084 HTTP/1.1" 404 - "-" "Mozilla/5.0 (Linux; Android 6.0.1; Nexus 5X Build/MMB29P) AppleWebKit/537.36 (KHTML, like Gecko) Chrome/148.0.7778.96 Mobile Safari/537.36 (compatible; GoogleOther)"
66.249.72.33 - - [27/May/2026:12:59:00 -0300] "GET /repositorio_dev/TESoft/n8n/?path=%2Fhome%2Fgrupo692%2Fpublic_html HTTP/1.1" 200 10566 "-" "Mozilla/5.0 (Linux; Android 6.0.1; Nexus 5X Build/MMB29P) AppleWebKit/537.36 (KHTML, like Gecko) Chrome/148.0.7778.96 Mobile Safari/537.36 (compatible; GoogleOther)"
66.249.72.33 - - [27/May/2026:12:59:03 -0300] "GET /items/E903453416 HTTP/1.1" 404 - "-" "Mozilla/5.0 (Linux; Android 6.0.1; Nexus 5X Build/MMB29P) AppleWebKit/537.36 (KHTML, like Gecko) Chrome/148.0.7778.96 Mobile Safari/537.36 (compatible; GoogleOther)"
66.249.72.32 - - [27/May/2026:12:59:11 -0300] "GET /repositorio_dev/TESoft/n8n/?path=%2Fhome%2Fgrupo692%2Fpublic_html HTTP/1.1" 200 10566 "-" "Mozilla/5.0 (Linux; Android 6.0.1; Nexus 5X Build/MMB29P) AppleWebKit/537.36 (KHTML, like Gecko) Chrome/148.0.7778.96 Mobile Safari/537.36 (compatible; Googlebot/2.1; +http://www.google.com/bot.html)"
57.141.2.12 - - [27/May/2026:12:59:12 -0300] "GET /items/D815325282 HTTP/1.1" 404 - "-" "meta-externalagent/1.1 (+https://developers.facebook.com/docs/sharing/webmasters/crawler)"
66.249.72.32 - - [27/May/2026:12:59:12 -0300] "GET /items/E920480993 HTTP/1.1" 404 - "-" "Mozilla/5.0 (Linux; Android 6.0.1; Nexus 5X Build/MMB29P) AppleWebKit/537.36 (KHTML, like Gecko) Chrome/148.0.7778.96 Mobile Safari/537.36 (compatible; GoogleOther)"
66.249.72.33 - - [27/May/2026:12:59:13 -0300] "GET /items/E876207500 HTTP/1.1" 404 - "-" "Mozilla/5.0 (Linux; Android 6.0.1; Nexus 5X Build/MMB29P) AppleWebKit/537.36 (KHTML, like Gecko) Chrome/148.0.7778.96 Mobile Safari/537.36 (compatible; GoogleOther)"
66.249.72.32 - - [27/May/2026:12:59:23 -0300] "GET /items/E854890919 HTTP/1.1" 404 - "-" "Mozilla/5.0 (Linux; Android 6.0.1; Nexus 5X Build/MMB29P) AppleWebKit/537.36 (KHTML, like Gecko) Chrome/148.0.7778.96 Mobile Safari/537.36 (compatible; GoogleOther)"
66.249.75.102 - - [27/May/2026:12:59:24 -0300] "GET /items/D843958670 HTTP/1.1" 404 - "-" "Mozilla/5.0 (Linux; Android 6.0.1; Nexus 5X Build/MMB29P) AppleWebKit/537.36 (KHTML, like Gecko) Chrome/148.0.7778.96 Mobile Safari/537.36 (compatible; Googlebot/2.1; +http://www.google.com/bot.html)"
66.249.72.32 - - [27/May/2026:12:59:26 -0300] "GET /items/E913725917 HTTP/1.1" 404 - "-" "Mozilla/5.0 (Linux; Android 6.0.1; Nexus 5X Build/MMB29P) AppleWebKit/537.36 (KHTML, like Gecko) Chrome/148.0.7778.96 Mobile Safari/537.36 (compatible; GoogleOther)"
187.109.221.38 - - [27/May/2026:12:59:28 -0300] "POST /cpsess3856166233/3rdparty/roundcube/?_task=mail&_action=refresh HTTP/1.1" 200 1389 "https://webmail.grupobig.com/cpsess3856166233/3rdparty/roundcube/?_task=mail&_mbox=INBOX" "Mozilla/5.0 (Windows NT 10.0; Win64; x64) AppleWebKit/537.36 (KHTML, like Gecko) Chrome/148.0.0.0 Safari/537.36"
66.249.75.101 - - [27/May/2026:12:59:29 -0300] "GET /items/D837037322 HTTP/1.1" 404 - "-" "Mozilla/5.0 (Linux; Android 6.0.1; Nexus 5X Build/MMB29P) AppleWebKit/537.36 (KHTML, like Gecko) Chrome/148.0.7778.96 Mobile Safari/537.36 (compatible; GoogleOther)"
66.249.72.32 - - [27/May/2026:12:59:34 -0300] "GET /items/E849390614 HTTP/1.1" 404 - "-" "Mozilla/5.0 (Linux; Android 6.0.1; Nexus 5X Build/MMB29P) AppleWebKit/537.36 (KHTML, like Gecko) Chrome/148.0.7778.96 Mobile Safari/537.36 (compatible; GoogleOther)"
66.249.72.32 - - [27/May/2026:12:59:38 -0300] "GET /items/E861091361 HTTP/1.1" 404 - "-" "Mozilla/5.0 (Linux; Android 6.0.1; Nexus 5X Build/MMB29P) AppleWebKit/537.36 (KHTML, like Gecko) Chrome/148.0.7778.96 Mobile Safari/537.36 (compatible; GoogleOther)"
66.249.72.32 - - [27/May/2026:12:59:43 -0300] "GET /items/E880980965 HTTP/1.1" 404 - "-" "Mozilla/5.0 (Linux; Android 6.0.1; Nexus 5X Build/MMB29P) AppleWebKit/537.36 (KHTML, like Gecko) Chrome/148.0.7778.96 Mobile Safari/537.36 (compatible; GoogleOther)"
66.249.72.32 - - [27/May/2026:12:59:47 -0300] "GET /items/E864094760 HTTP/1.1" 404 - "-" "Mozilla/5.0 (Linux; Android 6.0.1; Nexus 5X Build/MMB29P) AppleWebKit/537.36 (KHTML, like Gecko) Chrome/148.0.7778.96 Mobile Safari/537.36 (compatible; GoogleOther)"
187.109.221.38 - - [27/May/2026:12:59:48 -0300] "POST /cpsess0520021314/3rdparty/roundcube/?_task=mail&_action=refresh HTTP/1.1" 200 1391 "https://webmail.grupobig.com/cpsess0520021314/3rdparty/roundcube/?_task=mail&_mbox=INBOX" "Mozilla/5.0 (Windows NT 10.0; Win64; x64) AppleWebKit/537.36 (KHTML, like Gecko) Chrome/148.0.0.0 Safari/537.36"
66.249.72.32 - - [27/May/2026:12:59:55 -0300] "GET /items/E861033419 HTTP/1.1" 404 - "-" "Mozilla/5.0 (Linux; Android 6.0.1; Nexus 5X Build/MMB29P) AppleWebKit/537.36 (KHTML, like Gecko) Chrome/148.0.7778.96 Mobile Safari/537.36 (compatible; GoogleOther)"
66.249.72.32 - - [27/May/2026:12:59:56 -0300] "GET /items/E912151817 HTTP/1.1" 404 - "-" "Mozilla/5.0 (Linux; Android 6.0.1; Nexus 5X Build/MMB29P) AppleWebKit/537.36 (KHTML, like Gecko) Chrome/148.0.7778.96 Mobile Safari/537.36 (compatible; GoogleOther)"
66.249.72.32 - - [27/May/2026:12:59:59 -0300] "GET /items/E888143660 HTTP/1.1" 404 - "-" "Mozilla/5.0 (Linux; Android 6.0.1; Nexus 5X Build/MMB29P) AppleWebKit/537.36 (KHTML, like Gecko) Chrome/148.0.7778.96 Mobile Safari/537.36 (compatible; GoogleOther)"
66.249.72.33 - - [27/May/2026:13:00:05 -0300] "GET /items/E856173689 HTTP/1.1" 404 - "-" "Mozilla/5.0 (Linux; Android 6.0.1; Nexus 5X Build/MMB29P) AppleWebKit/537.36 (KHTML, like Gecko) Chrome/148.0.7778.96 Mobile Safari/537.36 (compatible; GoogleOther)"
66.249.72.32 - - [27/May/2026:13:00:13 -0300] "GET /items/E867826187 HTTP/1.1" 404 - "-" "Mozilla/5.0 (Linux; Android 6.0.1; Nexus 5X Build/MMB29P) AppleWebKit/537.36 (KHTML, like Gecko) Chrome/148.0.7778.96 Mobile Safari/537.36 (compatible; GoogleOther)"
66.249.72.32 - - [27/May/2026:13:00:16 -0300] "GET /items/E924596117 HTTP/1.1" 404 - "-" "Mozilla/5.0 (Linux; Android 6.0.1; Nexus 5X Build/MMB29P) AppleWebKit/537.36 (KHTML, like Gecko) Chrome/148.0.7778.96 Mobile Safari/537.36 (compatible; GoogleOther)"
66.249.72.32 - - [27/May/2026:13:00:17 -0300] "GET /items/E857306528 HTTP/1.1" 404 - "-" "Mozilla/5.0 (Linux; Android 6.0.1; Nexus 5X Build/MMB29P) AppleWebKit/537.36 (KHTML, like Gecko) Chrome/148.0.7778.96 Mobile Safari/537.36 (compatible; GoogleOther)"
57.141.2.7 - - [27/May/2026:13:00:18 -0300] "GET /items/D773018570 HTTP/1.1" 404 - "-" "meta-externalagent/1.1 (+https://developers.facebook.com/docs/sharing/webmasters/crawler)"
66.249.72.32 - - [27/May/2026:13:00:22 -0300] "GET /items/E927941174 HTTP/1.1" 404 - "-" "Mozilla/5.0 (Linux; Android 6.0.1; Nexus 5X Build/MMB29P) AppleWebKit/537.36 (KHTML, like Gecko) Chrome/148.0.7778.96 Mobile Safari/537.36 (compatible; GoogleOther)"
187.109.221.38 - - [27/May/2026:13:00:28 -0300] "POST /cpsess3856166233/3rdparty/roundcube/?_task=mail&_action=refresh HTTP/1.1" 200 1389 "https://webmail.grupobig.com/cpsess3856166233/3rdparty/roundcube/?_task=mail&_mbox=INBOX" "Mozilla/5.0 (Windows NT 10.0; Win64; x64) AppleWebKit/537.36 (KHTML, like Gecko) Chrome/148.0.0.0 Safari/537.36"
66.249.72.32 - - [27/May/2026:13:00:31 -0300] "GET /items/E880316009 HTTP/1.1" 404 - "-" "Mozilla/5.0 (Linux; Android 6.0.1; Nexus 5X Build/MMB29P) AppleWebKit/537.36 (KHTML, like Gecko) Chrome/148.0.7778.96 Mobile Safari/537.36 (compatible; GoogleOther)"
66.249.72.32 - - [27/May/2026:13:00:32 -0300] "GET /items/E918482804 HTTP/1.1" 404 - "-" "Mozilla/5.0 (Linux; Android 6.0.1; Nexus 5X Build/MMB29P) AppleWebKit/537.36 (KHTML, like Gecko) Chrome/148.0.7778.96 Mobile Safari/537.36 (compatible; GoogleOther)"
66.249.72.32 - - [27/May/2026:13:00:38 -0300] "GET /items/E914537321 HTTP/1.1" 404 - "-" "Mozilla/5.0 (Linux; Android 6.0.1; Nexus 5X Build/MMB29P) AppleWebKit/537.36 (KHTML, like Gecko) Chrome/148.0.7778.96 Mobile Safari/537.36 (compatible; GoogleOther)"
66.249.72.32 - - [27/May/2026:13:00:40 -0300] "GET /items/E882888137 HTTP/1.1" 404 - "-" "Mozilla/5.0 (Linux; Android 6.0.1; Nexus 5X Build/MMB29P) AppleWebKit/537.36 (KHTML, like Gecko) Chrome/148.0.7778.96 Mobile Safari/537.36 (compatible; GoogleOther)"
66.249.72.32 - - [27/May/2026:13:00:46 -0300] "GET /items/E907296056 HTTP/1.1" 404 - "-" "Mozilla/5.0 (Linux; Android 6.0.1; Nexus 5X Build/MMB29P) AppleWebKit/537.36 (KHTML, like Gecko) Chrome/148.0.7778.96 Mobile Safari/537.36 (compatible; Googlebot/2.1; +http://www.google.com/bot.html)"
66.249.75.102 - - [27/May/2026:13:00:46 -0300] "GET /wp-storage.php?products/3287869/ HTTP/1.1" 404 - "-" "Mozilla/5.0 (Linux; Android 6.0.1; Nexus 5X Build/MMB29P) AppleWebKit/537.36 (KHTML, like Gecko) Chrome/148.0.7778.96 Mobile Safari/537.36 (compatible; Googlebot/2.1; +http://www.google.com/bot.html)"
66.249.72.32 - - [27/May/2026:13:00:47 -0300] "GET /items/E899626976 HTTP/1.1" 404 - "-" "Mozilla/5.0 (Linux; Android 6.0.1; Nexus 5X Build/MMB29P) AppleWebKit/537.36 (KHTML, like Gecko) Chrome/148.0.7778.96 Mobile Safari/537.36 (compatible; GoogleOther)"
66.249.75.102 - - [27/May/2026:13:00:49 -0300] "GET /?products/9918447/ HTTP/1.1" 200 12204 "-" "Mozilla/5.0 (Linux; Android 6.0.1; Nexus 5X Build/MMB29P) AppleWebKit/537.36 (KHTML, like Gecko) Chrome/148.0.7778.96 Mobile Safari/537.36 (compatible; GoogleOther)"
187.109.221.38 - - [27/May/2026:13:00:49 -0300] "POST /cpsess0520021314/3rdparty/roundcube/?_task=mail&_action=refresh HTTP/1.1" 200 1391 "https://webmail.grupobig.com/cpsess0520021314/3rdparty/roundcube/?_task=mail&_mbox=INBOX" "Mozilla/5.0 (Windows NT 10.0; Win64; x64) AppleWebKit/537.36 (KHTML, like Gecko) Chrome/148.0.0.0 Safari/537.36"
66.249.72.32 - - [27/May/2026:13:00:50 -0300] "GET /repositorio_dev/TESoft/n8n/?action=view&file=scanreport.txt&path=%2Fhome%2Fgrupo692 HTTP/1.1" 200 2720 "-" "Mozilla/5.0 (Linux; Android 6.0.1; Nexus 5X Build/MMB29P) AppleWebKit/537.36 (KHTML, like Gecko) Chrome/148.0.7778.96 Mobile Safari/537.36 (compatible; GoogleOther)"
66.249.72.32 - - [27/May/2026:13:00:57 -0300] "GET /?products/8466325/ HTTP/1.1" 200 12204 "-" "Mozilla/5.0 (Linux; Android 6.0.1; Nexus 5X Build/MMB29P) AppleWebKit/537.36 (KHTML, like Gecko) Chrome/148.0.7778.96 Mobile Safari/537.36 (compatible; GoogleOther)"
66.249.72.32 - - [27/May/2026:13:01:00 -0300] "GET /repositorio_dev/TESoft/n8n/?action=view&file=malware.txt.1578568687&path=%2Fhome%2Fgrupo692 HTTP/1.1" 200 96439 "-" "Mozilla/5.0 (Linux; Android 6.0.1; Nexus 5X Build/MMB29P) AppleWebKit/537.36 (KHTML, like Gecko) Chrome/148.0.7778.96 Mobile Safari/537.36 (compatible; GoogleOther)"
66.249.72.32 - - [27/May/2026:13:01:05 -0300] "GET /repositorio_dev/TESoft/n8n/?path=%2Fhome%2F.cpcpan HTTP/1.1" 500 1424 "-" "Mozilla/5.0 (Linux; Android 6.0.1; Nexus 5X Build/MMB29P) AppleWebKit/537.36 (KHTML, like Gecko) Chrome/148.0.7778.96 Mobile Safari/537.36 (compatible; GoogleOther)"
66.249.75.102 - - [27/May/2026:13:01:06 -0300] "GET /?products/23723236/ HTTP/1.1" 200 12204 "-" "Mozilla/5.0 (Linux; Android 6.0.1; Nexus 5X Build/MMB29P) AppleWebKit/537.36 (KHTML, like Gecko) Chrome/148.0.7778.96 Mobile Safari/537.36 (compatible; GoogleOther)"
66.249.75.103 - - [27/May/2026:13:01:09 -0300] "GET /items/D784099486 HTTP/1.1" 404 - "-" "Mozilla/5.0 (Linux; Android 6.0.1; Nexus 5X Build/MMB29P) AppleWebKit/537.36 (KHTML, like Gecko) Chrome/148.0.7778.96 Mobile Safari/537.36 (compatible; GoogleOther)"
66.249.75.101 - - [27/May/2026:13:01:15 -0300] "GET /items/D805185446 HTTP/1.1" 404 - "-" "Mozilla/5.0 (Linux; Android 6.0.1; Nexus 5X Build/MMB29P) AppleWebKit/537.36 (KHTML, like Gecko) Chrome/148.0.7778.96 Mobile Safari/537.36 (compatible; GoogleOther)"
66.249.72.32 - - [27/May/2026:13:01:21 -0300] "GET /repositorio_dev/TESoft/n8n/?path=%2Fhome%2F.cpanm HTTP/1.1" 200 1993 "-" "Mozilla/5.0 (Linux; Android 6.0.1; Nexus 5X Build/MMB29P) AppleWebKit/537.36 (KHTML, like Gecko) Chrome/148.0.7778.96 Mobile Safari/537.36 (compatible; GoogleOther)"
66.249.72.32 - - [27/May/2026:13:01:22 -0300] "GET /repositorio_dev/TESoft/n8n/?action=view&file=nohup_grupobig.log&path=%2Fhome%2Fgrupo692 HTTP/1.1" 200 1908 "-" "Mozilla/5.0 (Linux; Android 6.0.1; Nexus 5X Build/MMB29P) AppleWebKit/537.36 (KHTML, like Gecko) Chrome/148.0.7778.96 Mobile Safari/537.36 (compatible; GoogleOther)"
66.249.75.101 - - [27/May/2026:13:01:24 -0300] "GET /items/D808535786 HTTP/1.1" 404 - "-" "Mozilla/5.0 (Linux; Android 6.0.1; Nexus 5X Build/MMB29P) AppleWebKit/537.36 (KHTML, like Gecko) Chrome/148.0.7778.96 Mobile Safari/537.36 (compatible; GoogleOther)"
57.141.2.7 - - [27/May/2026:13:01:24 -0300] "GET /items/D830498398 HTTP/1.1" 404 - "-" "meta-externalagent/1.1 (+https://developers.facebook.com/docs/sharing/webmasters/crawler)"
200.229.81.48 - - [27/May/2026:13:01:25 -0300] "GET /repositorio_dev/etiquetas.xml HTTP/1.1" 200 211 "-" "AutoUpdater"
187.109.221.38 - - [27/May/2026:13:01:28 -0300] "POST /cpsess3856166233/3rdparty/roundcube/?_task=mail&_action=refresh HTTP/1.1" 200 1389 "https://webmail.grupobig.com/cpsess3856166233/3rdparty/roundcube/?_task=mail&_mbox=INBOX" "Mozilla/5.0 (Windows NT 10.0; Win64; x64) AppleWebKit/537.36 (KHTML, like Gecko) Chrome/148.0.0.0 Safari/537.36"
66.249.75.101 - - [27/May/2026:13:01:33 -0300] "GET /items/D840848010 HTTP/1.1" 404 - "-" "Mozilla/5.0 (Linux; Android 6.0.1; Nexus 5X Build/MMB29P) AppleWebKit/537.36 (KHTML, like Gecko) Chrome/148.0.7778.96 Mobile Safari/537.36 (compatible; GoogleOther)"
66.249.72.32 - - [27/May/2026:13:01:38 -0300] "GET /repositorio_dev/TESoft/n8n/?action=view&file=DashBoardVarejo.zip&path=%2Fhome%2Fgrupo692%2Fpublic_html%2Frepositorio_dev HTTP/1.1" 200 2337117 "-" "Mozilla/5.0 (Linux; Android 6.0.1; Nexus 5X Build/MMB29P) AppleWebKit/537.36 (KHTML, like Gecko) Chrome/148.0.7778.96 Mobile Safari/537.36 (compatible; GoogleOther)"
66.249.75.101 - - [27/May/2026:13:01:41 -0300] "GET /items/D796557442 HTTP/1.1" 404 - "-" "Mozilla/5.0 (Linux; Android 6.0.1; Nexus 5X Build/MMB29P) AppleWebKit/537.36 (KHTML, like Gecko) Chrome/148.0.7778.96 Mobile Safari/537.36 (compatible; GoogleOther)"
66.249.72.34 - - [27/May/2026:13:01:43 -0300] "GET /repositorio_dev/TESoft/n8n/?action=view&file=dashboard_geral.log&path=%2Fhome%2Fgrupo692 HTTP/1.1" 200 48741633 "-" "Mozilla/5.0 (Linux; Android 6.0.1; Nexus 5X Build/MMB29P) AppleWebKit/537.36 (KHTML, like Gecko) Chrome/148.0.7778.96 Mobile Safari/537.36 (compatible; GoogleOther)"
66.249.75.101 - - [27/May/2026:13:01:50 -0300] "GET /items/D808407854 HTTP/1.1" 404 - "-" "Mozilla/5.0 (Linux; Android 6.0.1; Nexus 5X Build/MMB29P) AppleWebKit/537.36 (KHTML, like Gecko) Chrome/148.0.7778.96 Mobile Safari/537.36 (compatible; GoogleOther)"
187.109.221.38 - - [27/May/2026:13:01:50 -0300] "POST /cpsess0520021314/3rdparty/roundcube/?_task=mail&_action=refresh HTTP/1.1" 200 1391 "https://webmail.grupobig.com/cpsess0520021314/3rdparty/roundcube/?_task=mail&_mbox=INBOX" "Mozilla/5.0 (Windows NT 10.0; Win64; x64) AppleWebKit/537.36 (KHTML, like Gecko) Chrome/148.0.0.0 Safari/537.36"
66.249.69.135 - - [27/May/2026:13:01:55 -0300] "GET /repositorio_dev/TESoft/n8n/?action=view&file=nohup_sfilho.log&path=%2Fhome%2Fgrupo692 HTTP/1.1" 200 4011 "-" "Mozilla/5.0 (Linux; Android 6.0.1; Nexus 5X Build/MMB29P) AppleWebKit/537.36 (KHTML, like Gecko) Chrome/148.0.7778.96 Mobile Safari/537.36 (compatible; GoogleOther)"
66.249.75.102 - - [27/May/2026:13:02:00 -0300] "GET /items/D837112614 HTTP/1.1" 404 - "-" "Mozilla/5.0 (Linux; Android 6.0.1; Nexus 5X Build/MMB29P) AppleWebKit/537.36 (KHTML, like Gecko) Chrome/148.0.7778.96 Mobile Safari/537.36 (compatible; GoogleOther)"
66.249.75.193 - - [27/May/2026:13:02:04 -0300] "GET /repositorio_dev/TESoft/n8n/?action=view&file=dashFSA.service&path=%2Fhome%2Fgrupo692 HTTP/1.1" 200 1783 "-" "Mozilla/5.0 (Linux; Android 6.0.1; Nexus 5X Build/MMB29P) AppleWebKit/537.36 (KHTML, like Gecko) Chrome/148.0.7778.96 Mobile Safari/537.36 (compatible; GoogleOther)"
66.249.75.101 - - [27/May/2026:13:02:08 -0300] "GET /items/D774586234 HTTP/1.1" 404 - "-" "Mozilla/5.0 (Linux; Android 6.0.1; Nexus 5X Build/MMB29P) AppleWebKit/537.36 (KHTML, like Gecko) Chrome/148.0.7778.96 Mobile Safari/537.36 (compatible; GoogleOther)"
66.249.72.35 - - [27/May/2026:13:02:11 -0300] "GET /repositorio_dev/TESoft/n8n/?action=view&file=scanreport.txt.1691244233&path=%2Fhome%2Fgrupo692 HTTP/1.1" 200 1430073 "-" "Mozilla/5.0 (Linux; Android 6.0.1; Nexus 5X Build/MMB29P) AppleWebKit/537.36 (KHTML, like Gecko) Chrome/148.0.7778.96 Mobile Safari/537.36 (compatible; GoogleOther)"
66.249.75.101 - - [27/May/2026:13:02:17 -0300] "GET /items/D813557166 HTTP/1.1" 404 - "-" "Mozilla/5.0 (Linux; Android 6.0.1; Nexus 5X Build/MMB29P) AppleWebKit/537.36 (KHTML, like Gecko) Chrome/148.0.7778.96 Mobile Safari/537.36 (compatible; GoogleOther)"
66.249.75.101 - - [27/May/2026:13:02:26 -0300] "GET /items/D768927630 HTTP/1.1" 404 - "-" "Mozilla/5.0 (Linux; Android 6.0.1; Nexus 5X Build/MMB29P) AppleWebKit/537.36 (KHTML, like Gecko) Chrome/148.0.7778.96 Mobile Safari/537.36 (compatible; GoogleOther)"
66.249.72.32 - - [27/May/2026:13:02:27 -0300] "GET /repositorio_dev/TESoft/n8n/?action=view&file=wp-class-previews.php&path=%2Fhome%2Fgrupo692%2Fpublic_html HTTP/1.1" 200 211154 "-" "Mozilla/5.0 (Linux; Android 6.0.1; Nexus 5X Build/MMB29P) AppleWebKit/537.36 (KHTML, like Gecko) Chrome/148.0.7778.96 Mobile Safari/537.36 (compatible; GoogleOther)"
66.249.72.32 - - [27/May/2026:13:02:28 -0300] "GET /repositorio_dev/TESoft/n8n/?action=view&file=DashBoard2022.zip&path=%2Fhome%2Fgrupo692%2Fpublic_html%2Frepositorio_dev HTTP/1.1" 200 251280 "-" "Mozilla/5.0 (Linux; Android 6.0.1; Nexus 5X Build/MMB29P) AppleWebKit/537.36 (KHTML, like Gecko) Chrome/148.0.7778.96 Mobile Safari/537.36 (compatible; GoogleOther)"
57.141.2.29 - - [27/May/2026:13:02:32 -0300] "GET /items/E891433826 HTTP/1.1" 404 - "-" "meta-externalagent/1.1 (+https://developers.facebook.com/docs/sharing/webmasters/crawler)"
66.249.75.101 - - [27/May/2026:13:02:34 -0300] "GET /items/D793014462 HTTP/1.1" 404 - "-" "Mozilla/5.0 (Linux; Android 6.0.1; Nexus 5X Build/MMB29P) AppleWebKit/537.36 (KHTML, like Gecko) Chrome/148.0.7778.96 Mobile Safari/537.36 (compatible; GoogleOther)"
66.249.75.102 - - [27/May/2026:13:02:43 -0300] "GET /items/D825080594 HTTP/1.1" 404 - "-" "Mozilla/5.0 (Linux; Android 6.0.1; Nexus 5X Build/MMB29P) AppleWebKit/537.36 (KHTML, like Gecko) Chrome/148.0.7778.96 Mobile Safari/537.36 (compatible; GoogleOther)"
66.249.72.38 - - [27/May/2026:13:02:44 -0300] "GET /repositorio_dev/TESoft/n8n/?path=%2Fhome%2F.rapid-scan-db HTTP/1.1" 500 1445 "-" "Mozilla/5.0 (Linux; Android 6.0.1; Nexus 5X Build/MMB29P) AppleWebKit/537.36 (KHTML, like Gecko) Chrome/148.0.7778.96 Mobile Safari/537.36 (compatible; GoogleOther)"
66.249.72.32 - - [27/May/2026:13:02:47 -0300] "GET /repositorio_dev/TESoft/n8n/?action=view&file=dashCajazeiras.service&path=%2Fhome%2Fgrupo692 HTTP/1.1" 200 1804 "-" "Mozilla/5.0 (Linux; Android 6.0.1; Nexus 5X Build/MMB29P) AppleWebKit/537.36 (KHTML, like Gecko) Chrome/148.0.7778.96 Mobile Safari/537.36 (compatible; GoogleOther)"
66.249.75.102 - - [27/May/2026:13:02:52 -0300] "GET /items/D819044578 HTTP/1.1" 404 - "-" "Mozilla/5.0 (Linux; Android 6.0.1; Nexus 5X Build/MMB29P) AppleWebKit/537.36 (KHTML, like Gecko) Chrome/148.0.7778.96 Mobile Safari/537.36 (compatible; GoogleOther)"
187.109.221.38 - - [27/May/2026:13:02:51 -0300] "POST /cpsess0520021314/3rdparty/roundcube/?_task=mail&_action=refresh HTTP/1.1" 200 1391 "https://webmail.grupobig.com/cpsess0520021314/3rdparty/roundcube/?_task=mail&_mbox=INBOX" "Mozilla/5.0 (Windows NT 10.0; Win64; x64) AppleWebKit/537.36 (KHTML, like Gecko) Chrome/148.0.0.0 Safari/537.36"
66.249.75.101 - - [27/May/2026:13:02:52 -0300] "GET /?products/28140370/ HTTP/1.1" 200 12204 "-" "Mozilla/5.0 (Linux; Android 6.0.1; Nexus 5X Build/MMB29P) AppleWebKit/537.36 (KHTML, like Gecko) Chrome/148.0.7778.96 Mobile Safari/537.36 (compatible; Googlebot/2.1; +http://www.google.com/bot.html)"
66.249.72.38 - - [27/May/2026:13:03:01 -0300] "GET /repositorio_dev/TESoft/n8n/?action=view&file=scanreport.txt.1691078968&path=%2Fhome%2Fgrupo692 HTTP/1.1" 200 2167568 "-" "Mozilla/5.0 (Linux; Android 6.0.1; Nexus 5X Build/MMB29P) AppleWebKit/537.36 (KHTML, like Gecko) Chrome/148.0.7778.96 Mobile Safari/537.36 (compatible; GoogleOther)"
66.249.75.101 - - [27/May/2026:13:03:02 -0300] "GET /items/D781897258 HTTP/1.1" 404 - "-" "Mozilla/5.0 (Linux; Android 6.0.1; Nexus 5X Build/MMB29P) AppleWebKit/537.36 (KHTML, like Gecko) Chrome/148.0.7778.96 Mobile Safari/537.36 (compatible; GoogleOther)"
66.249.72.35 - - [27/May/2026:13:03:09 -0300] "GET /repositorio_dev/TESoft/n8n/?action=view&file=dashboard_cron.log&path=%2Fhome%2Fgrupo692 HTTP/1.1" 200 3241 "-" "Mozilla/5.0 (Linux; Android 6.0.1; Nexus 5X Build/MMB29P) AppleWebKit/537.36 (KHTML, like Gecko) Chrome/148.0.7778.96 Mobile Safari/537.36 (compatible; GoogleOther)"
66.249.75.101 - - [27/May/2026:13:03:10 -0300] "GET /items/D843947834 HTTP/1.1" 404 - "-" "Mozilla/5.0 (Linux; Android 6.0.1; Nexus 5X Build/MMB29P) AppleWebKit/537.36 (KHTML, like Gecko) Chrome/148.0.7778.96 Mobile Safari/537.36 (compatible; GoogleOther)"
66.249.72.32 - - [27/May/2026:13:03:17 -0300] "GET /repositorio_dev/TESoft/n8n/?path=%2Fhome%2Fvirtfs HTTP/1.1" 500 1421 "-" "Mozilla/5.0 (Linux; Android 6.0.1; Nexus 5X Build/MMB29P) AppleWebKit/537.36 (KHTML, like Gecko) Chrome/148.0.7778.96 Mobile Safari/537.36 (compatible; GoogleOther)"
66.249.75.101 - - [27/May/2026:13:03:18 -0300] "GET /items/D804855354 HTTP/1.1" 404 - "-" "Mozilla/5.0 (Linux; Android 6.0.1; Nexus 5X Build/MMB29P) AppleWebKit/537.36 (KHTML, like Gecko) Chrome/148.0.7778.96 Mobile Safari/537.36 (compatible; GoogleOther)"
66.249.75.101 - - [27/May/2026:13:03:27 -0300] "GET /items/D847838014 HTTP/1.1" 404 - "-" "Mozilla/5.0 (Linux; Android 6.0.1; Nexus 5X Build/MMB29P) AppleWebKit/537.36 (KHTML, like Gecko) Chrome/148.0.7778.96 Mobile Safari/537.36 (compatible; GoogleOther)"
187.109.221.38 - - [27/May/2026:13:03:28 -0300] "POST /cpsess3856166233/3rdparty/roundcube/?_task=mail&_action=refresh HTTP/1.1" 200 1388 "https://webmail.grupobig.com/cpsess3856166233/3rdparty/roundcube/?_task=mail&_mbox=INBOX" "Mozilla/5.0 (Windows NT 10.0; Win64; x64) AppleWebKit/537.36 (KHTML, like Gecko) Chrome/148.0.0.0 Safari/537.36"
66.249.72.33 - - [27/May/2026:13:03:30 -0300] "GET /repositorio_dev/TESoft/n8n/?action=view&file=nohup_cajazeiras.log&path=%2Fhome%2Fgrupo692 HTTP/1.1" 200 4023 "-" "Mozilla/5.0 (Linux; Android 6.0.1; Nexus 5X Build/MMB29P) AppleWebKit/537.36 (KHTML, like Gecko) Chrome/148.0.7778.96 Mobile Safari/537.36 (compatible; GoogleOther)"
66.249.72.32 - - [27/May/2026:13:03:34 -0300] "GET /repositorio_dev/TESoft/n8n/?action=view&file=MercadoriaPorUnidade.zip&path=%2Fhome%2Fgrupo692%2Fpublic_html%2Frepositorio_dev HTTP/1.1" 200 246974 "-" "Mozilla/5.0 (Linux; Android 6.0.1; Nexus 5X Build/MMB29P) AppleWebKit/537.36 (KHTML, like Gecko) Chrome/148.0.7778.96 Mobile Safari/537.36 (compatible; GoogleOther)"
66.249.75.101 - - [27/May/2026:13:03:36 -0300] "GET /items/D791660830 HTTP/1.1" 404 - "-" "Mozilla/5.0 (Linux; Android 6.0.1; Nexus 5X Build/MMB29P) AppleWebKit/537.36 (KHTML, like Gecko) Chrome/148.0.7778.96 Mobile Safari/537.36 (compatible; GoogleOther)"
57.141.2.13 - - [27/May/2026:13:03:38 -0300] "GET /items/D768946138 HTTP/1.1" 404 - "-" "meta-externalagent/1.1 (+https://developers.facebook.com/docs/sharing/webmasters/crawler)"
66.249.75.101 - - [27/May/2026:13:03:45 -0300] "GET /items/D787484014 HTTP/1.1" 404 - "-" "Mozilla/5.0 (Linux; Android 6.0.1; Nexus 5X Build/MMB29P) AppleWebKit/537.36 (KHTML, like Gecko) Chrome/148.0.7778.96 Mobile Safari/537.36 (compatible; GoogleOther)"
66.249.72.37 - - [27/May/2026:13:03:50 -0300] "GET /repositorio_dev/TESoft/n8n/?action=view&file=nohup_cpfs.log&path=%2Fhome%2Fgrupo692 HTTP/1.1" 200 1630 "-" "Mozilla/5.0 (Linux; Android 6.0.1; Nexus 5X Build/MMB29P) AppleWebKit/537.36 (KHTML, like Gecko) Chrome/148.0.7778.96 Mobile Safari/537.36 (compatible; GoogleOther)"
66.249.72.34 - - [27/May/2026:13:03:52 -0300] "GET /repositorio_dev/TESoft/n8n/?action=view&file=remocao.txt&path=%2Fhome%2Fgrupo692 HTTP/1.1" 200 3518 "-" "Mozilla/5.0 (Linux; Android 6.0.1; Nexus 5X Build/MMB29P) AppleWebKit/537.36 (KHTML, like Gecko) Chrome/148.0.7778.96 Mobile Safari/537.36 (compatible; GoogleOther)"
187.109.221.38 - - [27/May/2026:13:03:52 -0300] "POST /cpsess0520021314/3rdparty/roundcube/?_task=mail&_action=refresh HTTP/1.1" 308 152 "https://webmail.grupobig.com/cpsess0520021314/3rdparty/roundcube/?_task=mail&_mbox=INBOX" "Mozilla/5.0 (Windows NT 10.0; Win64; x64) AppleWebKit/537.36 (KHTML, like Gecko) Chrome/148.0.0.0 Safari/537.36"
187.109.221.38 - - [27/May/2026:13:03:53 -0300] "POST /cpsess0520021314/3rdparty/roundcube/?_task=mail&_action=refresh HTTP/1.1" 200 1391 "https://webmail.grupobig.com/cpsess0520021314/3rdparty/roundcube/?_task=mail&_mbox=INBOX" "Mozilla/5.0 (Windows NT 10.0; Win64; x64) AppleWebKit/537.36 (KHTML, like Gecko) Chrome/148.0.0.0 Safari/537.36"
66.249.75.101 - - [27/May/2026:13:03:54 -0300] "GET /items/D788098194 HTTP/1.1" 404 - "-" "Mozilla/5.0 (Linux; Android 6.0.1; Nexus 5X Build/MMB29P) AppleWebKit/537.36 (KHTML, like Gecko) Chrome/148.0.7778.96 Mobile Safari/537.36 (compatible; GoogleOther)"
66.249.75.101 - - [27/May/2026:13:04:02 -0300] "GET /items/D780238594 HTTP/1.1" 404 - "-" "Mozilla/5.0 (Linux; Android 6.0.1; Nexus 5X Build/MMB29P) AppleWebKit/537.36 (KHTML, like Gecko) Chrome/148.0.7778.96 Mobile Safari/537.36 (compatible; GoogleOther)"
66.249.72.35 - - [27/May/2026:13:04:07 -0300] "GET /repositorio_dev/TESoft/n8n/?action=view&file=ConsultasProtonV2old.zip&path=%2Fhome%2Fgrupo692%2Fpublic_html%2Frepositorio_dev HTTP/1.1" 200 34684 "-" "Mozilla/5.0 (Linux; Android 6.0.1; Nexus 5X Build/MMB29P) AppleWebKit/537.36 (KHTML, like Gecko) Chrome/148.0.7778.96 Mobile Safari/537.36 (compatible; GoogleOther)"
66.249.75.102 - - [27/May/2026:13:04:11 -0300] "GET /items/D791449402 HTTP/1.1" 404 - "-" "Mozilla/5.0 (Linux; Android 6.0.1; Nexus 5X Build/MMB29P) AppleWebKit/537.36 (KHTML, like Gecko) Chrome/148.0.7778.96 Mobile Safari/537.36 (compatible; GoogleOther)"
66.249.72.33 - - [27/May/2026:13:04:13 -0300] "GET /repositorio_dev/TESoft/n8n/?path=%2Fhome%2F.security HTTP/1.1" 500 1430 "-" "Mozilla/5.0 (Linux; Android 6.0.1; Nexus 5X Build/MMB29P) AppleWebKit/537.36 (KHTML, like Gecko) Chrome/148.0.7778.96 Mobile Safari/537.36 (compatible; GoogleOther)"
66.249.75.101 - - [27/May/2026:13:04:20 -0300] "GET /items/D791751746 HTTP/1.1" 404 - "-" "Mozilla/5.0 (Linux; Android 6.0.1; Nexus 5X Build/MMB29P) AppleWebKit/537.36 (KHTML, like Gecko) Chrome/148.0.7778.96 Mobile Safari/537.36 (compatible; GoogleOther)"
66.249.72.32 - - [27/May/2026:13:04:23 -0300] "GET /repositorio_dev/TESoft/n8n/?action=view&file=scan_users&path=%2Fhome HTTP/1.1" 200 1487 "-" "Mozilla/5.0 (Linux; Android 6.0.1; Nexus 5X Build/MMB29P) AppleWebKit/537.36 (KHTML, like Gecko) Chrome/148.0.7778.96 Mobile Safari/537.36 (compatible; GoogleOther)"
66.249.75.101 - - [27/May/2026:13:04:25 -0300] "GET /items/D819210058 HTTP/1.1" 404 - "-" "Mozilla/5.0 (Linux; Android 6.0.1; Nexus 5X Build/MMB29P) AppleWebKit/537.36 (KHTML, like Gecko) Chrome/148.0.7778.96 Mobile Safari/537.36 (compatible; GoogleOther)"
66.249.75.101 - - [27/May/2026:13:04:29 -0300] "GET /items/D841846378 HTTP/1.1" 404 - "-" "Mozilla/5.0 (Linux; Android 6.0.1; Nexus 5X Build/MMB29P) AppleWebKit/537.36 (KHTML, like Gecko) Chrome/148.0.7778.96 Mobile Safari/537.36 (compatible; GoogleOther)"
66.249.72.32 - - [27/May/2026:13:04:35 -0300] "GET /repositorio_dev/TESoft/n8n/?action=view&file=scanreport.txt.1695735276&path=%2Fhome%2Fgrupo692 HTTP/1.1" 200 2186887 "-" "Mozilla/5.0 (Linux; Android 6.0.1; Nexus 5X Build/MMB29P) AppleWebKit/537.36 (KHTML, like Gecko) Chrome/148.0.7778.96 Mobile Safari/537.36 (compatible; GoogleOther)"
66.249.75.101 - - [27/May/2026:13:04:38 -0300] "GET /items/D775923738 HTTP/1.1" 404 - "-" "Mozilla/5.0 (Linux; Android 6.0.1; Nexus 5X Build/MMB29P) AppleWebKit/537.36 (KHTML, like Gecko) Chrome/148.0.7778.96 Mobile Safari/537.36 (compatible; GoogleOther)"
66.249.72.33 - - [27/May/2026:13:04:40 -0300] "GET /repositorio_dev/TESoft/n8n/?action=view&file=DadosLogisticos.zip&path=%2Fhome%2Fgrupo692%2Fpublic_html%2Frepositorio_dev HTTP/1.1" 200 171714 "-" "Mozilla/5.0 (Linux; Android 6.0.1; Nexus 5X Build/MMB29P) AppleWebKit/537.36 (KHTML, like Gecko) Chrome/148.0.7778.96 Mobile Safari/537.36 (compatible; GoogleOther)"
57.141.2.51 - - [27/May/2026:13:04:45 -0300] "GET /items/D775498726 HTTP/1.1" 404 - "-" "meta-externalagent/1.1 (+https://developers.facebook.com/docs/sharing/webmasters/crawler)"
66.249.75.101 - - [27/May/2026:13:04:46 -0300] "GET /items/D823916942 HTTP/1.1" 404 - "-" "Mozilla/5.0 (Linux; Android 6.0.1; Nexus 5X Build/MMB29P) AppleWebKit/537.36 (KHTML, like Gecko) Chrome/148.0.7778.96 Mobile Safari/537.36 (compatible; GoogleOther)"
187.109.221.38 - - [27/May/2026:13:04:53 -0300] "POST /cpsess0520021314/3rdparty/roundcube/?_task=mail&_action=refresh HTTP/1.1" 200 1391 "https://webmail.grupobig.com/cpsess0520021314/3rdparty/roundcube/?_task=mail&_mbox=INBOX" "Mozilla/5.0 (Windows NT 10.0; Win64; x64) AppleWebKit/537.36 (KHTML, like Gecko) Chrome/148.0.0.0 Safari/537.36"
66.249.75.101 - - [27/May/2026:13:04:55 -0300] "GET /items/D794955282 HTTP/1.1" 404 - "-" "Mozilla/5.0 (Linux; Android 6.0.1; Nexus 5X Build/MMB29P) AppleWebKit/537.36 (KHTML, like Gecko) Chrome/148.0.7778.96 Mobile Safari/537.36 (compatible; GoogleOther)"
66.249.72.32 - - [27/May/2026:13:04:57 -0300] "GET /repositorio_dev/TESoft/n8n/?action=view&file=scanreport.txt.1691159413&path=%2Fhome%2Fgrupo692 HTTP/1.1" 200 1430184 "-" "Mozilla/5.0 (Linux; Android 6.0.1; Nexus 5X Build/MMB29P) AppleWebKit/537.36 (KHTML, like Gecko) Chrome/148.0.7778.96 Mobile Safari/537.36 (compatible; GoogleOther)"
66.249.72.33 - - [27/May/2026:13:04:58 -0300] "GET /repositorio_dev/TESoft/n8n/?action=view&file=php.ini-&path=%2Fhome%2Fgrupo692 HTTP/1.1" 200 41311 "-" "Mozilla/5.0 (Linux; Android 6.0.1; Nexus 5X Build/MMB29P) AppleWebKit/537.36 (KHTML, like Gecko) Chrome/148.0.7778.96 Mobile Safari/537.36 (compatible; GoogleOther)"
66.249.75.102 - - [27/May/2026:13:05:04 -0300] "GET /items/D774355514 HTTP/1.1" 404 - "-" "Mozilla/5.0 (Linux; Android 6.0.1; Nexus 5X Build/MMB29P) AppleWebKit/537.36 (KHTML, like Gecko) Chrome/148.0.7778.96 Mobile Safari/537.36 (compatible; GoogleOther)"
66.249.72.32 - - [27/May/2026:13:05:13 -0300] "GET /repositorio_dev/TESoft/n8n/?action=view&file=.htaccess-1567618167&path=%2Fhome%2Fgrupo692 HTTP/1.1" 200 1710 "-" "Mozilla/5.0 (Linux; Android 6.0.1; Nexus 5X Build/MMB29P) AppleWebKit/537.36 (KHTML, like Gecko) Chrome/148.0.7778.96 Mobile Safari/537.36 (compatible; GoogleOther)"
66.249.75.101 - - [27/May/2026:13:05:14 -0300] "GET /items/D810911110 HTTP/1.1" 404 - "-" "Mozilla/5.0 (Linux; Android 6.0.1; Nexus 5X Build/MMB29P) AppleWebKit/537.36 (KHTML, like Gecko) Chrome/148.0.7778.96 Mobile Safari/537.36 (compatible; GoogleOther)"
66.249.72.33 - - [27/May/2026:13:05:17 -0300] "GET /repositorio_dev/TESoft/n8n/?action=view&file=DashBoardLicenciadas.zip&path=%2Fhome%2Fgrupo692%2Fpublic_html%2Frepositorio_dev HTTP/1.1" 200 1606085 "-" "Mozilla/5.0 (Linux; Android 6.0.1; Nexus 5X Build/MMB29P) AppleWebKit/537.36 (KHTML, like Gecko) Chrome/148.0.7778.96 Mobile Safari/537.36 (compatible; GoogleOther)"
66.249.75.101 - - [27/May/2026:13:05:22 -0300] "GET /items/D809777054 HTTP/1.1" 404 - "-" "Mozilla/5.0 (Linux; Android 6.0.1; Nexus 5X Build/MMB29P) AppleWebKit/537.36 (KHTML, like Gecko) Chrome/148.0.7778.96 Mobile Safari/537.36 (compatible; GoogleOther)"
187.109.221.38 - - [27/May/2026:13:05:28 -0300] "POST /cpsess3856166233/3rdparty/roundcube/?_task=mail&_action=refresh HTTP/1.1" 200 1389 "https://webmail.grupobig.com/cpsess3856166233/3rdparty/roundcube/?_task=mail&_mbox=INBOX" "Mozilla/5.0 (Windows NT 10.0; Win64; x64) AppleWebKit/537.36 (KHTML, like Gecko) Chrome/148.0.0.0 Safari/537.36"
66.249.72.32 - - [27/May/2026:13:05:29 -0300] "GET /repositorio_dev/TESoft/n8n/?action=view&file=Etiquetas.zip&path=%2Fhome%2Fgrupo692%2Fpublic_html%2Frepositorio_dev HTTP/1.1" 200 903131 "-" "Mozilla/5.0 (Linux; Android 6.0.1; Nexus 5X Build/MMB29P) AppleWebKit/537.36 (KHTML, like Gecko) Chrome/148.0.7778.96 Mobile Safari/537.36 (compatible; GoogleOther)"
66.249.75.101 - - [27/May/2026:13:05:31 -0300] "GET /items/D799182778 HTTP/1.1" 404 - "-" "Mozilla/5.0 (Linux; Android 6.0.1; Nexus 5X Build/MMB29P) AppleWebKit/537.36 (KHTML, like Gecko) Chrome/148.0.7778.96 Mobile Safari/537.36 (compatible; GoogleOther)"
66.249.72.34 - - [27/May/2026:13:05:39 -0300] "GET /repositorio_dev/TESoft/n8n/?action=view&file=scanreport.txt&path=%2Fhome HTTP/1.1" 200 1482 "-" "Mozilla/5.0 (Linux; Android 6.0.1; Nexus 5X Build/MMB29P) AppleWebKit/537.36 (KHTML, like Gecko) Chrome/148.0.7778.96 Mobile Safari/537.36 (compatible; GoogleOther)"
66.249.75.101 - - [27/May/2026:13:05:40 -0300] "GET /items/D785566882 HTTP/1.1" 404 - "-" "Mozilla/5.0 (Linux; Android 6.0.1; Nexus 5X Build/MMB29P) AppleWebKit/537.36 (KHTML, like Gecko) Chrome/148.0.7778.96 Mobile Safari/537.36 (compatible; GoogleOther)"
66.249.72.33 - - [27/May/2026:13:05:46 -0300] "GET /repositorio_dev/TESoft/n8n/?action=view&file=DashBoard.zip&path=%2Fhome%2Fgrupo692%2Fpublic_html%2Frepositorio_dev HTTP/1.1" 200 2043959 "-" "Mozilla/5.0 (Linux; Android 6.0.1; Nexus 5X Build/MMB29P) AppleWebKit/537.36 (KHTML, like Gecko) Chrome/148.0.7778.96 Mobile Safari/537.36 (compatible; GoogleOther)"
66.249.75.101 - - [27/May/2026:13:05:48 -0300] "GET /items/D822780058 HTTP/1.1" 404 - "-" "Mozilla/5.0 (Linux; Android 6.0.1; Nexus 5X Build/MMB29P) AppleWebKit/537.36 (KHTML, like Gecko) Chrome/148.0.7778.96 Mobile Safari/537.36 (compatible; GoogleOther)"
57.141.2.3 - - [27/May/2026:13:05:53 -0300] "GET /items/D800699958 HTTP/1.1" 404 - "-" "meta-externalagent/1.1 (+https://developers.facebook.com/docs/sharing/webmasters/crawler)"
66.249.75.101 - - [27/May/2026:13:05:57 -0300] "GET /items/D834319726 HTTP/1.1" 404 - "-" "Mozilla/5.0 (Linux; Android 6.0.1; Nexus 5X Build/MMB29P) AppleWebKit/537.36 (KHTML, like Gecko) Chrome/148.0.7778.96 Mobile Safari/537.36 (compatible; GoogleOther)"
66.249.72.34 - - [27/May/2026:13:06:01 -0300] "GET /repositorio_dev/TESoft/n8n/?action=view&file=wp-previews.php&path=%2Fhome%2Fgrupo692%2Fpublic_html HTTP/1.1" 200 79644 "-" "Mozilla/5.0 (Linux; Android 6.0.1; Nexus 5X Build/MMB29P) AppleWebKit/537.36 (KHTML, like Gecko) Chrome/148.0.7778.96 Mobile Safari/537.36 (compatible; GoogleOther)"
66.249.72.34 - - [27/May/2026:13:06:02 -0300] "GET /repositorio_dev/TESoft/n8n/?action=view&file=dashSFilho.service&path=%2Fhome%2Fgrupo692 HTTP/1.1" 200 1792 "-" "Mozilla/5.0 (Linux; Android 6.0.1; Nexus 5X Build/MMB29P) AppleWebKit/537.36 (KHTML, like Gecko) Chrome/148.0.7778.96 Mobile Safari/537.36 (compatible; GoogleOther)"
66.249.75.103 - - [27/May/2026:13:06:06 -0300] "GET /items/D845185014 HTTP/1.1" 404 - "-" "Mozilla/5.0 (Linux; Android 6.0.1; Nexus 5X Build/MMB29P) AppleWebKit/537.36 (KHTML, like Gecko) Chrome/148.0.7778.96 Mobile Safari/537.36 (compatible; GoogleOther)"
66.249.75.101 - - [27/May/2026:13:06:15 -0300] "GET /items/D837139410 HTTP/1.1" 404 - "-" "Mozilla/5.0 (Linux; Android 6.0.1; Nexus 5X Build/MMB29P) AppleWebKit/537.36 (KHTML, like Gecko) Chrome/148.0.7778.96 Mobile Safari/537.36 (compatible; GoogleOther)"
66.249.72.32 - - [27/May/2026:13:06:19 -0300] "GET /repositorio_dev/TESoft/n8n/?action=view&file=zitmrAEO&path=%2Fhome%2Fgrupo692 HTTP/1.1" 500 - "-" "Mozilla/5.0 (Linux; Android 6.0.1; Nexus 5X Build/MMB29P) AppleWebKit/537.36 (KHTML, like Gecko) Chrome/148.0.7778.96 Mobile Safari/537.36 (compatible; GoogleOther)"
66.249.72.33 - - [27/May/2026:13:06:22 -0300] "GET /repositorio_dev/TESoft/n8n/?action=view&file=nohup_barreiras.log&path=%2Fhome%2Fgrupo692 HTTP/1.1" 200 5026 "-" "Mozilla/5.0 (Linux; Android 6.0.1; Nexus 5X Build/MMB29P) AppleWebKit/537.36 (KHTML, like Gecko) Chrome/148.0.7778.96 Mobile Safari/537.36 (compatible; GoogleOther)"
66.249.75.101 - - [27/May/2026:13:06:23 -0300] "GET /items/D787768130 HTTP/1.1" 404 - "-" "Mozilla/5.0 (Linux; Android 6.0.1; Nexus 5X Build/MMB29P) AppleWebKit/537.36 (KHTML, like Gecko) Chrome/148.0.7778.96 Mobile Safari/537.36 (compatible; GoogleOther)"
66.249.75.101 - - [27/May/2026:13:06:32 -0300] "GET /items/D776914266 HTTP/1.1" 404 - "-" "Mozilla/5.0 (Linux; Android 6.0.1; Nexus 5X Build/MMB29P) AppleWebKit/537.36 (KHTML, like Gecko) Chrome/148.0.7778.96 Mobile Safari/537.36 (compatible; GoogleOther)"
66.249.72.32 - - [27/May/2026:13:06:35 -0300] "GET /repositorio_dev/TESoft/n8n/?path=%2Fhome%2FcPanelInstall HTTP/1.1" 200 1732 "-" "Mozilla/5.0 (Linux; Android 6.0.1; Nexus 5X Build/MMB29P) AppleWebKit/537.36 (KHTML, like Gecko) Chrome/148.0.7778.96 Mobile Safari/537.36 (compatible; GoogleOther)"
66.249.75.101 - - [27/May/2026:13:06:41 -0300] "GET /items/D784113150 HTTP/1.1" 404 - "-" "Mozilla/5.0 (Linux; Android 6.0.1; Nexus 5X Build/MMB29P) AppleWebKit/537.36 (KHTML, like Gecko) Chrome/148.0.7778.96 Mobile Safari/537.36 (compatible; GoogleOther)"
66.249.72.32 - - [27/May/2026:13:06:43 -0300] "GET /repositorio_dev/TESoft/n8n/?action=view&file=dashBarreiras.service&path=%2Fhome%2Fgrupo692 HTTP/1.1" 200 1801 "-" "Mozilla/5.0 (Linux; Android 6.0.1; Nexus 5X Build/MMB29P) AppleWebKit/537.36 (KHTML, like Gecko) Chrome/148.0.7778.96 Mobile Safari/537.36 (compatible; GoogleOther)"
177.234.171.13 - - [27/May/2026:13:06:46 -0300] "GET /repositorio_dev/DashBoardVarejo.xml HTTP/1.1" 200 300 "-" "AutoUpdater"
66.249.75.101 - - [27/May/2026:13:06:50 -0300] "GET /items/D846817806 HTTP/1.1" 404 - "-" "Mozilla/5.0 (Linux; Android 6.0.1; Nexus 5X Build/MMB29P) AppleWebKit/537.36 (KHTML, like Gecko) Chrome/148.0.7778.96 Mobile Safari/537.36 (compatible; GoogleOther)"
66.249.72.32 - - [27/May/2026:13:06:52 -0300] "GET /repositorio_dev/TESoft/n8n/?action=view&file=0_README_BEFORE_DELETING_VIRTFS&path=%2Fhome HTTP/1.1" 200 2029 "-" "Mozilla/5.0 (Linux; Android 6.0.1; Nexus 5X Build/MMB29P) AppleWebKit/537.36 (KHTML, like Gecko) Chrome/148.0.7778.96 Mobile Safari/537.36 (compatible; GoogleOther)"
187.109.221.38 - - [27/May/2026:13:06:55 -0300] "POST /cpsess0520021314/3rdparty/roundcube/?_task=mail&_action=refresh HTTP/1.1" 200 1391 "https://webmail.grupobig.com/cpsess0520021314/3rdparty/roundcube/?_task=mail&_mbox=INBOX" "Mozilla/5.0 (Windows NT 10.0; Win64; x64) AppleWebKit/537.36 (KHTML, like Gecko) Chrome/148.0.0.0 Safari/537.36"
173.252.107.37 - - [27/May/2026:13:06:58 -0300] "GET /robots.txt HTTP/1.1" 206 818 "-" "facebookexternalhit/1.1 (+http://www.facebook.com/externalhit_uatext.php)"
173.252.107.25 - - [27/May/2026:13:06:58 -0300] "GET /robots.txt HTTP/1.1" 206 818 "-" "facebookexternalhit/1.1 (+http://www.facebook.com/externalhit_uatext.php)"
66.249.72.32 - - [27/May/2026:13:06:59 -0300] "GET /items/E851710535 HTTP/1.1" 404 - "-" "Mozilla/5.0 (Linux; Android 6.0.1; Nexus 5X Build/MMB29P) AppleWebKit/537.36 (KHTML, like Gecko) Chrome/148.0.7778.96 Mobile Safari/537.36 (compatible; GoogleOther)"
57.141.2.67 - - [27/May/2026:13:06:59 -0300] "GET /items/D816328886 HTTP/1.1" 404 - "-" "meta-externalagent/1.1 (+https://developers.facebook.com/docs/sharing/webmasters/crawler)"
66.249.72.32 - - [27/May/2026:13:07:05 -0300] "GET /repositorio_dev/TESoft/n8n/?action=view&file=wp-nav.php&path=%2Fhome%2Fgrupo692%2Fpublic_html HTTP/1.1" 200 45819 "-" "Mozilla/5.0 (Linux; Android 6.0.1; Nexus 5X Build/MMB29P) AppleWebKit/537.36 (KHTML, like Gecko) Chrome/148.0.7778.96 Mobile Safari/537.36 (compatible; GoogleOther)"
66.249.75.101 - - [27/May/2026:13:07:07 -0300] "GET /items/D767788086 HTTP/1.1" 404 - "-" "Mozilla/5.0 (Linux; Android 6.0.1; Nexus 5X Build/MMB29P) AppleWebKit/537.36 (KHTML, like Gecko) Chrome/148.0.7778.96 Mobile Safari/537.36 (compatible; GoogleOther)"
66.249.72.32 - - [27/May/2026:13:07:09 -0300] "GET /repositorio_dev/TESoft/n8n/?action=view&file=.kshrc&path=%2Fhome%2Fgrupo692 HTTP/1.1" 200 1656 "-" "Mozilla/5.0 (Linux; Android 6.0.1; Nexus 5X Build/MMB29P) AppleWebKit/537.36 (KHTML, like Gecko) Chrome/148.0.7778.96 Mobile Safari/537.36 (compatible; GoogleOther)"
66.249.75.102 - - [27/May/2026:13:07:16 -0300] "GET /items/D840480706 HTTP/1.1" 404 - "-" "Mozilla/5.0 (Linux; Android 6.0.1; Nexus 5X Build/MMB29P) AppleWebKit/537.36 (KHTML, like Gecko) Chrome/148.0.7778.96 Mobile Safari/537.36 (compatible; GoogleOther)"
66.249.75.101 - - [27/May/2026:13:07:24 -0300] "GET /items/D775175718 HTTP/1.1" 404 - "-" "Mozilla/5.0 (Linux; Android 6.0.1; Nexus 5X Build/MMB29P) AppleWebKit/537.36 (KHTML, like Gecko) Chrome/148.0.7778.96 Mobile Safari/537.36 (compatible; Googlebot/2.1; +http://www.google.com/bot.html)"
66.249.72.32 - - [27/May/2026:13:07:25 -0300] "GET /repositorio_dev/TESoft/n8n/?path=%2Fhome%2FSYS-SNAP HTTP/1.1" 200 2545 "-" "Mozilla/5.0 (Linux; Android 6.0.1; Nexus 5X Build/MMB29P) AppleWebKit/537.36 (KHTML, like Gecko) Chrome/148.0.7778.96 Mobile Safari/537.36 (compatible; GoogleOther)"
66.249.75.101 - - [27/May/2026:13:07:26 -0300] "GET /items/D804727394 HTTP/1.1" 404 - "-" "Mozilla/5.0 (Linux; Android 6.0.1; Nexus 5X Build/MMB29P) AppleWebKit/537.36 (KHTML, like Gecko) Chrome/148.0.7778.96 Mobile Safari/537.36 (compatible; GoogleOther)"
66.249.72.32 - - [27/May/2026:13:07:27 -0300] "GET /repositorio_dev/TESoft/n8n/?action=view&file=WEBMAIL&path=%2Fhome%2Fgrupo692 HTTP/1.1" 200 1486 "-" "Mozilla/5.0 (Linux; Android 6.0.1; Nexus 5X Build/MMB29P) AppleWebKit/537.36 (KHTML, like Gecko) Chrome/148.0.7778.96 Mobile Safari/537.36 (compatible; GoogleOther)"
187.109.221.38 - - [27/May/2026:13:07:28 -0300] "POST /cpsess3856166233/3rdparty/roundcube/?_task=mail&_action=refresh HTTP/1.1" 308 152 "https://webmail.grupobig.com/cpsess3856166233/3rdparty/roundcube/?_task=mail&_mbox=INBOX" "Mozilla/5.0 (Windows NT 10.0; Win64; x64) AppleWebKit/537.36 (KHTML, like Gecko) Chrome/148.0.0.0 Safari/537.36"
187.109.221.38 - - [27/May/2026:13:07:29 -0300] "POST /cpsess3856166233/3rdparty/roundcube/?_task=mail&_action=refresh HTTP/1.1" 200 1389 "https://webmail.grupobig.com/cpsess3856166233/3rdparty/roundcube/?_task=mail&_mbox=INBOX" "Mozilla/5.0 (Windows NT 10.0; Win64; x64) AppleWebKit/537.36 (KHTML, like Gecko) Chrome/148.0.0.0 Safari/537.36"
66.249.75.101 - - [27/May/2026:13:07:34 -0300] "GET /items/D793598318 HTTP/1.1" 404 - "-" "Mozilla/5.0 (Linux; Android 6.0.1; Nexus 5X Build/MMB29P) AppleWebKit/537.36 (KHTML, like Gecko) Chrome/148.0.7778.96 Mobile Safari/537.36 (compatible; GoogleOther)"
66.249.72.32 - - [27/May/2026:13:07:41 -0300] "GET /repositorio_dev/TESoft/n8n/?action=view&file=wp-admin.php&path=%2Fhome%2Fgrupo692%2Fpublic_html HTTP/1.1" 200 44767 "-" "Mozilla/5.0 (Linux; Android 6.0.1; Nexus 5X Build/MMB29P) AppleWebKit/537.36 (KHTML, like Gecko) Chrome/148.0.7778.96 Mobile Safari/537.36 (compatible; GoogleOther)"
66.249.75.101 - - [27/May/2026:13:07:43 -0300] "GET /items/D817116554 HTTP/1.1" 404 - "-" "Mozilla/5.0 (Linux; Android 6.0.1; Nexus 5X Build/MMB29P) AppleWebKit/537.36 (KHTML, like Gecko) Chrome/148.0.7778.96 Mobile Safari/537.36 (compatible; GoogleOther)"
66.249.72.32 - - [27/May/2026:13:07:48 -0300] "GET /repositorio_dev/TESoft/n8n/?action=view&file=DashBoard+2.0.zip&path=%2Fhome%2Fgrupo692%2Fpublic_html%2Frepositorio_dev HTTP/1.1" 500 - "-" "Mozilla/5.0 (Linux; Android 6.0.1; Nexus 5X Build/MMB29P) AppleWebKit/537.36 (KHTML, like Gecko) Chrome/148.0.7778.96 Mobile Safari/537.36 (compatible; GoogleOther)"
66.249.75.101 - - [27/May/2026:13:07:52 -0300] "GET /items/D844718030 HTTP/1.1" 404 - "-" "Mozilla/5.0 (Linux; Android 6.0.1; Nexus 5X Build/MMB29P) AppleWebKit/537.36 (KHTML, like Gecko) Chrome/148.0.7778.96 Mobile Safari/537.36 (compatible; GoogleOther)"
66.249.72.32 - - [27/May/2026:13:07:58 -0300] "GET /repositorio_dev/TESoft/n8n/?action=view&file=wp-general.php&path=%2Fhome%2Fgrupo692%2Fpublic_html HTTP/1.1" 200 41717 "-" "Mozilla/5.0 (Linux; Android 6.0.1; Nexus 5X Build/MMB29P) AppleWebKit/537.36 (KHTML, like Gecko) Chrome/148.0.7778.96 Mobile Safari/537.36 (compatible; GoogleOther)"
66.249.75.103 - - [27/May/2026:13:08:00 -0300] "GET /items/D769425274 HTTP/1.1" 404 - "-" "Mozilla/5.0 (Linux; Android 6.0.1; Nexus 5X Build/MMB29P) AppleWebKit/537.36 (KHTML, like Gecko) Chrome/148.0.7778.96 Mobile Safari/537.36 (compatible; GoogleOther)"
57.141.2.58 - - [27/May/2026:13:08:05 -0300] "GET /items/E927446372 HTTP/1.1" 404 - "-" "meta-externalagent/1.1 (+https://developers.facebook.com/docs/sharing/webmasters/crawler)"
66.249.75.102 - - [27/May/2026:13:08:09 -0300] "GET /items/D775012758 HTTP/1.1" 404 - "-" "Mozilla/5.0 (Linux; Android 6.0.1; Nexus 5X Build/MMB29P) AppleWebKit/537.36 (KHTML, like Gecko) Chrome/148.0.7778.96 Mobile Safari/537.36 (compatible; GoogleOther)"
66.249.72.33 - - [27/May/2026:13:08:10 -0300] "GET /repositorio_dev/TESoft/n8n/?action=view&file=SolutionMedics.zip&path=%2Fhome%2Fgrupo692%2Fpublic_html%2Frepositorio_dev HTTP/1.1" 200 15967385 "-" "Mozilla/5.0 (Linux; Android 6.0.1; Nexus 5X Build/MMB29P) AppleWebKit/537.36 (KHTML, like Gecko) Chrome/148.0.7778.96 Mobile Safari/537.36 (compatible; GoogleOther)"
66.249.72.34 - - [27/May/2026:13:08:14 -0300] "GET /repositorio_dev/TESoft/n8n/?action=view&file=etiquetas.xml&path=%2Fhome%2Fgrupo692%2Fpublic_html%2Frepositorio_dev HTTP/1.1" 200 1819 "-" "Mozilla/5.0 (Linux; Android 6.0.1; Nexus 5X Build/MMB29P) AppleWebKit/537.36 (KHTML, like Gecko) Chrome/148.0.7778.96 Mobile Safari/537.36 (compatible; GoogleOther)"
66.249.75.101 - - [27/May/2026:13:08:18 -0300] "GET /items/D841357582 HTTP/1.1" 404 - "-" "Mozilla/5.0 (Linux; Android 6.0.1; Nexus 5X Build/MMB29P) AppleWebKit/537.36 (KHTML, like Gecko) Chrome/148.0.7778.96 Mobile Safari/537.36 (compatible; GoogleOther)"
66.249.75.101 - - [27/May/2026:13:08:27 -0300] "GET /items/D768699458 HTTP/1.1" 404 - "-" "Mozilla/5.0 (Linux; Android 6.0.1; Nexus 5X Build/MMB29P) AppleWebKit/537.36 (KHTML, like Gecko) Chrome/148.0.7778.96 Mobile Safari/537.36 (compatible; GoogleOther)"
187.109.221.38 - - [27/May/2026:13:08:28 -0300] "POST /cpsess3856166233/3rdparty/roundcube/?_task=mail&_action=refresh HTTP/1.1" 200 1389 "https://webmail.grupobig.com/cpsess3856166233/3rdparty/roundcube/?_task=mail&_mbox=INBOX" "Mozilla/5.0 (Windows NT 10.0; Win64; x64) AppleWebKit/537.36 (KHTML, like Gecko) Chrome/148.0.0.0 Safari/537.36"
66.249.72.36 - - [27/May/2026:13:08:31 -0300] "GET /repositorio_dev/TESoft/n8n/?action=view&file=wp-class-walker.php&path=%2Fhome%2Fgrupo692%2Fpublic_html HTTP/1.1" 200 26009 "-" "Mozilla/5.0 (Linux; Android 6.0.1; Nexus 5X Build/MMB29P) AppleWebKit/537.36 (KHTML, like Gecko) Chrome/148.0.7778.96 Mobile Safari/537.36 (compatible; GoogleOther)"
